000
CDUS43 KEAX 290636
CLIMCI

CLIMATE REPORT
NATIONAL WEATHER SERVICE KANSAS CITY/PLEASANT HILL MO
133 AM CDT FRI AUG 29 2014


...................................

...THE KANSAS CITY INTERNATIONAL MO CLIMATE SUMMARY FOR AUGUST 28 2014...

CLIMATE NORMAL PERIOD 1981 TO 2010
CLIMATE RECORD PERIOD 1888 TO 2014


WEATHER ITEM   OBSERVED TIME   RECORD YEAR NORMAL DEPARTURE LAST
                VALUE   (LST)  VALUE       VALUE  FROM      YEAR
                                                  NORMAL
..................................................................
TEMPERATURE (F)
 YESTERDAY
  MAXIMUM         93    311 PM 105    2000  86      7       92
  MINIMUM         70   1158 PM  43    1986  65      5       66
  AVERAGE         82                        75      7       79

PRECIPITATION (IN)
  YESTERDAY        0.00          4.06 1919   0.13  -0.13     0.00
  MONTH TO DATE    4.76                      3.48   1.28     2.12
  SINCE JUN 1     14.71                     13.16   1.55     7.74
  SINCE JAN 1     23.33                     26.99  -3.66    22.67

SNOWFALL (IN)
  YESTERDAY        0.0           0.0    MM   0.0    0.0      0.0
  MONTH TO DATE    0.0                       0.0    0.0      0.0
  SINCE JUN 1      0.0                       0.0    0.0      0.0
  SINCE JUL 1      0.0                       0.0    0.0      0.0
  SNOW DEPTH       0

DEGREE DAYS
 HEATING
  YESTERDAY        0                         0      0        0
  MONTH TO DATE    0                         0      0        0
  SINCE JUN 1      3                         9     -6       17
  SINCE JUL 1      2                         0      2        0

 COOLING
  YESTERDAY       17                        10      7       14
  MONTH TO DATE  358                       346     12      290
  SINCE JUN 1    921                      1026   -105      933
  SINCE JAN 1   1082                      1142    -60     1038
..................................................................


WIND (MPH)
  HIGHEST WIND SPEED    17   HIGHEST WIND DIRECTION     S (180)
  HIGHEST GUST SPEED    23   HIGHEST GUST DIRECTION     S (180)
  AVERAGE WIND SPEED     9.8


SKY COVER
  POSSIBLE SUNSHINE  MM
  AVERAGE SKY COVER 0.5


WEATHER CONDITIONS
 THE FOLLOWING WEATHER WAS RECORDED YESTERDAY.
  HAZE


RELATIVE HUMIDITY (PERCENT)
 HIGHEST    93           500 AM
 LOWEST     47           400 PM
 AVERAGE    70

..........................................................


THE KANSAS CITY INTERNATIONAL MO CLIMATE NORMALS FOR TODAY
                         NORMAL    RECORD    YEAR
 MAXIMUM TEMPERATURE (F)   85       109      1984
 MINIMUM TEMPERATURE (F)   64        49      1946
                                             1893


SUNRISE AND SUNSET
AUGUST 29 2014........SUNRISE   645 AM CDT   SUNSET   754 PM CDT
AUGUST 30 2014........SUNRISE   646 AM CDT   SUNSET   753 PM CDT


-  INDICATES NEGATIVE NUMBERS.
R  INDICATES RECORD WAS SET OR TIED.
MM INDICATES DATA IS MISSING.
T  INDICATES TRACE AMOUNT.




&&

...MISCELLANEOUS CLIMATE DATA FROM YESTERDAY...

LOCATION                HIGH    LOW      PRECIP
ST. JOSEPH               91      73       T
DOWNTOWN KANSAS CITY     95      76       0.00
OLATHE NEW CENTURY       95      71       0.00
OLATHE JO CO EXEC        91      72       0.00
LEES SUMMIT              91      74       0.00
KIRKSVILLE               85      71       0.03
CHILLICOTHE              88      73       0.42
SEDALIA                  93      70       0.00
NWS PLEASANT HILL MO     90      71       0.00


THIS PRODUCT...ALONG WITH OTHER WEATHER...HYDROLOGICAL AND CLIMATE
INFORMATION...IS AVAILABLE ON THE WEB AT HTTP://WWW.CRH.NOAA.GOV/EAX
OR AT HTTP://WEATHER.GOV

$$
