359
CDUS43 KEAX 190633
CLIMCI

CLIMATE REPORT
NATIONAL WEATHER SERVICE KANSAS CITY/PLEASANT HILL MO
132 AM CDT MON JUN 19 2017


...................................

...THE KANSAS CITY INTERNATIONAL MO CLIMATE SUMMARY FOR JUNE 18 2017...

CLIMATE NORMAL PERIOD 1981 TO 2010
CLIMATE RECORD PERIOD 1888 TO 2017


WEATHER ITEM   OBSERVED TIME   RECORD YEAR NORMAL DEPARTURE LAST
                VALUE   (LST)  VALUE       VALUE  FROM      YEAR
                                                  NORMAL
..................................................................
TEMPERATURE (F)
 YESTERDAY
  MAXIMUM         81    245 PM 104    1953  84     -3       89
  MINIMUM         64   1159 PM  52    2000  65     -1       70
                                      1912
  AVERAGE         73                        74     -1       80

PRECIPITATION (IN)
  YESTERDAY        0.08          2.35 1983   0.18  -0.10     0.00
  MONTH TO DATE    2.92                      3.19  -0.27     0.29
  SINCE JUN 1      2.92                      3.19  -0.27     0.29
  SINCE JAN 1     19.19                     17.02   2.17    20.82

SNOWFALL (IN)
  YESTERDAY        0.0           0.0    MM   0.0    0.0      0.0
  MONTH TO DATE    0.0                       0.0    0.0      0.0
  SINCE JUN 1      0.0                       0.0    0.0      0.0
  SINCE JUL 1      4.9                      18.8  -13.9      5.9
  SNOW DEPTH       0

DEGREE DAYS
 HEATING
  YESTERDAY        0                         0      0        0
  MONTH TO DATE    0                         7     -7        0
  SINCE JUN 1      0                         7     -7        0
  SINCE JUL 1   4146                      5131   -985     4162

 COOLING
  YESTERDAY        8                        10     -2       15
  MONTH TO DATE  205                       134     71      221
  SINCE JUN 1    205                       134     71      221
  SINCE JAN 1    316                       250     66      292
..................................................................


WIND (MPH)
  HIGHEST WIND SPEED    21   HIGHEST WIND DIRECTION    NW (310)
  HIGHEST GUST SPEED    31   HIGHEST GUST DIRECTION    NW (300)
  AVERAGE WIND SPEED     9.1


SKY COVER
  POSSIBLE SUNSHINE  MM
  AVERAGE SKY COVER 0.3


WEATHER CONDITIONS
 THE FOLLOWING WEATHER WAS RECORDED YESTERDAY.
  THUNDERSTORM
  RAIN
  LIGHT RAIN


RELATIVE HUMIDITY (PERCENT)
 HIGHEST    93           600 AM
 LOWEST     37           500 PM
 AVERAGE    65

..........................................................


THE KANSAS CITY INTERNATIONAL MO CLIMATE NORMALS FOR TODAY
                         NORMAL    RECORD    YEAR
 MAXIMUM TEMPERATURE (F)   85       107      1936
 MINIMUM TEMPERATURE (F)   65        49      1976


SUNRISE AND SUNSET
JUNE 19 2017..........SUNRISE   552 AM CDT   SUNSET   849 PM CDT
JUNE 20 2017..........SUNRISE   552 AM CDT   SUNSET   849 PM CDT


-  INDICATES NEGATIVE NUMBERS.
R  INDICATES RECORD WAS SET OR TIED.
MM INDICATES DATA IS MISSING.
T  INDICATES TRACE AMOUNT.


&&

...MISCELLANEOUS CLIMATE DATA FROM YESTERDAY...

LOCATION                HIGH    LOW      PRECIP
ST. JOSEPH               82      64       0.01
DOWNTOWN KANSAS CITY     83      67       0.16
OLATHE NEW CENTURY       81      61       0.17
OLATHE JO CO EXEC        81      63       0.18
LEES SUMMIT              81      65       0.20
KIRKSVILLE               80      62       T
CHILLICOTHE              81      61       0.02
SEDALIA                  81      64       0.33
NWS PLEASANT HILL MO     81      65       0.11


THIS PRODUCT...ALONG WITH OTHER WEATHER...HYDROLOGICAL AND CLIMATE
INFORMATION...IS AVAILABLE ON THE WEB AT HTTP://WWW.WEATHER.GOV/EAX
OR AT HTTP://WEATHER.GOV

$$
