000
CDUS43 KEAX 120634
CLIMCI

CLIMATE REPORT
NATIONAL WEATHER SERVICE KANSAS CITY/PLEASANT HILL MO
132 AM CDT FRI MAY 12 2017


...................................

...THE KANSAS CITY INTERNATIONAL MO CLIMATE SUMMARY FOR MAY 11 2017...

CLIMATE NORMAL PERIOD 1981 TO 2010
CLIMATE RECORD PERIOD 1888 TO 2017


WEATHER ITEM   OBSERVED TIME   RECORD YEAR NORMAL DEPARTURE LAST
                VALUE   (LST)  VALUE       VALUE  FROM      YEAR
                                                  NORMAL
..................................................................
TEMPERATURE (F)
 YESTERDAY
  MAXIMUM         67    537 PM  92    1962  73     -6       75
  MINIMUM         58   1159 PM  34    1981  53      5       57
  AVERAGE         63                        63      0       66

PRECIPITATION (IN)
  YESTERDAY        T             2.60 1929   0.17  -0.17     1.35
  MONTH TO DATE    0.89                      1.84  -0.95     2.46
  SINCE MAR 1     10.34                      7.91   2.43    12.33
  SINCE JAN 1     11.79                     10.44   1.35    13.49

SNOWFALL (IN)
  YESTERDAY        0.0           T    2005   0.0    0.0      0.0
  MONTH TO DATE    0.0                       0.0    0.0      0.0
  SINCE MAR 1      0.4                       2.6   -2.2      0.6
  SINCE JUL 1      4.9                      18.8  -13.9      5.9
  SNOW DEPTH       0

DEGREE DAYS
 HEATING
  YESTERDAY        2                         4     -2        0
  MONTH TO DATE   62                        55      7       42
  SINCE MAR 1    845                      1030   -185      727
  SINCE JUL 1   4099                      5075   -976     4084

 COOLING
  YESTERDAY        0                         2     -2        1
  MONTH TO DATE   21                        16      5       12
  SINCE MAR 1     54                        44     10       26
  SINCE JAN 1     54                        44     10       26
..................................................................


WIND (MPH)
  HIGHEST WIND SPEED    21   HIGHEST WIND DIRECTION     N (20)
  HIGHEST GUST SPEED    25   HIGHEST GUST DIRECTION    NE (40)
  AVERAGE WIND SPEED    10.1


SKY COVER
  POSSIBLE SUNSHINE  MM
  AVERAGE SKY COVER 1.0


WEATHER CONDITIONS
 THE FOLLOWING WEATHER WAS RECORDED YESTERDAY.
  LIGHT RAIN
  FOG


RELATIVE HUMIDITY (PERCENT)
 HIGHEST    97           900 AM
 LOWEST     73           200 PM
 AVERAGE    85

..........................................................


THE KANSAS CITY INTERNATIONAL MO CLIMATE NORMALS FOR TODAY
                         NORMAL    RECORD    YEAR
 MAXIMUM TEMPERATURE (F)   74        93      1962
 MINIMUM TEMPERATURE (F)   53        33      2013


SUNRISE AND SUNSET
MAY 12 2017...........SUNRISE   608 AM CDT   SUNSET   823 PM CDT
MAY 13 2017...........SUNRISE   607 AM CDT   SUNSET   824 PM CDT


-  INDICATES NEGATIVE NUMBERS.
R  INDICATES RECORD WAS SET OR TIED.
MM INDICATES DATA IS MISSING.
T  INDICATES TRACE AMOUNT.


&&

...MISCELLANEOUS CLIMATE DATA FROM YESTERDAY...

LOCATION                HIGH    LOW      PRECIP
ST. JOSEPH               73      57       0.12
DOWNTOWN KANSAS CITY     70      61       0.01
OLATHE NEW CENTURY       69      61       0.03
OLATHE JO CO EXEC        67      61       0.01
LEES SUMMIT              67      59       0.01
KIRKSVILLE               68      53       0.00
CHILLICOTHE              72      56       0.00
SEDALIA                  69      62       0.04
NWS PLEASANT HILL MO     69      61       0.01


THIS PRODUCT...ALONG WITH OTHER WEATHER...HYDROLOGICAL AND CLIMATE
INFORMATION...IS AVAILABLE ON THE WEB AT HTTP://WWW.WEATHER.GOV/EAX
OR AT HTTP://WEATHER.GOV

$$
