000
CDUS43 KEAX 240648
CLIMCI

CLIMATE REPORT
NATIONAL WEATHER SERVICE KANSAS CITY/PLEASANT HILL MO
145 AM CDT WED JUN 24 2015


...................................

...THE KANSAS CITY INTERNATIONAL MO CLIMATE SUMMARY FOR JUNE 23 2015...

CLIMATE NORMAL PERIOD 1981 TO 2010
CLIMATE RECORD PERIOD 1888 TO 2015


WEATHER ITEM   OBSERVED TIME   RECORD YEAR NORMAL DEPARTURE LAST
                VALUE   (LST)  VALUE       VALUE  FROM      YEAR
                                                  NORMAL
..................................................................
TEMPERATURE (F)
 YESTERDAY
  MAXIMUM         79   1212 AM 108    1934  86     -7       81
  MINIMUM         64    150 PM  55    2004  66     -2       66
                                      1936
                                      1889
  AVERAGE         72                        76     -4       74

PRECIPITATION (IN)
  YESTERDAY        0.66          2.42 1976   0.17   0.49      T
  MONTH TO DATE    5.87                      4.06   1.81     6.41
  SINCE JUN 1      5.87                      4.06   1.81     6.41
  SINCE JAN 1     22.47                     17.89   4.58    15.03

SNOWFALL (IN)
  YESTERDAY        0.0           0.0    MM   0.0    0.0      0.0
  MONTH TO DATE    0.0                       0.0    0.0      0.0
  SINCE JUN 1      0.0                       0.0    0.0      0.0
  SINCE JUL 1     14.2                      18.8   -4.6     26.2
  SNOW DEPTH       0

DEGREE DAYS
 HEATING
  YESTERDAY        0                         0      0        0
  MONTH TO DATE    3                         7     -4        1
  SINCE JUN 1      3                         7     -4        1
  SINCE JUL 1   5119                      5131    -12     5786

 COOLING
  YESTERDAY        7                        11     -4        9
  MONTH TO DATE  228                       186     42      195
  SINCE JUN 1    228                       186     42      195
  SINCE JAN 1    296                       302     -6      356
..................................................................


WIND (MPH)
  HIGHEST WIND SPEED    23   HIGHEST WIND DIRECTION    SE (140)
  HIGHEST GUST SPEED    28   HIGHEST GUST DIRECTION    SE (150)
  AVERAGE WIND SPEED     9.5


SKY COVER
  POSSIBLE SUNSHINE  MM
  AVERAGE SKY COVER 0.7


WEATHER CONDITIONS
 THE FOLLOWING WEATHER WAS RECORDED YESTERDAY.
  THUNDERSTORM
  LIGHT RAIN
  FOG


RELATIVE HUMIDITY (PERCENT)
 HIGHEST   100           300 PM
 LOWEST     56          1100 AM
 AVERAGE    78

..........................................................


THE KANSAS CITY INTERNATIONAL MO CLIMATE NORMALS FOR TODAY
                         NORMAL    RECORD    YEAR
 MAXIMUM TEMPERATURE (F)   86       103      1988
 MINIMUM TEMPERATURE (F)   66        51      1961


SUNRISE AND SUNSET
JUNE 24 2015..........SUNRISE   553 AM CDT   SUNSET   849 PM CDT
JUNE 25 2015..........SUNRISE   553 AM CDT   SUNSET   849 PM CDT


-  INDICATES NEGATIVE NUMBERS.
R  INDICATES RECORD WAS SET OR TIED.
MM INDICATES DATA IS MISSING.
T  INDICATES TRACE AMOUNT.



&&

...MISCELLANEOUS CLIMATE DATA FROM YESTERDAY...

LOCATION                HIGH    LOW      PRECIP
ST. JOSEPH               79      65       0.08
DOWNTOWN KANSAS CITY     83      68       0.15
OLATHE NEW CENTURY       81      68       0.00
OLATHE JO CO EXEC        82      67       0.00
LEES SUMMIT              81      66       0.12
KIRKSVILLE               80      62       0.00
CHILLICOTHE              81      65       0.01
SEDALIA                  82      67       0.18
NWS PLEASANT HILL MO     80      65       0.20


THIS PRODUCT...ALONG WITH OTHER WEATHER...HYDROLOGICAL AND CLIMATE
INFORMATION...IS AVAILABLE ON THE WEB AT HTTP://WWW.CRH.NOAA.GOV/EAX
OR AT HTTP://WEATHER.GOV

$$
