000
CDUS43 KEAX 270635
CLIMCI

CLIMATE REPORT
NATIONAL WEATHER SERVICE KANSAS CITY/PLEASANT HILL MO
134 AM CDT WED MAY 27 2015


...................................

...THE KANSAS CITY INTERNATIONAL MO CLIMATE SUMMARY FOR MAY 26 2015...

CLIMATE NORMAL PERIOD 1981 TO 2010
CLIMATE RECORD PERIOD 1888 TO 2015


WEATHER ITEM   OBSERVED TIME   RECORD YEAR NORMAL DEPARTURE LAST
                VALUE   (LST)  VALUE       VALUE  FROM      YEAR
                                                  NORMAL
..................................................................
TEMPERATURE (F)
 YESTERDAY
  MAXIMUM         77    459 PM  92    1985  78     -1       81
  MINIMUM         59    523 AM  42    1992  57      2       65
  AVERAGE         68                        68      0       73

PRECIPITATION (IN)
  YESTERDAY        0.41          3.35 1996   0.16   0.25     0.22
  MONTH TO DATE    9.71                      4.39   5.32     1.28
  SINCE MAR 1     13.88                     10.46   3.42     6.82
  SINCE JAN 1     16.06                     12.99   3.07     8.57

SNOWFALL (IN)
  YESTERDAY        0.0           0.0    MM   0.0    0.0      0.0
  MONTH TO DATE    0.0                       0.0    0.0      0.0
  SINCE MAR 1      T                         2.6   -2.6      3.6
  SINCE JUL 1     14.2                      18.8   -4.6     26.2
  SNOW DEPTH       0

DEGREE DAYS
 HEATING
  YESTERDAY        0                         2     -2        0
  MONTH TO DATE   89                        97     -8      113
  SINCE MAR 1    895                      1072   -177     1219
  SINCE JUL 1   5109                      5117     -8     5785

 COOLING
  YESTERDAY        3                         4     -1        8
  MONTH TO DATE   52                        63    -11       98
  SINCE MAR 1     61                        91    -30      107
  SINCE JAN 1     61                        91    -30      107
..................................................................


WIND (MPH)
  HIGHEST WIND SPEED    25   HIGHEST WIND DIRECTION    SW (230)
  HIGHEST GUST SPEED    32   HIGHEST GUST DIRECTION     W (250)
  AVERAGE WIND SPEED    11.2


SKY COVER
  POSSIBLE SUNSHINE  MM
  AVERAGE SKY COVER 0.5


WEATHER CONDITIONS
 THE FOLLOWING WEATHER WAS RECORDED YESTERDAY.
  RAIN
  LIGHT RAIN
  FOG
  HAZE


RELATIVE HUMIDITY (PERCENT)
 HIGHEST    97           300 AM
 LOWEST     60           100 PM
 AVERAGE    79

..........................................................


THE KANSAS CITY INTERNATIONAL MO CLIMATE NORMALS FOR TODAY
                         NORMAL    RECORD    YEAR
 MAXIMUM TEMPERATURE (F)   78        94      2006
 MINIMUM TEMPERATURE (F)   58        38      1992


SUNRISE AND SUNSET
MAY 27 2015...........SUNRISE   557 AM CDT   SUNSET   836 PM CDT
MAY 28 2015...........SUNRISE   556 AM CDT   SUNSET   837 PM CDT


-  INDICATES NEGATIVE NUMBERS.
R  INDICATES RECORD WAS SET OR TIED.
MM INDICATES DATA IS MISSING.
T  INDICATES TRACE AMOUNT.



&&

...MISCELLANEOUS CLIMATE DATA FROM YESTERDAY...

LOCATION                HIGH    LOW      PRECIP
ST. JOSEPH               77      61       0.49
DOWNTOWN KANSAS CITY     80      62       0.18
OLATHE NEW CENTURY       80      60       0.13
OLATHE JO CO EXEC        78      60       0.24
LEES SUMMIT              79      60       0.52
KIRKSVILLE               78      60       0.06
CHILLICOTHE              78      62       0.68
SEDALIA                  78      64       0.02
NWS PLEASANT HILL MO     79      59       0.43


THIS PRODUCT...ALONG WITH OTHER WEATHER...HYDROLOGICAL AND CLIMATE
INFORMATION...IS AVAILABLE ON THE WEB AT HTTP://WWW.CRH.NOAA.GOV/EAX
OR AT HTTP://WEATHER.GOV

$$

73
