000
CDUS43 KEAX 121234
CLIMCI

CLIMATE REPORT
NATIONAL WEATHER SERVICE KANSAS CITY/PLEASANT HILL MO
733 AM CDT FRI SEP 12 2014


...................................

...THE KANSAS CITY INTERNATIONAL MO CLIMATE SUMMARY FOR SEPTEMBER 12 2014...
VALID AS OF 0700 AM LOCAL TIME.

CLIMATE NORMAL PERIOD 1981 TO 2010
CLIMATE RECORD PERIOD 1888 TO 2014


WEATHER ITEM   OBSERVED TIME   RECORD YEAR NORMAL DEPARTURE LAST
                VALUE   (LST)  VALUE       VALUE  FROM      YEAR
                                                  NORMAL
..................................................................
TEMPERATURE (F)
 TODAY
  MAXIMUM         54    125 AM 103    1956  81    -27       88
  MINIMUM         52    559 AM  45    1975  59     -7       66
  AVERAGE         53                        70    -17       77

PRECIPITATION (IN)
  TODAY            0.00          8.82 1977   0.15  -0.15     0.04
  MONTH TO DATE    2.08                      1.85   0.23     0.85
  SINCE SEP 1      2.08                      1.85   0.23     0.85
  SINCE JAN 1     28.07                     29.25  -1.18    23.52

SNOWFALL (IN)
  TODAY            0.0           0.0    MM   0.0    0.0      0.0
  MONTH TO DATE    0.0                       0.0    0.0      0.0
  SINCE SEP 1      0.0                       0.0    0.0      0.0
  SINCE JUL 1      0.0                       0.0    0.0      0.0
  SNOW DEPTH       0

DEGREE DAYS
 HEATING
  TODAY           12                         1     11        0
  MONTH TO DATE   18                         7     11        0
  SINCE SEP 1     18                         7     11        0
  SINCE JUL 1     20                         9     11        0

 COOLING
  TODAY            0                         6     -6       12
  MONTH TO DATE   78                        91    -13      160
  SINCE SEP 1     78                        91    -13      160
  SINCE JAN 1   1197                      1264    -67     1254
..................................................................


WIND (MPH)
  HIGHEST WIND SPEED    14   HIGHEST WIND DIRECTION     N (360)
  HIGHEST GUST SPEED    17   HIGHEST GUST DIRECTION     N (360)
  AVERAGE WIND SPEED     9.2


SKY COVER
  POSSIBLE SUNSHINE  MM
  AVERAGE SKY COVER 1.0


WEATHER CONDITIONS
 THE FOLLOWING WEATHER WAS RECORDED TODAY.
  NO SIGNIFICANT WEATHER WAS OBSERVED.


RELATIVE HUMIDITY (PERCENT)
 HIGHEST    89           500 AM
 LOWEST     77          1200 AM
 AVERAGE    83

..........................................................


THE KANSAS CITY INTERNATIONAL MO CLIMATE NORMALS FOR TOMORROW
                         NORMAL    RECORD    YEAR
 MAXIMUM TEMPERATURE (F)   80       101      1893
 MINIMUM TEMPERATURE (F)   59        39      1890


SUNRISE AND SUNSET
SEPTEMBER 12 2014.....SUNRISE   657 AM CDT   SUNSET   732 PM CDT
SEPTEMBER 13 2014.....SUNRISE   658 AM CDT   SUNSET   730 PM CDT


-  INDICATES NEGATIVE NUMBERS.
R  INDICATES RECORD WAS SET OR TIED.
MM INDICATES DATA IS MISSING.
T  INDICATES TRACE AMOUNT.




&&

...MISCELLANEOUS CLIMATE DATA FROM TODAY...

LOCATION                HIGH    LOW      PRECIP
ST. JOSEPH               54      52       0.00
DOWNTOWN KANSAS CITY     56      55       0.00
OLATHE NEW CENTURY       55      53       0.00
OLATHE JO CO EXEC        54      53       0.00
LEES SUMMIT              55      53       0.00
KIRKSVILLE               50      47       0.00
CHILLICOTHE              55      51       0.00
SEDALIA                  56      53       0.00
NWS PLEASANT HILL MO     53      52       0.00


THIS PRODUCT...ALONG WITH OTHER WEATHER...HYDROLOGICAL AND CLIMATE
INFORMATION...IS AVAILABLE ON THE WEB AT HTTP://WWW.CRH.NOAA.GOV/EAX
OR AT HTTP://WEATHER.GOV

$$

PM
