000
CDUS43 KEAX 050642
CLIMCI

CLIMATE REPORT
NATIONAL WEATHER SERVICE KANSAS CITY/PLEASANT HILL MO
142 AM CDT SUN NOV 5 2017


...................................

...THE KANSAS CITY INTERNATIONAL MO CLIMATE SUMMARY FOR NOVEMBER 4 2017...

CLIMATE NORMAL PERIOD 1981 TO 2010
CLIMATE RECORD PERIOD 1888 TO 2017


WEATHER ITEM   OBSERVED TIME   RECORD YEAR NORMAL DEPARTURE LAST
                VALUE   (LST)  VALUE       VALUE  FROM      YEAR
                                                  NORMAL
..................................................................
TEMPERATURE (F)
 YESTERDAY
  MAXIMUM         51   1159 PM  81    1978  59     -8       73
  MINIMUM         45    821 AM   7    1991  40      5       49
  AVERAGE         48                        49     -1       61

PRECIPITATION (IN)
  YESTERDAY        0.00          1.65 1956   0.08  -0.08     0.00
  MONTH TO DATE    0.01                      0.33  -0.32     0.29
  SINCE SEP 1      7.68                      8.11  -0.43     7.81
  SINCE JAN 1     45.57                     35.51  10.06    47.24

SNOWFALL (IN)
  YESTERDAY        0.0           0.4  1974   0.0    0.0      0.0
  MONTH TO DATE    0.0                       0.1   -0.1      0.0
  SINCE SEP 1      T                         0.3   -0.3      0.0
  SINCE JUL 1      T                         0.3   -0.3      0.0
  SNOW DEPTH       0

DEGREE DAYS
 HEATING
  YESTERDAY       17                        16      1        4
  MONTH TO DATE   80                        60     20        4
  SINCE SEP 1    357                       418    -61      169
  SINCE JUL 1    361                       420    -59      169

 COOLING
  YESTERDAY        0                         0      0        0
  MONTH TO DATE    0                         0      0        7
  SINCE SEP 1    247                       185     62      282
  SINCE JAN 1   1325                      1358    -33     1579
..................................................................


WIND (MPH)
  HIGHEST WIND SPEED    12   HIGHEST WIND DIRECTION    SW (230)
  HIGHEST GUST SPEED    14   HIGHEST GUST DIRECTION    SW (230)
  AVERAGE WIND SPEED     4.9


SKY COVER
  POSSIBLE SUNSHINE  MM
  AVERAGE SKY COVER 1.0


WEATHER CONDITIONS
 THE FOLLOWING WEATHER WAS RECORDED YESTERDAY.
  FOG
  HAZE


RELATIVE HUMIDITY (PERCENT)
 HIGHEST    93           500 AM
 LOWEST     77           400 PM
 AVERAGE    85

..........................................................


THE KANSAS CITY INTERNATIONAL MO CLIMATE NORMALS FOR TODAY
                         NORMAL    RECORD    YEAR
 MAXIMUM TEMPERATURE (F)   59        79      1924
                                             1916
 MINIMUM TEMPERATURE (F)   39        16      1982


SUNRISE AND SUNSET
NOVEMBER  5 2017......SUNRISE   652 AM CST   SUNSET   513 PM CST
NOVEMBER  6 2017......SUNRISE   653 AM CST   SUNSET   512 PM CST


-  INDICATES NEGATIVE NUMBERS.
R  INDICATES RECORD WAS SET OR TIED.
MM INDICATES DATA IS MISSING.
T  INDICATES TRACE AMOUNT.


&&

...MISCELLANEOUS CLIMATE DATA FROM YESTERDAY...

LOCATION                HIGH    LOW      PRECIP
ST. JOSEPH               52      45       0.00
DOWNTOWN KANSAS CITY     54      47       0.00
OLATHE NEW CENTURY       50      43       0.00
OLATHE JO CO EXEC        50      43       0.00
LEES SUMMIT              53      45       0.00
KIRKSVILLE               56      42       0.00
CHILLICOTHE              54      47       0.00
SEDALIA                  58      50       0.00
NWS PLEASANT HILL MO     53      45       0.00


THIS PRODUCT...ALONG WITH OTHER WEATHER...HYDROLOGICAL AND CLIMATE
INFORMATION...IS AVAILABLE ON THE WEB AT HTTP://WWW.WEATHER.GOV/EAX
OR AT HTTP://WEATHER.GOV

$$

JL
