000
CDUS43 KEAX 100634
CLIMCI

CLIMATE REPORT
NATIONAL WEATHER SERVICE KANSAS CITY/PLEASANT HILL MO
1233 AM CST WED JAN 10 2018


...................................

...THE KANSAS CITY INTERNATIONAL MO CLIMATE SUMMARY FOR JANUARY 9 2018...

CLIMATE NORMAL PERIOD 1981 TO 2010
CLIMATE RECORD PERIOD 1888 TO 2018


WEATHER ITEM   OBSERVED TIME   RECORD YEAR NORMAL DEPARTURE LAST
                VALUE   (LST)  VALUE       VALUE  FROM      YEAR
                                                  NORMAL
..................................................................
TEMPERATURE (F)
 YESTERDAY
  MAXIMUM         44    306 PM  64    1902  38      6       46
  MINIMUM         29    353 AM -10    1977  20      9       21
  AVERAGE         37                        28      9       34

PRECIPITATION (IN)
  YESTERDAY        0.00          1.07 1929   0.03  -0.03     0.00
  MONTH TO DATE    0.18                      0.29  -0.11     0.38
  SINCE DEC 1      0.37                      1.82  -1.45     1.57
  SINCE JAN 1      0.18                      0.29  -0.11     0.38

SNOWFALL (IN)
  YESTERDAY        0.0           9.5  1993   0.2   -0.2      0.0
  MONTH TO DATE    0.0                       1.3   -1.3      2.2
  SINCE DEC 1      2.2                       6.1   -3.9      4.5
  SINCE JUL 1      2.2                       7.5   -5.3      4.5
  SNOW DEPTH       0

DEGREE DAYS
 HEATING
  YESTERDAY       28                        36     -8       31
  MONTH TO DATE  399                       324     75      389
  SINCE DEC 1   1410                      1364     46     1462
  SINCE JUL 1   2290                      2366    -76     2046

 COOLING
  YESTERDAY        0                         0      0        0
  MONTH TO DATE    0                         0      0        0
  SINCE DEC 1      0                         0      0        0
  SINCE JAN 1      0                         0      0        0
..................................................................


WIND (MPH)
  HIGHEST WIND SPEED    20   HIGHEST WIND DIRECTION     S (160)
  HIGHEST GUST SPEED    24   HIGHEST GUST DIRECTION    SE (150)
  AVERAGE WIND SPEED    11.9


SKY COVER
  POSSIBLE SUNSHINE  MM
  AVERAGE SKY COVER 0.7


WEATHER CONDITIONS
 THE FOLLOWING WEATHER WAS RECORDED YESTERDAY.
  FOG
  HAZE


RELATIVE HUMIDITY (PERCENT)
 HIGHEST   100          1000 PM
 LOWEST     62           100 PM
 AVERAGE    81

..........................................................


THE KANSAS CITY INTERNATIONAL MO CLIMATE NORMALS FOR TODAY
                         NORMAL    RECORD    YEAR
 MAXIMUM TEMPERATURE (F)   38        65      1911
 MINIMUM TEMPERATURE (F)   19       -17      1982


SUNRISE AND SUNSET
JANUARY 10 2018.......SUNRISE   738 AM CST   SUNSET   515 PM CST
JANUARY 11 2018.......SUNRISE   738 AM CST   SUNSET   516 PM CST


-  INDICATES NEGATIVE NUMBERS.
R  INDICATES RECORD WAS SET OR TIED.
MM INDICATES DATA IS MISSING.
T  INDICATES TRACE AMOUNT.


&&

...MISCELLANEOUS CLIMATE DATA FROM YESTERDAY...

LOCATION                HIGH    LOW      PRECIP
ST. JOSEPH               46      21       0.00
DOWNTOWN KANSAS CITY     45      30       0.00
OLATHE NEW CENTURY       43      28       0.00
OLATHE JO CO EXEC        40      29       0.00
LEES SUMMIT              41      32       0.00
KIRKSVILLE               41      25       0.00
CHILLICOTHE              39      26       0.00
SEDALIA                  42      26       0.00
NWS PLEASANT HILL MO     38      29       0.00


THIS PRODUCT...ALONG WITH OTHER WEATHER...HYDROLOGICAL AND CLIMATE
INFORMATION...IS AVAILABLE ON THE WEB AT HTTP://WWW.WEATHER.GOV/EAX
OR AT HTTP://WEATHER.GOV

$$

CDB
