000
CDUS43 KEAX 202223
CLIMCI

CLIMATE REPORT
NATIONAL WEATHER SERVICE KANSAS CITY/PLEASANT HILL MO
422 PM CST SUN NOV 20 2016


...................................

...THE KANSAS CITY INTERNATIONAL MO CLIMATE SUMMARY FOR NOVEMBER 20 2016...
VALID AS OF 0400 PM LOCAL TIME.

CLIMATE NORMAL PERIOD 1981 TO 2010
CLIMATE RECORD PERIOD 1888 TO 2016


WEATHER ITEM   OBSERVED TIME   RECORD YEAR NORMAL DEPARTURE LAST
                VALUE   (LST)  VALUE       VALUE  FROM      YEAR
                                                  NORMAL
..................................................................
TEMPERATURE (F)
 TODAY
  MAXIMUM         50    259 PM  79    1897  51     -1       51
  MINIMUM         28    710 AM   8    1937  32     -4       32
  AVERAGE         39                        41     -2       42

PRECIPITATION (IN)
  TODAY            0.00          2.03 1973   0.07  -0.07     0.05
  MONTH TO DATE    0.31                      1.49  -1.18     1.73
  SINCE SEP 1      7.83                      9.27  -1.44     8.74
  SINCE JAN 1     47.26                     36.67  10.59    40.65

SNOWFALL (IN)
  TODAY            0.0           0.9  1926   0.0    0.0      0.0
  MONTH TO DATE    0.0                       0.5   -0.5      0.0
  SINCE SEP 1      0.0                       0.7   -0.7      0.0
  SINCE JUL 1      0.0                       0.7   -0.7      0.0
  SNOW DEPTH       0

DEGREE DAYS
 HEATING
  TODAY           26                        24      2       23
  MONTH TO DATE  221                       379   -158      250
  SINCE SEP 1    386                       737   -351      496
  SINCE JUL 1    386                       739   -353      499

 COOLING
  TODAY            0                         0      0        0
  MONTH TO DATE   13                         0     13        0
  SINCE SEP 1    288                       185    103      295
  SINCE JAN 1   1585                      1358    227     1370
..................................................................


WIND (MPH)
  HIGHEST WIND SPEED    18   HIGHEST WIND DIRECTION    SE (120)
  HIGHEST GUST SPEED    23   HIGHEST GUST DIRECTION    SE (150)
  AVERAGE WIND SPEED    10.0


SKY COVER
  POSSIBLE SUNSHINE  MM
  AVERAGE SKY COVER 0.2


WEATHER CONDITIONS
 THE FOLLOWING WEATHER WAS RECORDED TODAY.
  NO SIGNIFICANT WEATHER WAS OBSERVED.


RELATIVE HUMIDITY (PERCENT)
 HIGHEST    69           700 AM
 LOWEST     37          1100 AM
 AVERAGE    53

..........................................................


THE KANSAS CITY INTERNATIONAL MO CLIMATE NORMALS FOR TOMORROW
                         NORMAL    RECORD    YEAR
 MAXIMUM TEMPERATURE (F)   50        78      1966
 MINIMUM TEMPERATURE (F)   31         5      1937


SUNRISE AND SUNSET
NOVEMBER 20 2016......SUNRISE   709 AM CST   SUNSET   500 PM CST
NOVEMBER 21 2016......SUNRISE   710 AM CST   SUNSET   500 PM CST


-  INDICATES NEGATIVE NUMBERS.
R  INDICATES RECORD WAS SET OR TIED.
MM INDICATES DATA IS MISSING.
T  INDICATES TRACE AMOUNT.


&&

...MISCELLANEOUS CLIMATE DATA FROM TODAY...

LOCATION                HIGH    LOW      PRECIP
ST. JOSEPH               49      20       0.00
DOWNTOWN KANSAS CITY     52      26       0.00
OLATHE NEW CENTURY       52      25       0.00
OLATHE JO CO EXEC        50      27       0.00
LEES SUMMIT              50      28       0.00
KIRKSVILLE               44      20       0.00
CHILLICOTHE              45      22       0.00
SEDALIA                  51      25       0.00
NWS PLEASANT HILL MO     51      27       0.00


THIS PRODUCT...ALONG WITH OTHER WEATHER...HYDROLOGICAL AND CLIMATE
INFORMATION...IS AVAILABLE ON THE WEB AT HTTP://WWW.WEATHER.GOV/EAX
OR AT HTTP://WEATHER.GOV

$$
