000
CDUS43 KEAX 190645
CLIMCI

CLIMATE REPORT
NATIONAL WEATHER SERVICE KANSAS CITY/PLEASANT HILL MO
144 AM CDT THU MAY 19 2016


...................................

...THE KANSAS CITY INTERNATIONAL MO CLIMATE SUMMARY FOR MAY 18 2016...

CLIMATE NORMAL PERIOD 1981 TO 2010
CLIMATE RECORD PERIOD 1888 TO 2016


WEATHER ITEM   OBSERVED TIME   RECORD YEAR NORMAL DEPARTURE LAST
                VALUE   (LST)  VALUE       VALUE  FROM      YEAR
                                                  NORMAL
..................................................................
TEMPERATURE (F)
 YESTERDAY
  MAXIMUM         69    303 PM  91    1997  75     -6       68
                                      1962
  MINIMUM         46   1238 AM  39    1915  55     -9       49
  AVERAGE         58                        65     -7       59

PRECIPITATION (IN)
  YESTERDAY        0.00          3.21 1974   0.17  -0.17     0.00
  MONTH TO DATE    3.56                      3.03   0.53     5.29
  SINCE MAR 1     13.43                      9.10   4.33     9.46
  SINCE JAN 1     14.59                     11.63   2.96    11.64

SNOWFALL (IN)
  YESTERDAY        0.0           0.0    MM   0.0    0.0      0.0
  MONTH TO DATE    0.0                       0.0    0.0      0.0
  SINCE MAR 1      0.6                       2.6   -2.0       T
  SINCE JUL 1      5.9                      18.8  -12.9     14.2
  SNOW DEPTH       0

DEGREE DAYS
 HEATING
  YESTERDAY        7                         3      4        6
  MONTH TO DATE  106                        79     27       39
  SINCE MAR 1    791                      1054   -263      845
  SINCE JUL 1   4148                      5099   -951     5059

 COOLING
  YESTERDAY        0                         3     -3        0
  MONTH TO DATE   12                        34    -22       44
  SINCE MAR 1     26                        62    -36       53
  SINCE JAN 1     26                        62    -36       53
..................................................................


WIND (MPH)
  HIGHEST WIND SPEED    12   HIGHEST WIND DIRECTION    SE (130)
  HIGHEST GUST SPEED    14   HIGHEST GUST DIRECTION     E (100)
  AVERAGE WIND SPEED     4.4


SKY COVER
  POSSIBLE SUNSHINE  MM
  AVERAGE SKY COVER 0.5


WEATHER CONDITIONS
 THE FOLLOWING WEATHER WAS RECORDED YESTERDAY.
  FOG


RELATIVE HUMIDITY (PERCENT)
 HIGHEST    93           400 AM
 LOWEST     42           300 PM
 AVERAGE    68

..........................................................


THE KANSAS CITY INTERNATIONAL MO CLIMATE NORMALS FOR TODAY
                         NORMAL    RECORD    YEAR
 MAXIMUM TEMPERATURE (F)   76        95      2006
 MINIMUM TEMPERATURE (F)   55        39      1894


SUNRISE AND SUNSET
MAY 19 2016...........SUNRISE   602 AM CDT   SUNSET   830 PM CDT
MAY 20 2016...........SUNRISE   601 AM CDT   SUNSET   831 PM CDT


-  INDICATES NEGATIVE NUMBERS.
R  INDICATES RECORD WAS SET OR TIED.
MM INDICATES DATA IS MISSING.
T  INDICATES TRACE AMOUNT.


&&

...MISCELLANEOUS CLIMATE DATA FROM YESTERDAY...

LOCATION                HIGH    LOW      PRECIP
ST. JOSEPH               69      46       0.00
DOWNTOWN KANSAS CITY     70      49       0.00
OLATHE NEW CENTURY       68      44       0.00
OLATHE JO CO EXEC        66      43       0.00
LEES SUMMIT              68      45       0.00
KIRKSVILLE               68      41       0.00
CHILLICOTHE              71      46       0.00
SEDALIA                  69      45       0.00
NWS PLEASANT HILL MO     68      44       0.00


THIS PRODUCT...ALONG WITH OTHER WEATHER...HYDROLOGICAL AND CLIMATE
INFORMATION...IS AVAILABLE ON THE WEB AT HTTP://WWW.WEATHER.GOV/EAX
OR AT HTTP://WEATHER.GOV

$$
