000
CDUS43 KEAX 210634
CLIMCI

CLIMATE REPORT
NATIONAL WEATHER SERVICE KANSAS CITY/PLEASANT HILL MO
1233 AM CST WED JAN 21 2015


...................................

...THE KANSAS CITY INTERNATIONAL MO CLIMATE SUMMARY FOR JANUARY 20 2015...

CLIMATE NORMAL PERIOD 1981 TO 2010
CLIMATE RECORD PERIOD 1888 TO 2015


WEATHER ITEM   OBSERVED TIME   RECORD YEAR NORMAL DEPARTURE LAST
                VALUE   (LST)  VALUE       VALUE  FROM      YEAR
                                                  NORMAL
..................................................................
TEMPERATURE (F)
 YESTERDAY
  MAXIMUM         52    408 PM  69    1906  38     14       50
  MINIMUM         33    720 AM -14    1985  19     14       18
  AVERAGE         43                        29     14       34

PRECIPITATION (IN)
  YESTERDAY        0.00          2.02 1916   0.04  -0.04      T
  MONTH TO DATE    0.12                      0.64  -0.52     0.36
  SINCE DEC 1      1.95                      2.17  -0.22     1.16
  SINCE JAN 1      0.12                      0.64  -0.52     0.36

SNOWFALL (IN)
  YESTERDAY        0.0           4.3  1959   0.1   -0.1       T
  MONTH TO DATE    1.6                       2.8   -1.2      5.1
  SINCE DEC 1      4.2                       7.6   -3.4     10.8
  SINCE JUL 1      4.7                       9.0   -4.3     10.8
  SNOW DEPTH       0

DEGREE DAYS
 HEATING
  YESTERDAY       22                        36    -14       31
  MONTH TO DATE  751                       720     31      778
  SINCE DEC 1   1694                      1760    -66     1910
  SINCE JUL 1   2815                      2762     53     2975

 COOLING
  YESTERDAY        0                         0      0        0
  MONTH TO DATE    0                         0      0        0
  SINCE DEC 1      0                         0      0        0
  SINCE JAN 1      0                         0      0        0
..................................................................


WIND (MPH)
  HIGHEST WIND SPEED    16   HIGHEST WIND DIRECTION     W (280)
  HIGHEST GUST SPEED    20   HIGHEST GUST DIRECTION     W (270)
  AVERAGE WIND SPEED     7.6


SKY COVER
  POSSIBLE SUNSHINE  MM
  AVERAGE SKY COVER 0.3


WEATHER CONDITIONS
 THE FOLLOWING WEATHER WAS RECORDED YESTERDAY.
  HAZE


RELATIVE HUMIDITY (PERCENT)
 HIGHEST    75           700 AM
 LOWEST     41           400 PM
 AVERAGE    58

..........................................................


THE KANSAS CITY INTERNATIONAL MO CLIMATE NORMALS FOR TODAY
                         NORMAL    RECORD    YEAR
 MAXIMUM TEMPERATURE (F)   38        71      1957
 MINIMUM TEMPERATURE (F)   19        -6      1935


SUNRISE AND SUNSET
JANUARY 21 2015.......SUNRISE   734 AM CST   SUNSET   526 PM CST
JANUARY 22 2015.......SUNRISE   734 AM CST   SUNSET   528 PM CST


-  INDICATES NEGATIVE NUMBERS.
R  INDICATES RECORD WAS SET OR TIED.
MM INDICATES DATA IS MISSING.
T  INDICATES TRACE AMOUNT.




&&

...MISCELLANEOUS CLIMATE DATA FROM YESTERDAY...

LOCATION                HIGH    LOW      PRECIP
ST. JOSEPH               53      21       0.00
DOWNTOWN KANSAS CITY     53      31       0.00
OLATHE NEW CENTURY       51      31       0.00
OLATHE JO CO EXEC        51      33       0.00
LEES SUMMIT              51      33       0.00
KIRKSVILLE               50      27       0.00
CHILLICOTHE              52      26       0.00
SEDALIA                  50      36       0.00
NWS PLEASANT HILL MO     49      34       0.00


THIS PRODUCT...ALONG WITH OTHER WEATHER...HYDROLOGICAL AND CLIMATE
INFORMATION...IS AVAILABLE ON THE WEB AT HTTP://WWW.CRH.NOAA.GOV/EAX
OR AT HTTP://WEATHER.GOV

$$

CDB
