000
CDUS43 KEAX 190032
CLIMCI

CLIMATE REPORT
NATIONAL WEATHER SERVICE KANSAS CITY/PLEASANT HILL MO
731 PM CDT SAT OCT 18 2014


...................................

...THE KANSAS CITY INTERNATIONAL MO CLIMATE SUMMARY FOR OCTOBER 18 2014...
VALID TODAY AS OF 0700 PM LOCAL TIME.

CLIMATE NORMAL PERIOD 1981 TO 2010
CLIMATE RECORD PERIOD 1888 TO 2014


WEATHER ITEM   OBSERVED TIME   RECORD YEAR NORMAL DEPARTURE LAST
                VALUE   (LST)  VALUE       VALUE  FROM      YEAR
                                                  NORMAL
..................................................................
TEMPERATURE (F)
 TODAY
  MAXIMUM         63    424 PM  87    1950  66     -3       44
  MINIMUM         40    656 AM  28    1972  45     -5       36
  AVERAGE         52                        56     -4       40

PRECIPITATION (IN)
  TODAY            0.00          1.15 1979   0.10  -0.10     0.39
  MONTH TO DATE    8.97                      1.98   6.99     2.79
  SINCE SEP 1     11.22                      6.60   4.62     7.63
  SINCE JAN 1     37.21                     34.00   3.21    30.30

SNOWFALL (IN)
  TODAY            0.0           1.0  1898   0.0    0.0      0.0
  MONTH TO DATE    0.0                       0.1   -0.1      0.0
  SINCE SEP 1      0.0                       0.1   -0.1      0.0
  SINCE JUL 1      0.0                       0.1   -0.1      0.0
  SNOW DEPTH       0

DEGREE DAYS
 HEATING
  TODAY           13                        10      3       25
  MONTH TO DATE  146                       136     10      125
  SINCE SEP 1    211                       201     10      144
  SINCE JUL 1    213                       203     10      144

 COOLING
  TODAY            0                         1     -1        0
  MONTH TO DATE    7                        23    -16       28
  SINCE SEP 1    137                       182    -45      251
  SINCE JAN 1   1256                      1355    -99     1345
..................................................................


WIND (MPH)
  HIGHEST WIND SPEED    13   HIGHEST WIND DIRECTION    NE (30)
  HIGHEST GUST SPEED    15   HIGHEST GUST DIRECTION     N (360)
  AVERAGE WIND SPEED     6.4


SKY COVER
  POSSIBLE SUNSHINE  MM
  AVERAGE SKY COVER 0.2


WEATHER CONDITIONS
 THE FOLLOWING WEATHER WAS RECORDED TODAY.
  NO SIGNIFICANT WEATHER WAS OBSERVED.


RELATIVE HUMIDITY (PERCENT)
 HIGHEST   100           600 AM
 LOWEST     48           400 PM
 AVERAGE    74

..........................................................


THE KANSAS CITY INTERNATIONAL MO CLIMATE NORMALS FOR TOMORROW
                         NORMAL    RECORD    YEAR
 MAXIMUM TEMPERATURE (F)   66        87      1963
 MINIMUM TEMPERATURE (F)   45        21      1972


SUNRISE AND SUNSET
OCTOBER 18 2014.......SUNRISE   732 AM CDT   SUNSET   636 PM CDT
OCTOBER 19 2014.......SUNRISE   733 AM CDT   SUNSET   634 PM CDT


-  INDICATES NEGATIVE NUMBERS.
R  INDICATES RECORD WAS SET OR TIED.
MM INDICATES DATA IS MISSING.
T  INDICATES TRACE AMOUNT.




&&

...MISCELLANEOUS CLIMATE DATA FROM TODAY...

LOCATION                HIGH    LOW      PRECIP
ST. JOSEPH               64      35       0.00
DOWNTOWN KANSAS CITY     64      43       0.00
OLATHE NEW CENTURY       62      40       0.00
OLATHE JO CO EXEC        64      44       0.00
LEES SUMMIT              63      42       0.00
KIRKSVILLE               59      41       0.00
CHILLICOTHE              63      43       0.00
SEDALIA                  65      43       0.00
NWS PLEASANT HILL MO     62      42       0.00


THIS PRODUCT...ALONG WITH OTHER WEATHER...HYDROLOGICAL AND CLIMATE
INFORMATION...IS AVAILABLE ON THE WEB AT HTTP://WWW.CRH.NOAA.GOV/EAX
OR AT HTTP://WEATHER.GOV

$$

JW
