000
CDUS43 KEAX 122140
CLIMCI

CLIMATE REPORT
NATIONAL WEATHER SERVICE KANSAS CITY/PLEASANT HILL MO
439 PM CDT FRI MAY 12 2017


...................................

...THE KANSAS CITY INTERNATIONAL MO CLIMATE SUMMARY FOR MAY 12 2017...
VALID AS OF 0400 PM LOCAL TIME.

CLIMATE NORMAL PERIOD 1981 TO 2010
CLIMATE RECORD PERIOD 1888 TO 2017


WEATHER ITEM   OBSERVED TIME   RECORD YEAR NORMAL DEPARTURE LAST
                VALUE   (LST)  VALUE       VALUE  FROM      YEAR
                                                  NORMAL
..................................................................
TEMPERATURE (F)
 TODAY
  MAXIMUM         74    244 PM  93    1962  74      0       70
  MINIMUM         50    530 AM  33    2013  53     -3       50
  AVERAGE         62                        63     -1       60

PRECIPITATION (IN)
  TODAY            0.00          2.50 2010   0.17  -0.17     0.00
  MONTH TO DATE    0.89                      2.01  -1.12     2.46
  SINCE MAR 1     10.34                      8.08   2.26    12.33
  SINCE JAN 1     11.79                     10.61   1.18    13.49

SNOWFALL (IN)
  TODAY            0.0           0.0    MM   0.0    0.0      0.0
  MONTH TO DATE    0.0                       0.0    0.0      0.0
  SINCE MAR 1      0.4                       2.6   -2.2      0.6
  SINCE JUL 1      4.9                      18.8  -13.9      5.9
  SNOW DEPTH       0

DEGREE DAYS
 HEATING
  TODAY            3                         4     -1        5
  MONTH TO DATE   65                        59      6       47
  SINCE MAR 1    848                      1034   -186      732
  SINCE JUL 1   4102                      5079   -977     4089

 COOLING
  TODAY            0                         2     -2        0
  MONTH TO DATE   21                        18      3       12
  SINCE MAR 1     54                        46      8       26
  SINCE JAN 1     54                        46      8       26
..................................................................


WIND (MPH)
  HIGHEST WIND SPEED    17   HIGHEST WIND DIRECTION    NE (30)
  HIGHEST GUST SPEED    25   HIGHEST GUST DIRECTION    NE (30)
  AVERAGE WIND SPEED    11.8


SKY COVER
  POSSIBLE SUNSHINE  MM
  AVERAGE SKY COVER 0.2


WEATHER CONDITIONS
 THE FOLLOWING WEATHER WAS RECORDED TODAY.
  NO SIGNIFICANT WEATHER WAS OBSERVED.


RELATIVE HUMIDITY (PERCENT)
 HIGHEST    86          1200 AM
 LOWEST     35           100 PM
 AVERAGE    61

..........................................................


THE KANSAS CITY INTERNATIONAL MO CLIMATE NORMALS FOR TOMORROW
                         NORMAL    RECORD    YEAR
 MAXIMUM TEMPERATURE (F)   74        90      1962
                                             1956
                                             1940
 MINIMUM TEMPERATURE (F)   53        36      1997


SUNRISE AND SUNSET
MAY 12 2017...........SUNRISE   608 AM CDT   SUNSET   823 PM CDT
MAY 13 2017...........SUNRISE   607 AM CDT   SUNSET   824 PM CDT


-  INDICATES NEGATIVE NUMBERS.
R  INDICATES RECORD WAS SET OR TIED.
MM INDICATES DATA IS MISSING.
T  INDICATES TRACE AMOUNT.


&&

...MISCELLANEOUS CLIMATE DATA FROM TODAY...

LOCATION                HIGH    LOW      PRECIP
ST. JOSEPH               76      50       0.00
DOWNTOWN KANSAS CITY     76      57       0.00
OLATHE NEW CENTURY       73      53       0.00
OLATHE JO CO EXEC        73      55       0.00
LEES SUMMIT              74      55       0.00
KIRKSVILLE               74      51       0.00
CHILLICOTHE              75      53       0.00
SEDALIA                  77      56       0.00
NWS PLEASANT HILL MO     74      56       0.00


THIS PRODUCT...ALONG WITH OTHER WEATHER...HYDROLOGICAL AND CLIMATE
INFORMATION...IS AVAILABLE ON THE WEB AT HTTP://WWW.WEATHER.GOV/EAX
OR AT HTTP://WEATHER.GOV

$$

JL
