000
CDUS43 KEAX 140635
CLIMCI

CLIMATE REPORT
NATIONAL WEATHER SERVICE KANSAS CITY/PLEASANT HILL MO
134 AM CDT MON APR 14 2014


...................................

...THE KANSAS CITY INTERNATIONAL MO CLIMATE SUMMARY FOR APRIL 13 2014...

CLIMATE NORMAL PERIOD 1981 TO 2010
CLIMATE RECORD PERIOD 1888 TO 2014


WEATHER ITEM   OBSERVED TIME   RECORD YEAR NORMAL DEPARTURE LAST
                VALUE   (LST)  VALUE       VALUE  FROM      YEAR
                                                  NORMAL
..................................................................
TEMPERATURE (F)
 YESTERDAY
  MAXIMUM         69   1143 AM  92    2006  65      4       62
  MINIMUM         36   1159 PM  22    1950  43     -7       32
  AVERAGE         53                        54     -1       47

PRECIPITATION (IN)
  YESTERDAY        0.65          1.36 1987   0.12   0.53     0.00
  MONTH TO DATE    1.22                      1.36  -0.14     2.15
  SINCE MAR 1      2.83                      3.73  -0.90     4.10
  SINCE JAN 1      4.58                      6.26  -1.68     6.99

SNOWFALL (IN)
  YESTERDAY        0.0           2.0  1933   0.0    0.0      0.0
  MONTH TO DATE    0.0                       0.4   -0.4      0.0
  SINCE MAR 1      3.4                       2.4    1.0      6.1
  SINCE JUL 1     26.0                      18.6    7.4     31.3
  SNOW DEPTH       0

DEGREE DAYS
 HEATING
  YESTERDAY       12                        12      0       18
  MONTH TO DATE  174                       176     -2      208
  SINCE MAR 1    939                       822    117     1044
  SINCE JUL 1   5505                      4867    638     4776

 COOLING
  YESTERDAY        0                         1     -1        0
  MONTH TO DATE    6                         7     -1        0
  SINCE MAR 1      6                        10     -4        0
  SINCE JAN 1      6                        10     -4        0
..................................................................


WIND (MPH)
  HIGHEST WIND SPEED    29   HIGHEST WIND DIRECTION     S (180)
  HIGHEST GUST SPEED    39   HIGHEST GUST DIRECTION     W (260)
  AVERAGE WIND SPEED    15.9


SKY COVER
  POSSIBLE SUNSHINE  MM
  AVERAGE SKY COVER 0.9


WEATHER CONDITIONS
 THE FOLLOWING WEATHER WAS RECORDED YESTERDAY.
  THUNDERSTORM
  HEAVY RAIN
  RAIN
  LIGHT RAIN
  HAIL
  FOG
  HAZE


RELATIVE HUMIDITY (PERCENT)
 HIGHEST    93           400 PM
 LOWEST     58           200 AM
 AVERAGE    76

..........................................................


THE KANSAS CITY INTERNATIONAL MO CLIMATE NORMALS FOR TODAY
                         NORMAL    RECORD    YEAR
 MAXIMUM TEMPERATURE (F)   65        92      1972
 MINIMUM TEMPERATURE (F)   44        25      1928


SUNRISE AND SUNSET
APRIL 14 2014.........SUNRISE   643 AM CDT   SUNSET   756 PM CDT
APRIL 15 2014.........SUNRISE   642 AM CDT   SUNSET   757 PM CDT


-  INDICATES NEGATIVE NUMBERS.
R  INDICATES RECORD WAS SET OR TIED.
MM INDICATES DATA IS MISSING.
T  INDICATES TRACE AMOUNT.



&&

...MISCELLANEOUS CLIMATE DATA FROM YESTERDAY...

LOCATION                HIGH    LOW      PRECIP
ST. JOSEPH               73      34       0.64
DOWNTOWN KANSAS CITY     72      39       0.91
OLATHE NEW CENTURY       70      36       0.95
OLATHE JO CO EXEC        69      36       0.78
LEES SUMMIT              73      38       1.05
KIRKSVILLE               72      42       0.55
CHILLICOTHE              70      41       0.96
SEDALIA                  73      45       0.99
NWS PLEASANT HILL MO     70      38       1.26


THIS PRODUCT...ALONG WITH OTHER WEATHER...HYDROLOGICAL AND CLIMATE
INFORMATION...IS AVAILABLE ON THE WEB AT HTTP://WWW.CRH.NOAA.GOV/EAX
OR AT HTTP://WEATHER.GOV

$$
