857
CDUS43 KEAX 110632
CLIMCI

CLIMATE REPORT
NATIONAL WEATHER SERVICE KANSAS CITY/PLEASANT HILL MO
132 AM CDT FRI AUG 11 2017


...................................

...THE KANSAS CITY INTERNATIONAL MO CLIMATE SUMMARY FOR AUGUST 10 2017...

CLIMATE NORMAL PERIOD 1981 TO 2010
CLIMATE RECORD PERIOD 1888 TO 2017


WEATHER ITEM   OBSERVED TIME   RECORD YEAR NORMAL DEPARTURE LAST
                VALUE   (LST)  VALUE       VALUE  FROM      YEAR
                                                  NORMAL
..................................................................
TEMPERATURE (F)
 YESTERDAY
  MAXIMUM         85    326 PM 111    1934  88     -3       96
  MINIMUM         68    555 AM  58    2004  68      0       74
                                      1991
                                      1982
  AVERAGE         77                        78     -1       85

PRECIPITATION (IN)
  YESTERDAY        0.00          2.11 1921   0.12  -0.12     0.00
  MONTH TO DATE    2.15                      1.20   0.95     0.21
  SINCE JUN 1     13.58                     10.88   2.70     9.95
  SINCE JAN 1     29.85                     24.71   5.14    30.48

SNOWFALL (IN)
  YESTERDAY        0.0           0.0    MM   0.0    0.0      0.0
  MONTH TO DATE    0.0                       0.0    0.0      0.0
  SINCE JUN 1      0.0                       0.0    0.0      0.0
  SINCE JUL 1      0.0                       0.0    0.0      0.0
  SNOW DEPTH       0

DEGREE DAYS
 HEATING
  YESTERDAY        0                         0      0        0
  MONTH TO DATE    4                         0      4        0
  SINCE JUN 1      5                         9     -4        0
  SINCE JUL 1      4                         0      4        0

 COOLING
  YESTERDAY       12                        13     -1       20
  MONTH TO DATE   62                       131    -69      142
  SINCE JUN 1    807                       811     -4      987
  SINCE JAN 1    918                       927     -9     1058
..................................................................


WIND (MPH)
  HIGHEST WIND SPEED    13   HIGHEST WIND DIRECTION     N (20)
  HIGHEST GUST SPEED    15   HIGHEST GUST DIRECTION     N (20)
  AVERAGE WIND SPEED     4.6


SKY COVER
  POSSIBLE SUNSHINE  MM
  AVERAGE SKY COVER 0.8


WEATHER CONDITIONS
 THE FOLLOWING WEATHER WAS RECORDED YESTERDAY.
  FOG
  HAZE


RELATIVE HUMIDITY (PERCENT)
 HIGHEST   100           600 AM
 LOWEST     65           200 PM
 AVERAGE    83

..........................................................


THE KANSAS CITY INTERNATIONAL MO CLIMATE NORMALS FOR TODAY
                         NORMAL    RECORD    YEAR
 MAXIMUM TEMPERATURE (F)   88       107      1934
 MINIMUM TEMPERATURE (F)   68        55      2004


SUNRISE AND SUNSET
AUGUST 11 2017........SUNRISE   628 AM CDT   SUNSET   819 PM CDT
AUGUST 12 2017........SUNRISE   629 AM CDT   SUNSET   818 PM CDT


-  INDICATES NEGATIVE NUMBERS.
R  INDICATES RECORD WAS SET OR TIED.
MM INDICATES DATA IS MISSING.
T  INDICATES TRACE AMOUNT.


&&

...MISCELLANEOUS CLIMATE DATA FROM YESTERDAY...

LOCATION                HIGH    LOW      PRECIP
ST. JOSEPH               85      62       0.04
DOWNTOWN KANSAS CITY     87      72       0.23
OLATHE NEW CENTURY       85      67       0.00
OLATHE JO CO EXEC        85      68       0.00
LEES SUMMIT              86      69       0.39
KIRKSVILLE               90      61       0.00
CHILLICOTHE              89      64       0.00
SEDALIA                  87      69       T
NWS PLEASANT HILL MO     89      68       0.05


THIS PRODUCT...ALONG WITH OTHER WEATHER...HYDROLOGICAL AND CLIMATE
INFORMATION...IS AVAILABLE ON THE WEB AT HTTP://WWW.WEATHER.GOV/EAX
OR AT HTTP://WEATHER.GOV

$$
