000
CDUS43 KEAX 240635
CLIMCI

CLIMATE REPORT
NATIONAL WEATHER SERVICE KANSAS CITY/PLEASANT HILL MO
133 AM CDT TUE MAR 24 2015


...................................

...THE KANSAS CITY INTERNATIONAL MO CLIMATE SUMMARY FOR MARCH 23 2015...

CLIMATE NORMAL PERIOD 1981 TO 2010
CLIMATE RECORD PERIOD 1888 TO 2015


WEATHER ITEM   OBSERVED TIME   RECORD YEAR NORMAL DEPARTURE LAST
                VALUE   (LST)  VALUE       VALUE  FROM      YEAR
                                                  NORMAL
..................................................................
TEMPERATURE (F)
 YESTERDAY
  MAXIMUM         59    347 PM  87    1910  58      1       41
  MINIMUM         35    704 AM  15    1974  36     -1       20
  AVERAGE         47                        47      0       31

PRECIPITATION (IN)
  YESTERDAY        0.12          2.20 1912   0.08   0.04     0.01
  MONTH TO DATE    0.49                      1.65  -1.16     1.35
  SINCE MAR 1      0.49                      1.65  -1.16     1.35
  SINCE JAN 1      2.67                      4.18  -1.51     3.10

SNOWFALL (IN)
  YESTERDAY        0.0          20.5  1912   0.0    0.0       T
  MONTH TO DATE    T                         1.6   -1.6      3.2
  SINCE MAR 1      T                         1.6   -1.6      3.2
  SINCE JUL 1     14.2                      17.8   -3.6     25.8
  SNOW DEPTH       0

DEGREE DAYS
 HEATING
  YESTERDAY       18                        18      0       34
  MONTH TO DATE  422                       512    -90      605
  SINCE MAR 1    422                       512    -90      605
  SINCE JUL 1   4636                      4557     79     5171

 COOLING
  YESTERDAY        0                         0      0        0
  MONTH TO DATE    2                         0      2        0
  SINCE MAR 1      2                         0      2        0
  SINCE JAN 1      2                         0      2        0
..................................................................


WIND (MPH)
  HIGHEST WIND SPEED    23   HIGHEST WIND DIRECTION     E (90)
  HIGHEST GUST SPEED    26   HIGHEST GUST DIRECTION     E (90)
  AVERAGE WIND SPEED    10.9


SKY COVER
  POSSIBLE SUNSHINE  MM
  AVERAGE SKY COVER 0.8


WEATHER CONDITIONS
 THE FOLLOWING WEATHER WAS RECORDED YESTERDAY.
  THUNDERSTORM
  LIGHT RAIN
  HAIL
  FOG


RELATIVE HUMIDITY (PERCENT)
 HIGHEST    82           600 AM
 LOWEST     47           200 PM
 AVERAGE    65

..........................................................


THE KANSAS CITY INTERNATIONAL MO CLIMATE NORMALS FOR TODAY
                         NORMAL    RECORD    YEAR
 MAXIMUM TEMPERATURE (F)   58        87      1929
 MINIMUM TEMPERATURE (F)   36        13      1965


SUNRISE AND SUNSET
MARCH 24 2015.........SUNRISE   716 AM CDT   SUNSET   735 PM CDT
MARCH 25 2015.........SUNRISE   715 AM CDT   SUNSET   736 PM CDT


-  INDICATES NEGATIVE NUMBERS.
R  INDICATES RECORD WAS SET OR TIED.
MM INDICATES DATA IS MISSING.
T  INDICATES TRACE AMOUNT.




&&

...MISCELLANEOUS CLIMATE DATA FROM YESTERDAY...

LOCATION                HIGH    LOW      PRECIP
ST. JOSEPH               59      34       0.08
DOWNTOWN KANSAS CITY     62      40       T
OLATHE NEW CENTURY       59      40       0.00
OLATHE JO CO EXEC        59      39       0.00
LEES SUMMIT              60      41       0.00
KIRKSVILLE               49      35       0.01
CHILLICOTHE              57      37       0.01
SEDALIA                  60      42       0.00
NWS PLEASANT HILL MO     59      34       0.00


THIS PRODUCT...ALONG WITH OTHER WEATHER...HYDROLOGICAL AND CLIMATE
INFORMATION...IS AVAILABLE ON THE WEB AT HTTP://WWW.CRH.NOAA.GOV/EAX
OR AT HTTP://WEATHER.GOV

$$

MJ
