000
CDUS43 KEAX 080649
CLIMCI

CLIMATE REPORT
NATIONAL WEATHER SERVICE KANSAS CITY/PLEASANT HILL MO
1246 AM CST MON FEB 8 2016


...................................

...THE KANSAS CITY INTERNATIONAL MO CLIMATE SUMMARY FOR FEBRUARY 7 2016...

CLIMATE NORMAL PERIOD 1981 TO 2010
CLIMATE RECORD PERIOD 1888 TO 2016


WEATHER ITEM   OBSERVED TIME   RECORD YEAR NORMAL DEPARTURE LAST
                VALUE   (LST)  VALUE       VALUE  FROM      YEAR
                                                  NORMAL
..................................................................
TEMPERATURE (F)
 YESTERDAY
  MAXIMUM         52    335 PM  69    2009  41     11       62
  MINIMUM         36   1159 PM -12    1895  22     14       38
  AVERAGE         44                        31     13       50

PRECIPITATION (IN)
  YESTERDAY        T             0.47 1935   0.05  -0.05     0.00
  MONTH TO DATE    0.40                      0.32   0.08     0.39
  SINCE DEC 1      4.40                      2.92   1.48     3.43
  SINCE JAN 1      1.16                      1.39  -0.23     1.59

SNOWFALL (IN)
  YESTERDAY        0.0           2.7  1933   0.3   -0.3      0.0
  MONTH TO DATE    0.0                       1.5   -1.5      3.3
  SINCE DEC 1      5.3                      10.9   -5.6      8.2
  SINCE JUL 1      5.3                      12.3   -7.0      8.7
  SNOW DEPTH       0

DEGREE DAYS
 HEATING
  YESTERDAY       21                        34    -13       15
  MONTH TO DATE  198                       242    -44      261
  SINCE DEC 1   2065                      2404   -339     2242
  SINCE JUL 1   2812                      3406   -594     3363

 COOLING
  YESTERDAY        0                         0      0        0
  MONTH TO DATE    0                         0      0        0
  SINCE DEC 1      0                         0      0        0
  SINCE JAN 1      0                         0      0        0
..................................................................


WIND (MPH)
  HIGHEST WIND SPEED    28   HIGHEST WIND DIRECTION    NW (320)
  HIGHEST GUST SPEED    40   HIGHEST GUST DIRECTION    NW (310)
  AVERAGE WIND SPEED    16.2


SKY COVER
  POSSIBLE SUNSHINE  MM
  AVERAGE SKY COVER 0.6


WEATHER CONDITIONS
 THE FOLLOWING WEATHER WAS RECORDED YESTERDAY.
  NO SIGNIFICANT WEATHER WAS OBSERVED.


RELATIVE HUMIDITY (PERCENT)
 HIGHEST    75          1000 PM
 LOWEST     31           400 PM
 AVERAGE    53

..........................................................


THE KANSAS CITY INTERNATIONAL MO CLIMATE NORMALS FOR TODAY
                         NORMAL    RECORD    YEAR
 MAXIMUM TEMPERATURE (F)   41        68      1938
 MINIMUM TEMPERATURE (F)   22       -13      1933
                                             1899


SUNRISE AND SUNSET
FEBRUARY  8 2016......SUNRISE   719 AM CST   SUNSET   547 PM CST
FEBRUARY  9 2016......SUNRISE   718 AM CST   SUNSET   548 PM CST


-  INDICATES NEGATIVE NUMBERS.
R  INDICATES RECORD WAS SET OR TIED.
MM INDICATES DATA IS MISSING.
T  INDICATES TRACE AMOUNT.


&&

...MISCELLANEOUS CLIMATE DATA FROM YESTERDAY...

LOCATION                HIGH    LOW      PRECIP
ST. JOSEPH               51      33       T
DOWNTOWN KANSAS CITY     54      39       T
OLATHE NEW CENTURY       52      35       T
OLATHE JO CO EXEC        52      35       T
LEES SUMMIT              52      37       T
KIRKSVILLE               51      33       T
CHILLICOTHE              53      36       0.00
SEDALIA                  53      38       0.00
NWS PLEASANT HILL MO     51      35       T


THIS PRODUCT...ALONG WITH OTHER WEATHER...HYDROLOGICAL AND CLIMATE
INFORMATION...IS AVAILABLE ON THE WEB AT HTTP://WWW.WEATHER.GOV/EAX
OR AT HTTP://WEATHER.GOV

$$
