000
CDUS43 KEAX 050634
CLIMCI

CLIMATE REPORT
NATIONAL WEATHER SERVICE KANSAS CITY/PLEASANT HILL MO
133 AM CDT THU OCT 5 2017


...................................

...THE KANSAS CITY INTERNATIONAL MO CLIMATE SUMMARY FOR OCTOBER 4 2017...

CLIMATE NORMAL PERIOD 1981 TO 2010
CLIMATE RECORD PERIOD 1888 TO 2017


WEATHER ITEM   OBSERVED TIME   RECORD YEAR NORMAL DEPARTURE LAST
                VALUE   (LST)  VALUE       VALUE  FROM      YEAR
                                                  NORMAL
..................................................................
TEMPERATURE (F)
 YESTERDAY
  MAXIMUM         66   1255 AM  92    1938  71     -5       79
  MINIMUM         60   1142 PM  35    1999  50     10       61
                                      1968
  AVERAGE         63                        60      3       70

PRECIPITATION (IN)
  YESTERDAY        0.04          2.83 1998   0.12  -0.08     0.63
  MONTH TO DATE    0.04                      0.50  -0.46     0.63
  SINCE SEP 1      2.84                      5.12  -2.28     5.57
  SINCE JAN 1     40.73                     32.52   8.21    45.00

SNOWFALL (IN)
  YESTERDAY        0.0           0.0    MM   0.0    0.0      0.0
  MONTH TO DATE    0.0                       0.0    0.0      0.0
  SINCE SEP 1      0.0                       0.0    0.0      0.0
  SINCE JUL 1      0.0                       0.0    0.0      0.0
  SNOW DEPTH       0

DEGREE DAYS
 HEATING
  YESTERDAY        2                         6     -4        0
  MONTH TO DATE    2                        23    -21        9
  SINCE SEP 1     18                        88    -70       30
  SINCE JUL 1     22                        90    -68       30

 COOLING
  YESTERDAY        0                         2     -2        5
  MONTH TO DATE   23                         8     15        7
  SINCE SEP 1    228                       167     61      227
  SINCE JAN 1   1306                      1340    -34     1524
..................................................................


WIND (MPH)
  HIGHEST WIND SPEED    20   HIGHEST WIND DIRECTION    NE (30)
  HIGHEST GUST SPEED    23   HIGHEST GUST DIRECTION    NE (30)
  AVERAGE WIND SPEED     9.3


SKY COVER
  POSSIBLE SUNSHINE  MM
  AVERAGE SKY COVER 1.0


WEATHER CONDITIONS
 THE FOLLOWING WEATHER WAS RECORDED YESTERDAY.
  LIGHT RAIN
  FOG


RELATIVE HUMIDITY (PERCENT)
 HIGHEST   100           400 AM
 LOWEST     84          1000 AM
 AVERAGE    92

..........................................................


THE KANSAS CITY INTERNATIONAL MO CLIMATE NORMALS FOR TODAY
                         NORMAL    RECORD    YEAR
 MAXIMUM TEMPERATURE (F)   71        97      1963
 MINIMUM TEMPERATURE (F)   49        34      1988


SUNRISE AND SUNSET
OCTOBER  5 2017.......SUNRISE   719 AM CDT   SUNSET   655 PM CDT
OCTOBER  6 2017.......SUNRISE   720 AM CDT   SUNSET   653 PM CDT


-  INDICATES NEGATIVE NUMBERS.
R  INDICATES RECORD WAS SET OR TIED.
MM INDICATES DATA IS MISSING.
T  INDICATES TRACE AMOUNT.


&&

...MISCELLANEOUS CLIMATE DATA FROM YESTERDAY...

LOCATION                HIGH    LOW      PRECIP
ST. JOSEPH               63      57       0.19
DOWNTOWN KANSAS CITY     72      61       0.32
OLATHE NEW CENTURY       72      61       0.89
OLATHE JO CO EXEC        72      60       0.56
LEES SUMMIT              73      59       1.43
KIRKSVILLE               73      59       0.01
CHILLICOTHE              74      61       0.10
SEDALIA                  73      65       0.73
NWS PLEASANT HILL MO     72      60       0.89


THIS PRODUCT...ALONG WITH OTHER WEATHER...HYDROLOGICAL AND CLIMATE
INFORMATION...IS AVAILABLE ON THE WEB AT HTTP://WWW.WEATHER.GOV/EAX
OR AT HTTP://WEATHER.GOV

$$

CDB
