124
CDUS43 KEAX 220633
CLIMCI

CLIMATE REPORT
NATIONAL WEATHER SERVICE KANSAS CITY/PLEASANT HILL MO
132 AM CDT SUN OCT 22 2017


...................................

...THE KANSAS CITY INTERNATIONAL MO CLIMATE SUMMARY FOR OCTOBER 21 2017...

CLIMATE NORMAL PERIOD 1981 TO 2010
CLIMATE RECORD PERIOD 1888 TO 2017


WEATHER ITEM   OBSERVED TIME   RECORD YEAR NORMAL DEPARTURE LAST
                VALUE   (LST)  VALUE       VALUE  FROM      YEAR
                                                  NORMAL
..................................................................
TEMPERATURE (F)
 YESTERDAY
  MAXIMUM         75    326 PM  89    1978  65     10       62
                                      1940
  MINIMUM         51   1159 PM  24    1987  44      7       36
  AVERAGE         63                        55      8       49

PRECIPITATION (IN)
  YESTERDAY        2.65          4.54 1908   0.10   2.55     0.00
  MONTH TO DATE    4.59                      2.28   2.31     2.48
  SINCE SEP 1      7.39                      6.90   0.49     7.42
  SINCE JAN 1     45.28                     34.30  10.98    46.85

SNOWFALL (IN)
  YESTERDAY        0.0           0.0    MM   0.0    0.0      0.0
  MONTH TO DATE    0.0                       0.1   -0.1      0.0
  SINCE SEP 1      0.0                       0.1   -0.1      0.0
  SINCE JUL 1      0.0                       0.1   -0.1      0.0
  SNOW DEPTH       0

DEGREE DAYS
 HEATING
  YESTERDAY        2                        11     -9       16
  MONTH TO DATE   74                       167    -93      107
  SINCE SEP 1     90                       232   -142      128
  SINCE JUL 1     94                       234   -140      128

 COOLING
  YESTERDAY        0                         0      0        0
  MONTH TO DATE   42                        24     18       41
  SINCE SEP 1    247                       183     64      261
  SINCE JAN 1   1325                      1356    -31     1558
..................................................................


WIND (MPH)
  HIGHEST WIND SPEED    30   HIGHEST WIND DIRECTION     S (190)
  HIGHEST GUST SPEED    42   HIGHEST GUST DIRECTION     S (190)
  AVERAGE WIND SPEED    19.8


SKY COVER
  POSSIBLE SUNSHINE  MM
  AVERAGE SKY COVER 0.8


WEATHER CONDITIONS
 THE FOLLOWING WEATHER WAS RECORDED YESTERDAY.
  THUNDERSTORM
  HEAVY RAIN
  RAIN
  LIGHT RAIN
  FOG


RELATIVE HUMIDITY (PERCENT)
 HIGHEST   100           700 PM
 LOWEST     68           100 PM
 AVERAGE    84

..........................................................


THE KANSAS CITY INTERNATIONAL MO CLIMATE NORMALS FOR TODAY
                         NORMAL    RECORD    YEAR
 MAXIMUM TEMPERATURE (F)   65        87      1963
 MINIMUM TEMPERATURE (F)   44        28      1982


SUNRISE AND SUNSET
OCTOBER 22 2017.......SUNRISE   736 AM CDT   SUNSET   630 PM CDT
OCTOBER 23 2017.......SUNRISE   737 AM CDT   SUNSET   628 PM CDT


-  INDICATES NEGATIVE NUMBERS.
R  INDICATES RECORD WAS SET OR TIED.
MM INDICATES DATA IS MISSING.
T  INDICATES TRACE AMOUNT.


&&

...MISCELLANEOUS CLIMATE DATA FROM YESTERDAY...

LOCATION                HIGH    LOW      PRECIP
ST. JOSEPH               75      52       1.88
DOWNTOWN KANSAS CITY     78      53       0.73
OLATHE NEW CENTURY       75      52       1.89
OLATHE JO CO EXEC        75      51       1.32
LEES SUMMIT              78      52       0.91
KIRKSVILLE               80      61       0.74
CHILLICOTHE              78      53       1.40
SEDALIA                  82      61       0.63
NWS PLEASANT HILL MO     77      52       0.98


THIS PRODUCT...ALONG WITH OTHER WEATHER...HYDROLOGICAL AND CLIMATE
INFORMATION...IS AVAILABLE ON THE WEB AT HTTP://WWW.WEATHER.GOV/EAX
OR AT HTTP://WEATHER.GOV

$$

73
