000
CDUS43 KEAX 050638
CLIMCI

CLIMATE REPORT
NATIONAL WEATHER SERVICE KANSAS CITY/PLEASANT HILL MO
1236 AM CST MON DEC 5 2016


...................................

...THE KANSAS CITY INTERNATIONAL MO CLIMATE SUMMARY FOR DECEMBER 4 2016...

CLIMATE NORMAL PERIOD 1981 TO 2010
CLIMATE RECORD PERIOD 1888 TO 2016


WEATHER ITEM   OBSERVED TIME   RECORD YEAR NORMAL DEPARTURE LAST
                VALUE   (LST)  VALUE       VALUE  FROM      YEAR
                                                  NORMAL
..................................................................
TEMPERATURE (F)
 YESTERDAY
  MAXIMUM         45    259 PM  69    2001  44      1       55
  MINIMUM         29   1153 PM   6    1898  26      3       26
  AVERAGE         37                        35      2       41

PRECIPITATION (IN)
  YESTERDAY        0.60          2.16 1944   0.06   0.54     0.00
  MONTH TO DATE    0.63                      0.24   0.39     0.00
  SINCE DEC 1      0.63                      0.24   0.39     0.00
  SINCE JAN 1     48.09                     37.57  10.52    43.35

SNOWFALL (IN)
  YESTERDAY        0.0           4.3  1925   0.1   -0.1      0.0
  MONTH TO DATE    0.0                       0.5   -0.5      0.0
  SINCE DEC 1      0.0                       0.5   -0.5      0.0
  SINCE JUL 1      0.0                       1.9   -1.9      0.0
  SNOW DEPTH       0

DEGREE DAYS
 HEATING
  YESTERDAY       28                        30     -2       24
  MONTH TO DATE  114                       119     -5      108
  SINCE DEC 1    114                       119     -5      108
  SINCE JUL 1    698                      1121   -423      855

 COOLING
  YESTERDAY        0                         0      0        0
  MONTH TO DATE    0                         0      0        0
  SINCE DEC 1      0                         0      0        0
  SINCE JAN 1   1585                      1360    225     1370
..................................................................


WIND (MPH)
  HIGHEST WIND SPEED    14   HIGHEST WIND DIRECTION    NW (300)
  HIGHEST GUST SPEED    16   HIGHEST GUST DIRECTION     W (270)
  AVERAGE WIND SPEED     7.5


SKY COVER
  POSSIBLE SUNSHINE  MM
  AVERAGE SKY COVER 0.7


WEATHER CONDITIONS
 THE FOLLOWING WEATHER WAS RECORDED YESTERDAY.
  RAIN
  LIGHT RAIN
  FOG


RELATIVE HUMIDITY (PERCENT)
 HIGHEST   100          1000 PM
 LOWEST     70           300 PM
 AVERAGE    85

..........................................................


THE KANSAS CITY INTERNATIONAL MO CLIMATE NORMALS FOR TODAY
                         NORMAL    RECORD    YEAR
 MAXIMUM TEMPERATURE (F)   43        74      2001
 MINIMUM TEMPERATURE (F)   25         4      1950


SUNRISE AND SUNSET
DECEMBER  5 2016......SUNRISE   724 AM CST   SUNSET   455 PM CST
DECEMBER  6 2016......SUNRISE   725 AM CST   SUNSET   455 PM CST


-  INDICATES NEGATIVE NUMBERS.
R  INDICATES RECORD WAS SET OR TIED.
MM INDICATES DATA IS MISSING.
T  INDICATES TRACE AMOUNT.


&&

...MISCELLANEOUS CLIMATE DATA FROM YESTERDAY...

LOCATION                HIGH    LOW      PRECIP
ST. JOSEPH               40      30       0.53
DOWNTOWN KANSAS CITY     47      32       M
OLATHE NEW CENTURY       44      28       0.44
OLATHE JO CO EXEC        44      29       0.48
LEES SUMMIT              46      34       M
KIRKSVILLE               39      31       0.50
CHILLICOTHE              44      27       0.49
SEDALIA                  45      31       0.30
NWS PLEASANT HILL MO     47      33       0.53


THIS PRODUCT...ALONG WITH OTHER WEATHER...HYDROLOGICAL AND CLIMATE
INFORMATION...IS AVAILABLE ON THE WEB AT HTTP://WWW.WEATHER.GOV/EAX
OR AT HTTP://WEATHER.GOV

$$

73
