000
CDUS43 KEAX 280639
CLIMCI

CLIMATE REPORT
NATIONAL WEATHER SERVICE KANSAS CITY/PLEASANT HILL MO
138 AM CDT WED SEP 28 2016


...................................

...THE KANSAS CITY INTERNATIONAL MO CLIMATE SUMMARY FOR SEPTEMBER 27 2016...

CLIMATE NORMAL PERIOD 1981 TO 2010
CLIMATE RECORD PERIOD 1888 TO 2016


WEATHER ITEM   OBSERVED TIME   RECORD YEAR NORMAL DEPARTURE LAST
                VALUE   (LST)  VALUE       VALUE  FROM      YEAR
                                                  NORMAL
..................................................................
TEMPERATURE (F)
 YESTERDAY
  MAXIMUM         79    338 PM  93    1990  74      5       80
                                      1956
                                      1897
  MINIMUM         50    621 AM  34    1942  52     -2       59
  AVERAGE         65                        63      2       70

PRECIPITATION (IN)
  YESTERDAY        0.00          2.99 1900   0.15  -0.15     0.00
  MONTH TO DATE    4.94                      4.21   0.73     5.73
  SINCE SEP 1      4.94                      4.21   0.73     5.73
  SINCE JAN 1     44.37                     31.61  12.76    37.64

SNOWFALL (IN)
  YESTERDAY        0.0           0.0    MM   0.0    0.0      0.0
  MONTH TO DATE    0.0                       0.0    0.0      0.0
  SINCE SEP 1      0.0                       0.0    0.0      0.0
  SINCE JUL 1      0.0                       0.0    0.0      0.0
  SNOW DEPTH       0

DEGREE DAYS
 HEATING
  YESTERDAY        0                         4     -4        0
  MONTH TO DATE    7                        49    -42       12
  SINCE SEP 1      7                        49    -42       12
  SINCE JUL 1      7                        51    -44       15

 COOLING
  YESTERDAY        0                         3     -3        5
  MONTH TO DATE  220                       152     68      254
  SINCE SEP 1    220                       152     68      254
  SINCE JAN 1   1517                      1325    192     1329
..................................................................


WIND (MPH)
  HIGHEST WIND SPEED    12   HIGHEST WIND DIRECTION     W (260)
  HIGHEST GUST SPEED    16   HIGHEST GUST DIRECTION    SW (240)
  AVERAGE WIND SPEED     5.7


SKY COVER
  POSSIBLE SUNSHINE  MM
  AVERAGE SKY COVER 0.0


WEATHER CONDITIONS
 THE FOLLOWING WEATHER WAS RECORDED YESTERDAY.
  NO SIGNIFICANT WEATHER WAS OBSERVED.


RELATIVE HUMIDITY (PERCENT)
 HIGHEST    80           600 AM
 LOWEST     39           400 PM
 AVERAGE    60

..........................................................


THE KANSAS CITY INTERNATIONAL MO CLIMATE NORMALS FOR TODAY
                         NORMAL    RECORD    YEAR
 MAXIMUM TEMPERATURE (F)   74       103      1953
 MINIMUM TEMPERATURE (F)   52        34      1942


SUNRISE AND SUNSET
SEPTEMBER 28 2016.....SUNRISE   713 AM CDT   SUNSET   705 PM CDT
SEPTEMBER 29 2016.....SUNRISE   714 AM CDT   SUNSET   704 PM CDT


-  INDICATES NEGATIVE NUMBERS.
R  INDICATES RECORD WAS SET OR TIED.
MM INDICATES DATA IS MISSING.
T  INDICATES TRACE AMOUNT.


&&

...MISCELLANEOUS CLIMATE DATA FROM YESTERDAY...

LOCATION                HIGH    LOW      PRECIP
ST. JOSEPH               81      50       0.00
DOWNTOWN KANSAS CITY     81      56       0.00
OLATHE NEW CENTURY       80      50       0.00
OLATHE JO CO EXEC        78      51       0.00
LEES SUMMIT              80      54       0.00
KIRKSVILLE               76      48       0.00
CHILLICOTHE              80      48       0.00
SEDALIA                  82      53       0.00
NWS PLEASANT HILL MO     80      52       0.00


THIS PRODUCT...ALONG WITH OTHER WEATHER...HYDROLOGICAL AND CLIMATE
INFORMATION...IS AVAILABLE ON THE WEB AT HTTP://WWW.WEATHER.GOV/EAX
OR AT HTTP://WEATHER.GOV

$$

JL
