254
CDUS43 KEAX 120647
CLIMCI

CLIMATE REPORT
NATIONAL WEATHER SERVICE KANSAS CITY/PLEASANT HILL MO
1245 AM CST THU JAN 12 2017


...................................

...THE KANSAS CITY INTERNATIONAL MO CLIMATE SUMMARY FOR JANUARY 11 2017...

CLIMATE NORMAL PERIOD 1981 TO 2010
CLIMATE RECORD PERIOD 1888 TO 2017


WEATHER ITEM   OBSERVED TIME   RECORD YEAR NORMAL DEPARTURE LAST
                VALUE   (LST)  VALUE       VALUE  FROM      YEAR
                                                  NORMAL
..................................................................
TEMPERATURE (F)
 YESTERDAY
  MAXIMUM         63    144 PM  65    1960  38     25       39
                                      1911
  MINIMUM         22   1159 PM -16    1918  19      3       19
  AVERAGE         43                        28     15       29

PRECIPITATION (IN)
  YESTERDAY        0.00          0.68 1949   0.03  -0.03     0.00
  MONTH TO DATE    0.39                      0.35   0.04     0.60
  SINCE DEC 1      1.58                      1.88  -0.30     3.84
  SINCE JAN 1      0.39                      0.35   0.04     0.60

SNOWFALL (IN)
  YESTERDAY        0.0           3.6  1963   0.1   -0.1      0.0
  MONTH TO DATE    2.2                       1.5    0.7       T
  SINCE DEC 1      4.5                       6.3   -1.8      2.5
  SINCE JUL 1      4.5                       7.7   -3.2      2.5
  SNOW DEPTH       0

DEGREE DAYS
 HEATING
  YESTERDAY       22                        36    -14       36
  MONTH TO DATE  435                       396     39      397
  SINCE DEC 1   1508                      1436     72     1173
  SINCE JUL 1   2092                      2438   -346     1920

 COOLING
  YESTERDAY        0                         0      0        0
  MONTH TO DATE    0                         0      0        0
  SINCE DEC 1      0                         0      0        0
  SINCE JAN 1      0                         0      0        0
..................................................................


WIND (MPH)
  HIGHEST WIND SPEED    28   HIGHEST WIND DIRECTION    SW (220)
  HIGHEST GUST SPEED    37   HIGHEST GUST DIRECTION    SW (220)
  AVERAGE WIND SPEED    15.5


SKY COVER
  POSSIBLE SUNSHINE  MM
  AVERAGE SKY COVER 0.8


WEATHER CONDITIONS
 THE FOLLOWING WEATHER WAS RECORDED YESTERDAY.
  NO SIGNIFICANT WEATHER WAS OBSERVED.


RELATIVE HUMIDITY (PERCENT)
 HIGHEST    81           700 PM
 LOWEST     36           200 PM
 AVERAGE    59

..........................................................


THE KANSAS CITY INTERNATIONAL MO CLIMATE NORMALS FOR TODAY
                         NORMAL    RECORD    YEAR
 MAXIMUM TEMPERATURE (F)   38        69      1960
 MINIMUM TEMPERATURE (F)   19       -20      1912


SUNRISE AND SUNSET
JANUARY 12 2017.......SUNRISE   738 AM CST   SUNSET   517 PM CST
JANUARY 13 2017.......SUNRISE   738 AM CST   SUNSET   518 PM CST


-  INDICATES NEGATIVE NUMBERS.
R  INDICATES RECORD WAS SET OR TIED.
MM INDICATES DATA IS MISSING.
T  INDICATES TRACE AMOUNT.


&&

...MISCELLANEOUS CLIMATE DATA FROM YESTERDAY...

LOCATION                HIGH    LOW      PRECIP
ST. JOSEPH               55      19       0.00
DOWNTOWN KANSAS CITY     66      25       0.00
OLATHE NEW CENTURY       64      25       0.00
OLATHE JO CO EXEC        63      25       0.00
LEES SUMMIT              65      26       0.00
KIRKSVILLE               56      22       0.00
CHILLICOTHE              60      22       0.00
SEDALIA                  73      29       0.00
NWS PLEASANT HILL MO     66      26       0.00


THIS PRODUCT...ALONG WITH OTHER WEATHER...HYDROLOGICAL AND CLIMATE
INFORMATION...IS AVAILABLE ON THE WEB AT HTTP://WWW.WEATHER.GOV/EAX
OR AT HTTP://WEATHER.GOV

$$
