000
CDUS43 KEAX 260634
CLIMCI

CLIMATE REPORT
NATIONAL WEATHER SERVICE KANSAS CITY/PLEASANT HILL MO
132 AM CDT FRI JUN 26 2015


...................................

...THE KANSAS CITY INTERNATIONAL MO CLIMATE SUMMARY FOR JUNE 25 2015...

CLIMATE NORMAL PERIOD 1981 TO 2010
CLIMATE RECORD PERIOD 1888 TO 2015


WEATHER ITEM   OBSERVED TIME   RECORD YEAR NORMAL DEPARTURE LAST
                VALUE   (LST)  VALUE       VALUE  FROM      YEAR
                                                  NORMAL
..................................................................
TEMPERATURE (F)
 YESTERDAY
  MAXIMUM         93    330 PM 102    1988  86      7       86
  MINIMUM         71   1159 PM  53    2004  66      5       64
  AVERAGE         82                        76      6       75

PRECIPITATION (IN)
  YESTERDAY        0.01          2.54 1894   0.16  -0.15     0.00
  MONTH TO DATE    5.88                      4.40   1.48     6.41
  SINCE JUN 1      5.88                      4.40   1.48     6.41
  SINCE JAN 1     22.48                     18.23   4.25    15.03

SNOWFALL (IN)
  YESTERDAY        0.0           0.0    MM   0.0    0.0      0.0
  MONTH TO DATE    0.0                       0.0    0.0      0.0
  SINCE JUN 1      0.0                       0.0    0.0      0.0
  SINCE JUL 1     14.2                      18.8   -4.6     26.2
  SNOW DEPTH       0

DEGREE DAYS
 HEATING
  YESTERDAY        0                         0      0        0
  MONTH TO DATE    3                         7     -4        1
  SINCE JUN 1      3                         7     -4        1
  SINCE JUL 1   5119                      5131    -12     5786

 COOLING
  YESTERDAY       17                        11      6       10
  MONTH TO DATE  259                       208     51      214
  SINCE JUN 1    259                       208     51      214
  SINCE JAN 1    327                       324      3      375
..................................................................


WIND (MPH)
  HIGHEST WIND SPEED    21   HIGHEST WIND DIRECTION    SW (210)
  HIGHEST GUST SPEED    27   HIGHEST GUST DIRECTION    SW (210)
  AVERAGE WIND SPEED    11.8


SKY COVER
  POSSIBLE SUNSHINE  MM
  AVERAGE SKY COVER 0.6


WEATHER CONDITIONS
 THE FOLLOWING WEATHER WAS RECORDED YESTERDAY.
  THUNDERSTORM


RELATIVE HUMIDITY (PERCENT)
 HIGHEST    87          1000 PM
 LOWEST     56           200 PM
 AVERAGE    72

..........................................................


THE KANSAS CITY INTERNATIONAL MO CLIMATE NORMALS FOR TODAY
                         NORMAL    RECORD    YEAR
 MAXIMUM TEMPERATURE (F)   86       103      1936
                                             1934
 MINIMUM TEMPERATURE (F)   67        52      2004


SUNRISE AND SUNSET
JUNE 26 2015..........SUNRISE   554 AM CDT   SUNSET   850 PM CDT
JUNE 27 2015..........SUNRISE   554 AM CDT   SUNSET   850 PM CDT


-  INDICATES NEGATIVE NUMBERS.
R  INDICATES RECORD WAS SET OR TIED.
MM INDICATES DATA IS MISSING.
T  INDICATES TRACE AMOUNT.




&&

...MISCELLANEOUS CLIMATE DATA FROM YESTERDAY...

LOCATION                HIGH    LOW      PRECIP
ST. JOSEPH               90      71       1.00
DOWNTOWN KANSAS CITY     97      73       T
OLATHE NEW CENTURY       96      75       0.09
OLATHE JO CO EXEC        95      75       0.02
LEES SUMMIT              95      73       T
KIRKSVILLE               88      66       1.28
CHILLICOTHE              91      70       M
SEDALIA                  94      71       0.23
NWS PLEASANT HILL MO     94      70       0.00


THIS PRODUCT...ALONG WITH OTHER WEATHER...HYDROLOGICAL AND CLIMATE
INFORMATION...IS AVAILABLE ON THE WEB AT HTTP://WWW.CRH.NOAA.GOV/EAX
OR AT HTTP://WEATHER.GOV

$$

JW
