000
CDUS43 KEAX 290632
CLIMCI

CLIMATE REPORT
NATIONAL WEATHER SERVICE KANSAS CITY/PLEASANT HILL MO
131 AM CDT SAT AUG 29 2015


...................................

...THE KANSAS CITY INTERNATIONAL MO CLIMATE SUMMARY FOR AUGUST 28 2015...

CLIMATE NORMAL PERIOD 1981 TO 2010
CLIMATE RECORD PERIOD 1888 TO 2015


WEATHER ITEM   OBSERVED TIME   RECORD YEAR NORMAL DEPARTURE LAST
                VALUE   (LST)  VALUE       VALUE  FROM      YEAR
                                                  NORMAL
..................................................................
TEMPERATURE (F)
 YESTERDAY
  MAXIMUM         82    321 PM 105    2000  86     -4       93
  MINIMUM         68    608 AM  43    1986  65      3       70
  AVERAGE         75                        75      0       82

PRECIPITATION (IN)
  YESTERDAY        T             4.06 1919   0.13  -0.13     0.00
  MONTH TO DATE    0.98                      3.48  -2.50     4.76
  SINCE JUN 1     15.31                     13.16   2.15    14.71
  SINCE JAN 1     31.91                     26.99   4.92    23.33

SNOWFALL (IN)
  YESTERDAY        0.0           0.0    MM   0.0    0.0      0.0
  MONTH TO DATE    0.0                       0.0    0.0      0.0
  SINCE JUN 1      0.0                       0.0    0.0      0.0
  SINCE JUL 1      0.0                       0.0    0.0      0.0
  SNOW DEPTH       0

DEGREE DAYS
 HEATING
  YESTERDAY        0                         0      0        0
  MONTH TO DATE    1                         0      1        0
  SINCE JUN 1      6                         9     -3        3
  SINCE JUL 1      3                         0      3        2

 COOLING
  YESTERDAY       10                        10      0       17
  MONTH TO DATE  274                       346    -72      358
  SINCE JUN 1    977                      1026    -49      921
  SINCE JAN 1   1045                      1142    -97     1082
..................................................................


WIND (MPH)
  HIGHEST WIND SPEED    23   HIGHEST WIND DIRECTION    SW (210)
  HIGHEST GUST SPEED    29   HIGHEST GUST DIRECTION    SW (210)
  AVERAGE WIND SPEED    13.3


SKY COVER
  POSSIBLE SUNSHINE  MM
  AVERAGE SKY COVER 0.8


WEATHER CONDITIONS
 THE FOLLOWING WEATHER WAS RECORDED YESTERDAY.
  THUNDERSTORM


RELATIVE HUMIDITY (PERCENT)
 HIGHEST    90          1000 PM
 LOWEST     58           300 PM
 AVERAGE    74

..........................................................


THE KANSAS CITY INTERNATIONAL MO CLIMATE NORMALS FOR TODAY
                         NORMAL    RECORD    YEAR
 MAXIMUM TEMPERATURE (F)   85       109      1984
 MINIMUM TEMPERATURE (F)   64        49      1946
                                             1893


SUNRISE AND SUNSET
AUGUST 29 2015........SUNRISE   644 AM CDT   SUNSET   755 PM CDT
AUGUST 30 2015........SUNRISE   645 AM CDT   SUNSET   753 PM CDT


-  INDICATES NEGATIVE NUMBERS.
R  INDICATES RECORD WAS SET OR TIED.
MM INDICATES DATA IS MISSING.
T  INDICATES TRACE AMOUNT.


&&

...MISCELLANEOUS CLIMATE DATA FROM YESTERDAY...

LOCATION                HIGH    LOW      PRECIP
ST. JOSEPH               82      69       0.02
DOWNTOWN KANSAS CITY     83      70       0.05
OLATHE NEW CENTURY       78      68       0.02
OLATHE JO CO EXEC        77      67       0.03
LEES SUMMIT              79      67       0.07
KIRKSVILLE               74      60       0.01
CHILLICOTHE              79      66       0.08
SEDALIA                  80      64       0.01
NWS PLEASANT HILL MO     78      65       0.01


THIS PRODUCT...ALONG WITH OTHER WEATHER...HYDROLOGICAL AND CLIMATE
INFORMATION...IS AVAILABLE ON THE WEB AT HTTP://WWW.WEATHER.GOV/EAX
OR AT HTTP://WEATHER.GOV

$$
