000
CDUS43 KEAX 300634
CLIMCI

CLIMATE REPORT
NATIONAL WEATHER SERVICE KANSAS CITY/PLEASANT HILL MO
1233 AM CST SAT JAN 30 2016


...................................

...THE KANSAS CITY INTERNATIONAL MO CLIMATE SUMMARY FOR JANUARY 29 2016...

CLIMATE NORMAL PERIOD 1981 TO 2010
CLIMATE RECORD PERIOD 1888 TO 2016


WEATHER ITEM   OBSERVED TIME   RECORD YEAR NORMAL DEPARTURE LAST
                VALUE   (LST)  VALUE       VALUE  FROM      YEAR
                                                  NORMAL
..................................................................
TEMPERATURE (F)
 YESTERDAY
  MAXIMUM         64    415 PM  68    2013  39     25       51
  MINIMUM         26    426 AM  -7    1977  20      6       25
                                      1966
  AVERAGE         45                        30     15       38

PRECIPITATION (IN)
  YESTERDAY        0.00          1.82 1982   0.04  -0.04     0.00
  MONTH TO DATE    0.76                      0.98  -0.22     0.21
  SINCE DEC 1      4.00                      2.51   1.49     2.05
  SINCE JAN 1      0.76                      0.98  -0.22     0.21

SNOWFALL (IN)
  YESTERDAY        0.0           4.0  1956   0.2   -0.2      0.0
  MONTH TO DATE    2.8                       4.3   -1.5      1.6
  SINCE DEC 1      5.3                       9.1   -3.8      4.2
  SINCE JUL 1      5.3                      10.5   -5.2      4.7
  SNOW DEPTH       0

DEGREE DAYS
 HEATING
  YESTERDAY       20                        36    -16       27
  MONTH TO DATE 1050                      1044      6      973
  SINCE DEC 1   1826                      2084   -258     1916
  SINCE JUL 1   2573                      3086   -513     3037

 COOLING
  YESTERDAY        0                         0      0        0
  MONTH TO DATE    0                         0      0        0
  SINCE DEC 1      0                         0      0        0
  SINCE JAN 1      0                         0      0        0
..................................................................


WIND (MPH)
  HIGHEST WIND SPEED    18   HIGHEST WIND DIRECTION     S (160)
  HIGHEST GUST SPEED    23   HIGHEST GUST DIRECTION     S (180)
  AVERAGE WIND SPEED    10.6


SKY COVER
  POSSIBLE SUNSHINE  MM
  AVERAGE SKY COVER 0.2


WEATHER CONDITIONS
 THE FOLLOWING WEATHER WAS RECORDED YESTERDAY.
  NO SIGNIFICANT WEATHER WAS OBSERVED.


RELATIVE HUMIDITY (PERCENT)
 HIGHEST    92           300 AM
 LOWEST     34           300 PM
 AVERAGE    63

..........................................................


THE KANSAS CITY INTERNATIONAL MO CLIMATE NORMALS FOR TODAY
                         NORMAL    RECORD    YEAR
 MAXIMUM TEMPERATURE (F)   39        68      1890
 MINIMUM TEMPERATURE (F)   20        -7      1918


SUNRISE AND SUNSET
JANUARY 30 2016.......SUNRISE   728 AM CST   SUNSET   537 PM CST
JANUARY 31 2016.......SUNRISE   727 AM CST   SUNSET   538 PM CST


-  INDICATES NEGATIVE NUMBERS.
R  INDICATES RECORD WAS SET OR TIED.
MM INDICATES DATA IS MISSING.
T  INDICATES TRACE AMOUNT.


&&

...MISCELLANEOUS CLIMATE DATA FROM YESTERDAY...

LOCATION                HIGH    LOW      PRECIP
ST. JOSEPH               63      23       0.00
DOWNTOWN KANSAS CITY     66      28       0.00
OLATHE NEW CENTURY       67      25       0.00
OLATHE JO CO EXEC        66      26       0.00
LEES SUMMIT              65      30       0.00
KIRKSVILLE               47      22       0.00
CHILLICOTHE              54      24       0.00
SEDALIA                  63      26       0.00
NWS PLEASANT HILL MO     66      28       0.00


THIS PRODUCT...ALONG WITH OTHER WEATHER...HYDROLOGICAL AND CLIMATE
INFORMATION...IS AVAILABLE ON THE WEB AT HTTP://WWW.WEATHER.GOV/EAX
OR AT HTTP://WEATHER.GOV

$$

AB
