000
CDUS43 KEAX 112238
CLIMCI

CLIMATE REPORT
NATIONAL WEATHER SERVICE KANSAS CITY/PLEASANT HILL MO
437 PM CST SAT MAR 11 2017


...................................

...THE KANSAS CITY INTERNATIONAL MO CLIMATE SUMMARY FOR MARCH 11 2017...
VALID AS OF 0400 PM LOCAL TIME.

CLIMATE NORMAL PERIOD 1981 TO 2010
CLIMATE RECORD PERIOD 1888 TO 2017


WEATHER ITEM   OBSERVED TIME   RECORD YEAR NORMAL DEPARTURE LAST
                VALUE   (LST)  VALUE       VALUE  FROM      YEAR
                                                  NORMAL
..................................................................
TEMPERATURE (F)
 TODAY
  MAXIMUM         33   1233 AM  84    1972  53    -20       68
  MINIMUM         25    743 AM  -3    1948  32     -7       43
  AVERAGE         29                        42    -13       56

PRECIPITATION (IN)
  TODAY            0.09          1.57 1899   0.07   0.02     0.00
  MONTH TO DATE    0.41                      0.73  -0.32     0.73
  SINCE MAR 1      0.41                      0.73  -0.32     0.73
  SINCE JAN 1      1.86                      3.26  -1.40     1.89

SNOWFALL (IN)
  TODAY            0.4           6.5  1912   0.1    0.3      0.0
  MONTH TO DATE    0.4                       1.0   -0.6      0.0
  SINCE MAR 1      0.4                       1.0   -0.6      0.0
  SINCE JUL 1      4.9                      17.2  -12.3      5.3
  SNOW DEPTH       T

DEGREE DAYS
 HEATING
  TODAY           36                        23     13        9
  MONTH TO DATE  209                       270    -61      146
  SINCE MAR 1    209                       270    -61      146
  SINCE JUL 1   3463                      4315   -852     3503

 COOLING
  TODAY            0                         0      0        0
  MONTH TO DATE    0                         0      0        2
  SINCE MAR 1      0                         0      0        2
  SINCE JAN 1      0                         0      0        2
..................................................................


WIND (MPH)
  HIGHEST WIND SPEED    17   HIGHEST WIND DIRECTION     E (70)
  HIGHEST GUST SPEED    22   HIGHEST GUST DIRECTION     E (70)
  AVERAGE WIND SPEED    10.9


SKY COVER
  POSSIBLE SUNSHINE  MM
  AVERAGE SKY COVER 1.0


WEATHER CONDITIONS
 THE FOLLOWING WEATHER WAS RECORDED TODAY.
  LIGHT SNOW
  FOG


RELATIVE HUMIDITY (PERCENT)
 HIGHEST    92           700 AM
 LOWEST     35          1200 AM
 AVERAGE    64

..........................................................


THE KANSAS CITY INTERNATIONAL MO CLIMATE NORMALS FOR TOMORROW
                         NORMAL    RECORD    YEAR
 MAXIMUM TEMPERATURE (F)   54        80      1916
 MINIMUM TEMPERATURE (F)   32        -7      1998


SUNRISE AND SUNSET
MARCH 11 2017.........SUNRISE   636 AM CST   SUNSET   622 PM CST
MARCH 12 2017.........SUNRISE   734 AM CDT   SUNSET   723 PM CDT


-  INDICATES NEGATIVE NUMBERS.
R  INDICATES RECORD WAS SET OR TIED.
MM INDICATES DATA IS MISSING.
T  INDICATES TRACE AMOUNT.


&&

...MISCELLANEOUS CLIMATE DATA FROM TODAY...

LOCATION                HIGH    LOW      PRECIP
ST. JOSEPH               35      27       0.00
DOWNTOWN KANSAS CITY     35      27       T
OLATHE NEW CENTURY       35      29       0.04
OLATHE JO CO EXEC        34      27       0.03
LEES SUMMIT              35      27       0.01
KIRKSVILLE               33      22       0.03
CHILLICOTHE              34      25       0.00
SEDALIA                  36      28       0.01
NWS PLEASANT HILL MO     35      27       0.03


THIS PRODUCT...ALONG WITH OTHER WEATHER...HYDROLOGICAL AND CLIMATE
INFORMATION...IS AVAILABLE ON THE WEB AT HTTP://WWW.WEATHER.GOV/EAX
OR AT HTTP://WEATHER.GOV

$$
