000
CDUS43 KEAX 120033
CLIMCI

CLIMATE REPORT
NATIONAL WEATHER SERVICE KANSAS CITY/PLEASANT HILL MO
732 PM CDT TUE APR 11 2017


...................................

...THE KANSAS CITY INTERNATIONAL MO CLIMATE SUMMARY FOR APRIL 11 2017...
VALID TODAY AS OF 0700 PM LOCAL TIME.

CLIMATE NORMAL PERIOD 1981 TO 2010
CLIMATE RECORD PERIOD 1888 TO 2017


WEATHER ITEM   OBSERVED TIME   RECORD YEAR NORMAL DEPARTURE LAST
                VALUE   (LST)  VALUE       VALUE  FROM      YEAR
                                                  NORMAL
..................................................................
TEMPERATURE (F)
 TODAY
  MAXIMUM         66    458 PM  89    1930  64      2       59
  MINIMUM         37    558 AM  26    1940  42     -5       36
  AVERAGE         52                        53     -1       48

PRECIPITATION (IN)
  TODAY            0.00          1.09 1893   0.11  -0.11     0.00
  MONTH TO DATE    3.20                      1.13   2.07     0.34
  SINCE MAR 1      6.01                      3.50   2.51     3.06
  SINCE JAN 1      7.46                      6.03   1.43     4.22

SNOWFALL (IN)
  TODAY            0.0           1.8  1957   0.1   -0.1      0.0
  MONTH TO DATE    0.0                       0.4   -0.4      0.0
  SINCE MAR 1      0.4                       2.4   -2.0      0.6
  SINCE JUL 1      4.9                      18.6  -13.7      5.9
  SNOW DEPTH       0

DEGREE DAYS
 HEATING
  TODAY           13                        12      1       17
  MONTH TO DATE  121                       152    -31      140
  SINCE MAR 1    646                       798   -152      583
  SINCE JUL 1   3900                      4843   -943     3940

 COOLING
  TODAY            0                         1     -1        0
  MONTH TO DATE    7                         5      2        0
  SINCE MAR 1     13                         8      5        2
  SINCE JAN 1     13                         8      5        2
..................................................................


WIND (MPH)
  HIGHEST WIND SPEED    14   HIGHEST WIND DIRECTION     N (350)
  HIGHEST GUST SPEED    18   HIGHEST GUST DIRECTION    NW (330)
  AVERAGE WIND SPEED     6.4


SKY COVER
  POSSIBLE SUNSHINE  MM
  AVERAGE SKY COVER 0.5


WEATHER CONDITIONS
 THE FOLLOWING WEATHER WAS RECORDED TODAY.
  NO SIGNIFICANT WEATHER WAS OBSERVED.


RELATIVE HUMIDITY (PERCENT)
 HIGHEST    85           300 AM
 LOWEST     37           400 PM
 AVERAGE    61

..........................................................


THE KANSAS CITY INTERNATIONAL MO CLIMATE NORMALS FOR TOMORROW
                         NORMAL    RECORD    YEAR
 MAXIMUM TEMPERATURE (F)   65        92      1972
 MINIMUM TEMPERATURE (F)   43        23      1940


SUNRISE AND SUNSET
APRIL 11 2017.........SUNRISE   647 AM CDT   SUNSET   753 PM CDT
APRIL 12 2017.........SUNRISE   646 AM CDT   SUNSET   754 PM CDT


-  INDICATES NEGATIVE NUMBERS.
R  INDICATES RECORD WAS SET OR TIED.
MM INDICATES DATA IS MISSING.
T  INDICATES TRACE AMOUNT.


&&

...MISCELLANEOUS CLIMATE DATA FROM TODAY...

LOCATION                HIGH    LOW      PRECIP
ST. JOSEPH               66      39       0.00
DOWNTOWN KANSAS CITY     68      40       0.00
OLATHE NEW CENTURY       67      34       0.00
OLATHE JO CO EXEC        66      36       0.00
LEES SUMMIT              66      37       0.00
KIRKSVILLE               64      40       0.00
CHILLICOTHE              66      41       0.00
SEDALIA                  66      43       0.00
NWS PLEASANT HILL MO     67      37       0.00


THIS PRODUCT...ALONG WITH OTHER WEATHER...HYDROLOGICAL AND CLIMATE
INFORMATION...IS AVAILABLE ON THE WEB AT HTTP://WWW.WEATHER.GOV/EAX
OR AT HTTP://WEATHER.GOV

$$

73
