000
CDUS43 KEAX 080634
CLIMCI

CLIMATE REPORT
NATIONAL WEATHER SERVICE KANSAS CITY/PLEASANT HILL MO
134 AM CDT TUE APR 8 2014


...................................

...THE KANSAS CITY INTERNATIONAL MO CLIMATE SUMMARY FOR APRIL 7 2014...

CLIMATE NORMAL PERIOD 1981 TO 2010
CLIMATE RECORD PERIOD 1888 TO 2014


WEATHER ITEM   OBSERVED TIME   RECORD YEAR NORMAL DEPARTURE LAST
                VALUE   (LST)  VALUE       VALUE  FROM      YEAR
                                                  NORMAL
..................................................................
TEMPERATURE (F)
 YESTERDAY
  MAXIMUM         65    130 PM  84    1893  63      2       73
  MINIMUM         43    614 AM  18    2007  41      2       47
  AVERAGE         54                        52      2       60

PRECIPITATION (IN)
  YESTERDAY        T             0.98 1993   0.10  -0.10     0.85
  MONTH TO DATE    0.57                      0.69  -0.12     0.85
  SINCE MAR 1      2.18                      3.06  -0.88     2.80
  SINCE JAN 1      3.93                      5.59  -1.66     5.69

SNOWFALL (IN)
  YESTERDAY        0.0           2.2  1916   0.1   -0.1      0.0
  MONTH TO DATE    0.0                       0.3   -0.3      0.0
  SINCE MAR 1      3.4                       2.3    1.1      6.1
  SINCE JUL 1     26.0                      18.5    7.5     31.3
  SNOW DEPTH       0

DEGREE DAYS
 HEATING
  YESTERDAY       11                        14     -3        5
  MONTH TO DATE  122                       101     21      109
  SINCE MAR 1    887                       747    140      945
  SINCE JUL 1   5453                      4792    661     4677

 COOLING
  YESTERDAY        0                         1     -1        0
  MONTH TO DATE    0                         1     -1        0
  SINCE MAR 1      0                         4     -4        0
  SINCE JAN 1      0                         4     -4        0
..................................................................


WIND (MPH)
  HIGHEST WIND SPEED    20   HIGHEST WIND DIRECTION    NW (310)
  HIGHEST GUST SPEED    26   HIGHEST GUST DIRECTION    NW (300)
  AVERAGE WIND SPEED     8.1


SKY COVER
  POSSIBLE SUNSHINE  MM
  AVERAGE SKY COVER 0.7


WEATHER CONDITIONS
 THE FOLLOWING WEATHER WAS RECORDED YESTERDAY.
  LIGHT RAIN


RELATIVE HUMIDITY (PERCENT)
 HIGHEST    76           600 AM
 LOWEST     34           100 PM
 AVERAGE    55

..........................................................


THE KANSAS CITY INTERNATIONAL MO CLIMATE NORMALS FOR TODAY
                         NORMAL    RECORD    YEAR
 MAXIMUM TEMPERATURE (F)   63        84      2001
                                             1905
 MINIMUM TEMPERATURE (F)   41        20      2007


SUNRISE AND SUNSET
APRIL  8 2014.........SUNRISE   652 AM CDT   SUNSET   750 PM CDT
APRIL  9 2014.........SUNRISE   651 AM CDT   SUNSET   751 PM CDT


-  INDICATES NEGATIVE NUMBERS.
R  INDICATES RECORD WAS SET OR TIED.
MM INDICATES DATA IS MISSING.
T  INDICATES TRACE AMOUNT.



&&

...MISCELLANEOUS CLIMATE DATA FROM YESTERDAY...

LOCATION                HIGH    LOW      PRECIP
ST. JOSEPH               65      39       T
DOWNTOWN KANSAS CITY     68      43       0.00
OLATHE NEW CENTURY       66      42       0.00
OLATHE JO CO EXEC        65      44       T
LEES SUMMIT              66      45       T
KIRKSVILLE               66      36       T
CHILLICOTHE              67      40       0.00
SEDALIA                  65      45       T
NWS PLEASANT HILL MO     65      45       0.00


THIS PRODUCT...ALONG WITH OTHER WEATHER...HYDROLOGICAL AND CLIMATE
INFORMATION...IS AVAILABLE ON THE WEB AT HTTP://WWW.CRH.NOAA.GOV/EAX
OR AT HTTP://WEATHER.GOV

$$

DUX
