000
CDUS43 KEAX 260634
CLIMCI

CLIMATE REPORT
NATIONAL WEATHER SERVICE KANSAS CITY/PLEASANT HILL MO
133 AM CDT FRI SEP 26 2014


...................................

...THE KANSAS CITY INTERNATIONAL MO CLIMATE SUMMARY FOR SEPTEMBER 25 2014...

CLIMATE NORMAL PERIOD 1981 TO 2010
CLIMATE RECORD PERIOD 1888 TO 2014


WEATHER ITEM   OBSERVED TIME   RECORD YEAR NORMAL DEPARTURE LAST
                VALUE   (LST)  VALUE       VALUE  FROM      YEAR
                                                  NORMAL
..................................................................
TEMPERATURE (F)
 YESTERDAY
  MAXIMUM         81    404 PM  91    1904  75      6       78
                                      1898
  MINIMUM         59    620 AM  38    1926  53      6       54
  AVERAGE         70                        64      6       66

PRECIPITATION (IN)
  YESTERDAY        0.00          1.89 1910   0.15  -0.15     0.00
  MONTH TO DATE    2.19                      3.90  -1.71     4.44
  SINCE SEP 1      2.19                      3.90  -1.71     4.44
  SINCE JAN 1     28.18                     31.30  -3.12    27.11

SNOWFALL (IN)
  YESTERDAY        0.0           0.0    MM   0.0    0.0      0.0
  MONTH TO DATE    0.0                       0.0    0.0      0.0
  SINCE SEP 1      0.0                       0.0    0.0      0.0
  SINCE JUL 1      0.0                       0.0    0.0      0.0
  SNOW DEPTH       0

DEGREE DAYS
 HEATING
  YESTERDAY        0                         4     -4        0
  MONTH TO DATE   65                        41     24       10
  SINCE SEP 1     65                        41     24       10
  SINCE JUL 1     67                        43     24       10

 COOLING
  YESTERDAY        5                         3      2        1
  MONTH TO DATE  100                       146    -46      203
  SINCE SEP 1    100                       146    -46      203
  SINCE JAN 1   1219                      1319   -100     1297
..................................................................


WIND (MPH)
  HIGHEST WIND SPEED    14   HIGHEST WIND DIRECTION     S (200)
  HIGHEST GUST SPEED    18   HIGHEST GUST DIRECTION     S (170)
  AVERAGE WIND SPEED     8.8


SKY COVER
  POSSIBLE SUNSHINE  MM
  AVERAGE SKY COVER 0.5


WEATHER CONDITIONS
 THE FOLLOWING WEATHER WAS RECORDED YESTERDAY.
  NO SIGNIFICANT WEATHER WAS OBSERVED.


RELATIVE HUMIDITY (PERCENT)
 HIGHEST    84           300 AM
 LOWEST     45           100 PM
 AVERAGE    65

..........................................................


THE KANSAS CITY INTERNATIONAL MO CLIMATE NORMALS FOR TODAY
                         NORMAL    RECORD    YEAR
 MAXIMUM TEMPERATURE (F)   75        95      1938
 MINIMUM TEMPERATURE (F)   53        34      1984


SUNRISE AND SUNSET
SEPTEMBER 26 2014.....SUNRISE   710 AM CDT   SUNSET   709 PM CDT
SEPTEMBER 27 2014.....SUNRISE   711 AM CDT   SUNSET   708 PM CDT


-  INDICATES NEGATIVE NUMBERS.
R  INDICATES RECORD WAS SET OR TIED.
MM INDICATES DATA IS MISSING.
T  INDICATES TRACE AMOUNT.




&&

...MISCELLANEOUS CLIMATE DATA FROM YESTERDAY...

LOCATION                HIGH    LOW      PRECIP
ST. JOSEPH               84      58       0.00
DOWNTOWN KANSAS CITY     84      63       0.00
OLATHE NEW CENTURY       82      61       0.00
OLATHE JO CO EXEC        81      59       0.00
LEES SUMMIT              82      62       0.00
KIRKSVILLE               79      59       T
CHILLICOTHE              82      60       0.00
SEDALIA                  81      59       0.00
NWS PLEASANT HILL MO     81      59       0.00


THIS PRODUCT...ALONG WITH OTHER WEATHER...HYDROLOGICAL AND CLIMATE
INFORMATION...IS AVAILABLE ON THE WEB AT HTTP://WWW.CRH.NOAA.GOV/EAX
OR AT HTTP://WEATHER.GOV

$$

73
