868
CDUS43 KEAX 220634
CLIMCI

CLIMATE REPORT
NATIONAL WEATHER SERVICE KANSAS CITY/PLEASANT HILL MO
132 AM CDT FRI APR 22 2016


...................................

...THE KANSAS CITY INTERNATIONAL MO CLIMATE SUMMARY FOR APRIL 21 2016...

CLIMATE NORMAL PERIOD 1981 TO 2010
CLIMATE RECORD PERIOD 1888 TO 2016


WEATHER ITEM   OBSERVED TIME   RECORD YEAR NORMAL DEPARTURE LAST
                VALUE   (LST)  VALUE       VALUE  FROM      YEAR
                                                  NORMAL
..................................................................
TEMPERATURE (F)
 YESTERDAY
  MAXIMUM         66    331 PM  90    1980  67     -1       69
  MINIMUM         47    531 AM  29    1982  46      1       39
  AVERAGE         57                        57      0       54

PRECIPITATION (IN)
  YESTERDAY        0.02          2.01 1944   0.13  -0.11     0.00
  MONTH TO DATE    1.47                      2.36  -0.89     2.73
  SINCE MAR 1      4.19                      4.73  -0.54     3.61
  SINCE JAN 1      5.35                      7.26  -1.91     5.79

SNOWFALL (IN)
  YESTERDAY        0.0           0.3  1918   0.0    0.0      0.0
  MONTH TO DATE    0.0                       0.5   -0.5      0.0
  SINCE MAR 1      0.6                       2.5   -1.9       T
  SINCE JUL 1      5.9                      18.7  -12.8     14.2
  SNOW DEPTH       0

DEGREE DAYS
 HEATING
  YESTERDAY        8                         9     -1       11
  MONTH TO DATE  196                       259    -63      156
  SINCE MAR 1    639                       905   -266      718
  SINCE JUL 1   3996                      4950   -954     4932

 COOLING
  YESTERDAY        0                         1     -1        0
  MONTH TO DATE    4                        15    -11        7
  SINCE MAR 1      6                        18    -12        9
  SINCE JAN 1      6                        18    -12        9
..................................................................


WIND (MPH)
  HIGHEST WIND SPEED    21   HIGHEST WIND DIRECTION     N (340)
  HIGHEST GUST SPEED    29   HIGHEST GUST DIRECTION    NW (310)
  AVERAGE WIND SPEED     9.7


SKY COVER
  POSSIBLE SUNSHINE  MM
  AVERAGE SKY COVER 0.6


WEATHER CONDITIONS
 THE FOLLOWING WEATHER WAS RECORDED YESTERDAY.
  LIGHT RAIN
  FOG


RELATIVE HUMIDITY (PERCENT)
 HIGHEST    93           400 AM
 LOWEST     56           300 PM
 AVERAGE    75

..........................................................


THE KANSAS CITY INTERNATIONAL MO CLIMATE NORMALS FOR TODAY
                         NORMAL    RECORD    YEAR
 MAXIMUM TEMPERATURE (F)   68        91      1989
 MINIMUM TEMPERATURE (F)   46        25      1986


SUNRISE AND SUNSET
APRIL 22 2016.........SUNRISE   631 AM CDT   SUNSET   804 PM CDT
APRIL 23 2016.........SUNRISE   630 AM CDT   SUNSET   805 PM CDT


-  INDICATES NEGATIVE NUMBERS.
R  INDICATES RECORD WAS SET OR TIED.
MM INDICATES DATA IS MISSING.
T  INDICATES TRACE AMOUNT.


&&

...MISCELLANEOUS CLIMATE DATA FROM YESTERDAY...

LOCATION                HIGH    LOW      PRECIP
ST. JOSEPH               66      50       0.02
DOWNTOWN KANSAS CITY     69      54       T
OLATHE NEW CENTURY       68      49       T
OLATHE JO CO EXEC        65      50       0.00
LEES SUMMIT              67      52       T
KIRKSVILLE               62      48       0.20
CHILLICOTHE              65      48       0.01
SEDALIA                  68      53       0.06
NWS PLEASANT HILL MO     66      51       0.01


THIS PRODUCT...ALONG WITH OTHER WEATHER...HYDROLOGICAL AND CLIMATE
INFORMATION...IS AVAILABLE ON THE WEB AT HTTP://WWW.WEATHER.GOV/EAX
OR AT HTTP://WEATHER.GOV

$$

JW
