000
CDUS43 KEAX 052233
CLIMCI

CLIMATE REPORT
NATIONAL WEATHER SERVICE KANSAS CITY/PLEASANT HILL MO
432 PM CST SUN NOV 5 2017


...................................

...THE KANSAS CITY INTERNATIONAL MO CLIMATE SUMMARY FOR NOVEMBER 5 2017...
VALID AS OF 0400 PM LOCAL TIME.

CLIMATE NORMAL PERIOD 1981 TO 2010
CLIMATE RECORD PERIOD 1888 TO 2017


WEATHER ITEM   OBSERVED TIME   RECORD YEAR NORMAL DEPARTURE LAST
                VALUE   (LST)  VALUE       VALUE  FROM      YEAR
                                                  NORMAL
..................................................................
TEMPERATURE (F)
 TODAY
  MAXIMUM         53    134 PM  79    1924  59     -6       69
                                      1916
  MINIMUM         48    259 PM  16    1982  39      9       47
  AVERAGE         51                        49      2       58

PRECIPITATION (IN)
  TODAY            0.01          1.82 1912   0.08  -0.07     0.00
  MONTH TO DATE    0.02                      0.41  -0.39     0.29
  SINCE SEP 1      7.69                      8.19  -0.50     7.81
  SINCE JAN 1     45.58                     35.59   9.99    47.24

SNOWFALL (IN)
  TODAY            0.0           1.7  1990   0.0    0.0      0.0
  MONTH TO DATE    0.0                       0.1   -0.1      0.0
  SINCE SEP 1      T                         0.3   -0.3      0.0
  SINCE JUL 1      T                         0.3   -0.3      0.0
  SNOW DEPTH       0

DEGREE DAYS
 HEATING
  TODAY           14                        16     -2        7
  MONTH TO DATE   94                        76     18       11
  SINCE SEP 1    371                       434    -63      176
  SINCE JUL 1    375                       436    -61      176

 COOLING
  TODAY            0                         0      0        0
  MONTH TO DATE    0                         0      0        7
  SINCE SEP 1    247                       185     62      282
  SINCE JAN 1   1325                      1358    -33     1579
..................................................................


WIND (MPH)
  HIGHEST WIND SPEED    21   HIGHEST WIND DIRECTION     N (350)
  HIGHEST GUST SPEED    24   HIGHEST GUST DIRECTION     N (360)
  AVERAGE WIND SPEED     9.0


SKY COVER
  POSSIBLE SUNSHINE  MM
  AVERAGE SKY COVER 1.0


WEATHER CONDITIONS
 THE FOLLOWING WEATHER WAS RECORDED TODAY.
  LIGHT RAIN
  FOG
  HAZE


RELATIVE HUMIDITY (PERCENT)
 HIGHEST   100           500 AM
 LOWEST     71           100 PM
 AVERAGE    86

..........................................................


THE KANSAS CITY INTERNATIONAL MO CLIMATE NORMALS FOR TOMORROW
                         NORMAL    RECORD    YEAR
 MAXIMUM TEMPERATURE (F)   58        83      1915
 MINIMUM TEMPERATURE (F)   39        16      1991
                                             1959


SUNRISE AND SUNSET
NOVEMBER  5 2017......SUNRISE   652 AM CST   SUNSET   513 PM CST
NOVEMBER  6 2017......SUNRISE   653 AM CST   SUNSET   512 PM CST


-  INDICATES NEGATIVE NUMBERS.
R  INDICATES RECORD WAS SET OR TIED.
MM INDICATES DATA IS MISSING.
T  INDICATES TRACE AMOUNT.


&&

...MISCELLANEOUS CLIMATE DATA FROM TODAY...

LOCATION                HIGH    LOW      PRECIP
ST. JOSEPH               52      48       T
DOWNTOWN KANSAS CITY     55      51       T
OLATHE NEW CENTURY       54      49       0.00
OLATHE JO CO EXEC        52      49       0.00
LEES SUMMIT              53      50       T
KIRKSVILLE               53      48       0.11
CHILLICOTHE              55      49       0.00
SEDALIA                  59      52       T
NWS PLEASANT HILL MO     53      49       0.02


THIS PRODUCT...ALONG WITH OTHER WEATHER...HYDROLOGICAL AND CLIMATE
INFORMATION...IS AVAILABLE ON THE WEB AT HTTP://WWW.WEATHER.GOV/EAX
OR AT HTTP://WEATHER.GOV

$$

CUTTER
