000
CDUS43 KEAX 032128
CLIMCI

CLIMATE REPORT
NATIONAL WEATHER SERVICE KANSAS CITY/PLEASANT HILL MO
425 PM CDT THU AUG 3 2017


...................................

...THE KANSAS CITY INTERNATIONAL MO CLIMATE SUMMARY FOR AUGUST 3 2017...
VALID AS OF 0400 PM LOCAL TIME.

CLIMATE NORMAL PERIOD 1981 TO 2010
CLIMATE RECORD PERIOD 1888 TO 2017


WEATHER ITEM   OBSERVED TIME   RECORD YEAR NORMAL DEPARTURE LAST
                VALUE   (LST)  VALUE       VALUE  FROM      YEAR
                                                  NORMAL
..................................................................
TEMPERATURE (F)
 TODAY
  MAXIMUM         81   1248 PM 108    1918  89     -8       90
  MINIMUM         67    508 AM  53    1974  68     -1       72
  AVERAGE         74                        78     -4       81

PRECIPITATION (IN)
  TODAY            0.00          2.03 1985   0.13  -0.13     0.00
  MONTH TO DATE    0.00                      0.37  -0.37     0.17
  SINCE JUN 1     11.43                     10.05   1.38     9.91
  SINCE JAN 1     27.70                     23.88   3.82    30.44

SNOWFALL (IN)
  TODAY            0.0           0.0    MM   0.0    0.0      0.0
  MONTH TO DATE    0.0                       0.0    0.0      0.0
  SINCE JUN 1      0.0                       0.0    0.0      0.0
  SINCE JUL 1      0.0                       0.0    0.0      0.0
  SNOW DEPTH       0

DEGREE DAYS
 HEATING
  TODAY            0                         0      0        0
  MONTH TO DATE    0                         0      0        0
  SINCE JUN 1      1                         9     -8        0
  SINCE JUL 1      0                         0      0        0

 COOLING
  TODAY            9                        13     -4       16
  MONTH TO DATE   28                        40    -12       44
  SINCE JUN 1    773                       720     53      889
  SINCE JAN 1    884                       836     48      960
..................................................................


WIND (MPH)
  HIGHEST WIND SPEED    17   HIGHEST WIND DIRECTION    NW (300)
  HIGHEST GUST SPEED    23   HIGHEST GUST DIRECTION    NW (320)
  AVERAGE WIND SPEED     7.8


SKY COVER
  POSSIBLE SUNSHINE  MM
  AVERAGE SKY COVER 0.5


WEATHER CONDITIONS
 THE FOLLOWING WEATHER WAS RECORDED TODAY.
  HAZE


RELATIVE HUMIDITY (PERCENT)
 HIGHEST    93           500 AM
 LOWEST     58           300 PM
 AVERAGE    76

..........................................................


THE KANSAS CITY INTERNATIONAL MO CLIMATE NORMALS FOR TOMORROW
                         NORMAL    RECORD    YEAR
 MAXIMUM TEMPERATURE (F)   89       107      1934
 MINIMUM TEMPERATURE (F)   68        52      1974


SUNRISE AND SUNSET
AUGUST  3 2017........SUNRISE   621 AM CDT   SUNSET   828 PM CDT
AUGUST  4 2017........SUNRISE   622 AM CDT   SUNSET   827 PM CDT


-  INDICATES NEGATIVE NUMBERS.
R  INDICATES RECORD WAS SET OR TIED.
MM INDICATES DATA IS MISSING.
T  INDICATES TRACE AMOUNT.


&&

...MISCELLANEOUS CLIMATE DATA FROM TODAY...

LOCATION                HIGH    LOW      PRECIP
ST. JOSEPH               78      68       T
DOWNTOWN KANSAS CITY     83      71       0.00
OLATHE NEW CENTURY       83      67       0.00
OLATHE JO CO EXEC        83      67       0.00
LEES SUMMIT              84      70       0.00
KIRKSVILLE               84      64       0.00
CHILLICOTHE              83      65       0.00
SEDALIA                  86      69       0.00
NWS PLEASANT HILL MO     86      68       0.00


THIS PRODUCT...ALONG WITH OTHER WEATHER...HYDROLOGICAL AND CLIMATE
INFORMATION...IS AVAILABLE ON THE WEB AT HTTP://WWW.WEATHER.GOV/EAX
OR AT HTTP://WEATHER.GOV

$$
