031
CDUS43 KEAX 160638
CLIMCI

CLIMATE REPORT
NATIONAL WEATHER SERVICE KANSAS CITY/PLEASANT HILL MO
134 AM CDT MON OCT 16 2017


...................................

...THE KANSAS CITY INTERNATIONAL MO CLIMATE SUMMARY FOR OCTOBER 15 2017...

CLIMATE NORMAL PERIOD 1981 TO 2010
CLIMATE RECORD PERIOD 1888 TO 2017


WEATHER ITEM   OBSERVED TIME   RECORD YEAR NORMAL DEPARTURE LAST
                VALUE   (LST)  VALUE       VALUE  FROM      YEAR
                                                  NORMAL
..................................................................
TEMPERATURE (F)
 YESTERDAY
  MAXIMUM         61    341 PM  91    1938  67     -6       73
  MINIMUM         43   1001 PM  32    1943  46     -3       65
                                      1891
  AVERAGE         52                        57     -5       69

PRECIPITATION (IN)
  YESTERDAY        0.00          1.55 1967   0.10  -0.10     0.00
  MONTH TO DATE    1.94                      1.68   0.26     2.48
  SINCE SEP 1      4.74                      6.30  -1.56     7.42
  SINCE JAN 1     42.63                     33.70   8.93    46.85

SNOWFALL (IN)
  YESTERDAY        0.0           T    2001   0.0    0.0      0.0
  MONTH TO DATE    0.0                       0.0    0.0      0.0
  SINCE SEP 1      0.0                       0.0    0.0      0.0
  SINCE JUL 1      0.0                       0.0    0.0      0.0
  SNOW DEPTH       0

DEGREE DAYS
 HEATING
  YESTERDAY       13                         9      4        0
  MONTH TO DATE   49                       107    -58       74
  SINCE SEP 1     65                       172   -107       95
  SINCE JUL 1     69                       174   -105       95

 COOLING
  YESTERDAY        0                         1     -1        4
  MONTH TO DATE   42                        20     22       15
  SINCE SEP 1    247                       179     68      235
  SINCE JAN 1   1325                      1352    -27     1532
..................................................................


WIND (MPH)
  HIGHEST WIND SPEED    23   HIGHEST WIND DIRECTION    NW (330)
  HIGHEST GUST SPEED    35   HIGHEST GUST DIRECTION    NW (330)
  AVERAGE WIND SPEED    10.6


SKY COVER
  POSSIBLE SUNSHINE  MM
  AVERAGE SKY COVER 0.4


WEATHER CONDITIONS
 THE FOLLOWING WEATHER WAS RECORDED YESTERDAY.
  NO SIGNIFICANT WEATHER WAS OBSERVED.


RELATIVE HUMIDITY (PERCENT)
 HIGHEST    89           700 AM
 LOWEST     39           400 PM
 AVERAGE    64

..........................................................


THE KANSAS CITY INTERNATIONAL MO CLIMATE NORMALS FOR TODAY
                         NORMAL    RECORD    YEAR
 MAXIMUM TEMPERATURE (F)   67        90      1938
 MINIMUM TEMPERATURE (F)   46        29      1976
                                             1943


SUNRISE AND SUNSET
OCTOBER 16 2017.......SUNRISE   730 AM CDT   SUNSET   638 PM CDT
OCTOBER 17 2017.......SUNRISE   731 AM CDT   SUNSET   637 PM CDT


-  INDICATES NEGATIVE NUMBERS.
R  INDICATES RECORD WAS SET OR TIED.
MM INDICATES DATA IS MISSING.
T  INDICATES TRACE AMOUNT.


&&

...MISCELLANEOUS CLIMATE DATA FROM YESTERDAY...

LOCATION                HIGH    LOW      PRECIP
ST. JOSEPH               63      39       0.00
DOWNTOWN KANSAS CITY     62      47       0.00
OLATHE NEW CENTURY       61      42       0.00
OLATHE JO CO EXEC        61      42       0.00
LEES SUMMIT              61      46       0.00
KIRKSVILLE               61      39       0.00
CHILLICOTHE              62      40       0.00
SEDALIA                  63      48       0.19
NWS PLEASANT HILL MO     61      44       0.00


THIS PRODUCT...ALONG WITH OTHER WEATHER...HYDROLOGICAL AND CLIMATE
INFORMATION...IS AVAILABLE ON THE WEB AT HTTP://WWW.WEATHER.GOV/EAX
OR AT HTTP://WEATHER.GOV

$$
