000
CDUS43 KEAX 122232
CLIMCI

CLIMATE REPORT
NATIONAL WEATHER SERVICE KANSAS CITY/PLEASANT HILL MO
431 PM CST SUN FEB 12 2017


...................................

...THE KANSAS CITY INTERNATIONAL MO CLIMATE SUMMARY FOR FEBRUARY 12 2017...
VALID AS OF 0400 PM LOCAL TIME.

CLIMATE NORMAL PERIOD 1981 TO 2010
CLIMATE RECORD PERIOD 1888 TO 2017


WEATHER ITEM   OBSERVED TIME   RECORD YEAR NORMAL DEPARTURE LAST
                VALUE   (LST)  VALUE       VALUE  FROM      YEAR
                                                  NORMAL
..................................................................
TEMPERATURE (F)
 TODAY
  MAXIMUM         52    224 PM  72    1961  42     10       36
  MINIMUM         40    805 AM -22    1899  23     17       18
  AVERAGE         46                        32     14       27

PRECIPITATION (IN)
  TODAY            0.00          0.80 1894   0.05  -0.05     0.00
  MONTH TO DATE    T                         0.59  -0.59     0.40
  SINCE DEC 1      2.58                      3.19  -0.61     4.40
  SINCE JAN 1      1.39                      1.66  -0.27     1.16

SNOWFALL (IN)
  TODAY            0.0           8.7  1894   0.2   -0.2      0.0
  MONTH TO DATE    0.0                       2.5   -2.5       T
  SINCE DEC 1      4.5                      11.9   -7.4      5.3
  SINCE JUL 1      4.5                      13.3   -8.8      5.3
  SNOW DEPTH       0

DEGREE DAYS
 HEATING
  TODAY           19                        33    -14       38
  MONTH TO DATE  341                       408    -67      383
  SINCE DEC 1   2419                      2570   -151     2250
  SINCE JUL 1   3003                      3572   -569     2997

 COOLING
  TODAY            0                         0      0        0
  MONTH TO DATE    0                         0      0        0
  SINCE DEC 1      0                         0      0        0
  SINCE JAN 1      0                         0      0        0
..................................................................


WIND (MPH)
  HIGHEST WIND SPEED    25   HIGHEST WIND DIRECTION     N (10)
  HIGHEST GUST SPEED    32   HIGHEST GUST DIRECTION     N (10)
  AVERAGE WIND SPEED    15.5


SKY COVER
  POSSIBLE SUNSHINE  MM
  AVERAGE SKY COVER 0.5


WEATHER CONDITIONS
 THE FOLLOWING WEATHER WAS RECORDED TODAY.
  NO SIGNIFICANT WEATHER WAS OBSERVED.


RELATIVE HUMIDITY (PERCENT)
 HIGHEST    70           600 AM
 LOWEST     21           300 PM
 AVERAGE    46

..........................................................


THE KANSAS CITY INTERNATIONAL MO CLIMATE NORMALS FOR TOMORROW
                         NORMAL    RECORD    YEAR
 MAXIMUM TEMPERATURE (F)   43        71      1967
 MINIMUM TEMPERATURE (F)   23       -21      1905


SUNRISE AND SUNSET
FEBRUARY 12 2017......SUNRISE   714 AM CST   SUNSET   553 PM CST
FEBRUARY 13 2017......SUNRISE   713 AM CST   SUNSET   554 PM CST


-  INDICATES NEGATIVE NUMBERS.
R  INDICATES RECORD WAS SET OR TIED.
MM INDICATES DATA IS MISSING.
T  INDICATES TRACE AMOUNT.


&&

...MISCELLANEOUS CLIMATE DATA FROM TODAY...

LOCATION                HIGH    LOW      PRECIP
ST. JOSEPH               52      39       0.00
DOWNTOWN KANSAS CITY     55      44       0.00
OLATHE NEW CENTURY       51      42       0.00
OLATHE JO CO EXEC        51      42       0.00
LEES SUMMIT              53      43       0.00
KIRKSVILLE               52      39       0.00
CHILLICOTHE              54      42       0.00
SEDALIA                  54      41       0.00
NWS PLEASANT HILL MO     52      43       0.00


THIS PRODUCT...ALONG WITH OTHER WEATHER...HYDROLOGICAL AND CLIMATE
INFORMATION...IS AVAILABLE ON THE WEB AT HTTP://WWW.WEATHER.GOV/EAX
OR AT HTTP://WEATHER.GOV

$$
