000
CDUS43 KEAX 080635
CLIMCI

CLIMATE REPORT
NATIONAL WEATHER SERVICE KANSAS CITY/PLEASANT HILL MO
1233 AM CST MON JAN 8 2018


...................................

...THE KANSAS CITY INTERNATIONAL MO CLIMATE SUMMARY FOR JANUARY 7 2018...

CLIMATE NORMAL PERIOD 1981 TO 2010
CLIMATE RECORD PERIOD 1888 TO 2018


WEATHER ITEM   OBSERVED TIME   RECORD YEAR NORMAL DEPARTURE LAST
                VALUE   (LST)  VALUE       VALUE  FROM      YEAR
                                                  NORMAL
..................................................................
TEMPERATURE (F)
 YESTERDAY
  MAXIMUM         37        MM  70    1907  38     -1       22
  MINIMUM         30   1159 PM -11    1912  20     10        0
  AVERAGE         34                        29      5       11

PRECIPITATION (IN)
  YESTERDAY        0.18          1.74 1937   0.03   0.15     0.00
  MONTH TO DATE    0.18                      0.23  -0.05     0.38
  SINCE DEC 1      0.37                      1.76  -1.39     1.57
  SINCE JAN 1      0.18                      0.23  -0.05     0.38

SNOWFALL (IN)
  YESTERDAY        0.0           3.3  1926   0.2   -0.2      0.0
  MONTH TO DATE    0.0                       1.0   -1.0      2.2
  SINCE DEC 1      2.2                       5.8   -3.6      4.5
  SINCE JUL 1      2.2                       7.2   -5.0      4.5
  SNOW DEPTH       0

DEGREE DAYS
 HEATING
  YESTERDAY       31                        36     -5       54
  MONTH TO DATE  343                       252     91      313
  SINCE DEC 1   1354                      1292     62     1386
  SINCE JUL 1   2234                      2294    -60     1970

 COOLING
  YESTERDAY        0                         0      0        0
  MONTH TO DATE    0                         0      0        0
  SINCE DEC 1      0                         0      0        0
  SINCE JAN 1      0                         0      0        0
..................................................................


WIND (MPH)
  HIGHEST WIND SPEED    17   HIGHEST WIND DIRECTION     S (170)
  HIGHEST GUST SPEED    24   HIGHEST GUST DIRECTION     S (170)
  AVERAGE WIND SPEED     9.6


SKY COVER
  POSSIBLE SUNSHINE  MM
  AVERAGE SKY COVER 0.9


WEATHER CONDITIONS
 THE FOLLOWING WEATHER WAS RECORDED YESTERDAY.
  RAIN
  LIGHT RAIN
  LT FREEZING RAIN
  FOG
  FOG W/VISIBILITY <= 1/4 MILE


RELATIVE HUMIDITY (PERCENT)
 HIGHEST   100           400 PM
 LOWEST     47          1200 AM
 AVERAGE    74

..........................................................


THE KANSAS CITY INTERNATIONAL MO CLIMATE NORMALS FOR TODAY
                         NORMAL    RECORD    YEAR
 MAXIMUM TEMPERATURE (F)   38        71      2003
 MINIMUM TEMPERATURE (F)   20       -10      1979


SUNRISE AND SUNSET
JANUARY  8 2018.......SUNRISE   739 AM CST   SUNSET   513 PM CST
JANUARY  9 2018.......SUNRISE   739 AM CST   SUNSET   514 PM CST


-  INDICATES NEGATIVE NUMBERS.
R  INDICATES RECORD WAS SET OR TIED.
MM INDICATES DATA IS MISSING.
T  INDICATES TRACE AMOUNT.


&&

...MISCELLANEOUS CLIMATE DATA FROM YESTERDAY...

LOCATION                HIGH    LOW      PRECIP
ST. JOSEPH               M       M         0.01
DOWNTOWN KANSAS CITY     39      32       0.01
OLATHE NEW CENTURY       37      30       0.16
OLATHE JO CO EXEC        35      28       0.15
LEES SUMMIT              36      29       0.14
KIRKSVILLE               33      19       0.19
CHILLICOTHE              36      24       0.16
SEDALIA                  38      30       0.52
NWS PLEASANT HILL MO     34      26       0.39


THIS PRODUCT...ALONG WITH OTHER WEATHER...HYDROLOGICAL AND CLIMATE
INFORMATION...IS AVAILABLE ON THE WEB AT HTTP://WWW.WEATHER.GOV/EAX
OR AT HTTP://WEATHER.GOV

$$
