476
CDUS43 KEAX 150652
CLIMCI

CLIMATE REPORT
NATIONAL WEATHER SERVICE KANSAS CITY/PLEASANT HILL MO
149 AM CDT SUN OCT 15 2017


...................................

...THE KANSAS CITY INTERNATIONAL MO CLIMATE SUMMARY FOR OCTOBER 14 2017...

CLIMATE NORMAL PERIOD 1981 TO 2010
CLIMATE RECORD PERIOD 1888 TO 2017


WEATHER ITEM   OBSERVED TIME   RECORD YEAR NORMAL DEPARTURE LAST
                VALUE   (LST)  VALUE       VALUE  FROM      YEAR
                                                  NORMAL
..................................................................
TEMPERATURE (F)
 YESTERDAY
  MAXIMUM         79   1114 AM  92    1963  68     11       69
                                      1938
  MINIMUM         54   1159 PM  29    1937  47      7       48
  AVERAGE         67                        57     10       59

PRECIPITATION (IN)
  YESTERDAY        1.23          1.58 1960   0.10   1.13     0.01
  MONTH TO DATE    1.94                      1.58   0.36     2.48
  SINCE SEP 1      4.74                      6.20  -1.46     7.42
  SINCE JAN 1     42.63                     33.60   9.03    46.85

SNOWFALL (IN)
  YESTERDAY        0.0           0.0    MM   0.0    0.0      0.0
  MONTH TO DATE    0.0                       0.0    0.0      0.0
  SINCE SEP 1      0.0                       0.0    0.0      0.0
  SINCE JUL 1      0.0                       0.0    0.0      0.0
  SNOW DEPTH       0

DEGREE DAYS
 HEATING
  YESTERDAY        0                         9     -9        6
  MONTH TO DATE   36                        98    -62       74
  SINCE SEP 1     52                       163   -111       95
  SINCE JUL 1     56                       165   -109       95

 COOLING
  YESTERDAY        2                         1      1        0
  MONTH TO DATE   42                        19     23       11
  SINCE SEP 1    247                       178     69      231
  SINCE JAN 1   1325                      1351    -26     1528
..................................................................


WIND (MPH)
  HIGHEST WIND SPEED    25   HIGHEST WIND DIRECTION     S (190)
  HIGHEST GUST SPEED    38   HIGHEST GUST DIRECTION     S (170)
  AVERAGE WIND SPEED     8.8


SKY COVER
  POSSIBLE SUNSHINE  MM
  AVERAGE SKY COVER 0.9


WEATHER CONDITIONS
 THE FOLLOWING WEATHER WAS RECORDED YESTERDAY.
  THUNDERSTORM
  HEAVY RAIN
  RAIN
  LIGHT RAIN
  FOG


RELATIVE HUMIDITY (PERCENT)
 HIGHEST    97           300 AM
 LOWEST     82          1100 AM
 AVERAGE    90

..........................................................


THE KANSAS CITY INTERNATIONAL MO CLIMATE NORMALS FOR TODAY
                         NORMAL    RECORD    YEAR
 MAXIMUM TEMPERATURE (F)   67        91      1938
 MINIMUM TEMPERATURE (F)   46        32      1943
                                             1891


SUNRISE AND SUNSET
OCTOBER 15 2017.......SUNRISE   729 AM CDT   SUNSET   640 PM CDT
OCTOBER 16 2017.......SUNRISE   730 AM CDT   SUNSET   638 PM CDT


-  INDICATES NEGATIVE NUMBERS.
R  INDICATES RECORD WAS SET OR TIED.
MM INDICATES DATA IS MISSING.
T  INDICATES TRACE AMOUNT.


&&

...MISCELLANEOUS CLIMATE DATA FROM YESTERDAY...

LOCATION                HIGH    LOW      PRECIP
ST. JOSEPH               73      53       0.43
DOWNTOWN KANSAS CITY     84      57       1.15
OLATHE NEW CENTURY       87      56       0.23
OLATHE JO CO EXEC        85      56       0.26
LEES SUMMIT              87      56       0.54
KIRKSVILLE               83      59       0.79
CHILLICOTHE              79      56       0.26
SEDALIA                  88      62       1.32
NWS PLEASANT HILL MO     86      57       0.75


THIS PRODUCT...ALONG WITH OTHER WEATHER...HYDROLOGICAL AND CLIMATE
INFORMATION...IS AVAILABLE ON THE WEB AT HTTP://WWW.WEATHER.GOV/EAX
OR AT HTTP://WEATHER.GOV

$$
