000
CDUS43 KEAX 192224
CLIMCI

CLIMATE REPORT
NATIONAL WEATHER SERVICE KANSAS CITY/PLEASANT HILL MO
423 PM CST MON JAN 19 2015


...................................

...THE KANSAS CITY INTERNATIONAL MO CLIMATE SUMMARY FOR JANUARY 19 2015...
VALID AS OF 0400 PM LOCAL TIME.

CLIMATE NORMAL PERIOD 1981 TO 2010
CLIMATE RECORD PERIOD 1888 TO 2015


WEATHER ITEM   OBSERVED TIME   RECORD YEAR NORMAL DEPARTURE LAST
                VALUE   (LST)  VALUE       VALUE  FROM      YEAR
                                                  NORMAL
..................................................................
TEMPERATURE (F)
 TODAY
  MAXIMUM         64    208 PM  66    1906  38     26       62
  MINIMUM         26    601 AM -17    1892  19      7       18
  AVERAGE         45                        29     16       40

PRECIPITATION (IN)
  TODAY            0.00          1.25 1907   0.03  -0.03     0.00
  MONTH TO DATE    0.12                      0.60  -0.48     0.36
  SINCE DEC 1      1.95                      2.13  -0.18     1.16
  SINCE JAN 1      0.12                      0.60  -0.48     0.36

SNOWFALL (IN)
  TODAY            0.0           7.0  2011   0.2   -0.2      0.0
  MONTH TO DATE    1.6                       2.7   -1.1      5.1
  SINCE DEC 1      4.2                       7.5   -3.3     10.8
  SINCE JUL 1      4.7                       8.9   -4.2     10.8
  SNOW DEPTH       0

DEGREE DAYS
 HEATING
  TODAY           20                        36    -16       25
  MONTH TO DATE  729                       684     45      747
  SINCE DEC 1   1672                      1724    -52     1879
  SINCE JUL 1   2793                      2726     67     2944

 COOLING
  TODAY            0                         0      0        0
  MONTH TO DATE    0                         0      0        0
  SINCE DEC 1      0                         0      0        0
  SINCE JAN 1      0                         0      0        0
..................................................................


WIND (MPH)
  HIGHEST WIND SPEED    16   HIGHEST WIND DIRECTION    SW (210)
  HIGHEST GUST SPEED    20   HIGHEST GUST DIRECTION     S (200)
  AVERAGE WIND SPEED     7.5


SKY COVER
  POSSIBLE SUNSHINE  MM
  AVERAGE SKY COVER 0.3


WEATHER CONDITIONS
 THE FOLLOWING WEATHER WAS RECORDED TODAY.
  HAZE


RELATIVE HUMIDITY (PERCENT)
 HIGHEST    78           800 AM
 LOWEST     24           200 PM
 AVERAGE    51

..........................................................


THE KANSAS CITY INTERNATIONAL MO CLIMATE NORMALS FOR TOMORROW
                         NORMAL    RECORD    YEAR
 MAXIMUM TEMPERATURE (F)   38        69      1906
 MINIMUM TEMPERATURE (F)   19       -14      1985


SUNRISE AND SUNSET
JANUARY 19 2015.......SUNRISE   735 AM CST   SUNSET   524 PM CST
JANUARY 20 2015.......SUNRISE   735 AM CST   SUNSET   525 PM CST


-  INDICATES NEGATIVE NUMBERS.
R  INDICATES RECORD WAS SET OR TIED.
MM INDICATES DATA IS MISSING.
T  INDICATES TRACE AMOUNT.




&&

...MISCELLANEOUS CLIMATE DATA FROM TODAY...

LOCATION                HIGH    LOW      PRECIP
ST. JOSEPH               64      18       0.00
DOWNTOWN KANSAS CITY     66      28       0.00
OLATHE NEW CENTURY       64      28       0.00
OLATHE JO CO EXEC        64      31       0.00
LEES SUMMIT              65      29       0.00
KIRKSVILLE               53      25       0.00
CHILLICOTHE              58      25       0.00
SEDALIA                  62      28       0.00
NWS PLEASANT HILL MO     65      30       0.00


THIS PRODUCT...ALONG WITH OTHER WEATHER...HYDROLOGICAL AND CLIMATE
INFORMATION...IS AVAILABLE ON THE WEB AT HTTP://WWW.CRH.NOAA.GOV/EAX
OR AT HTTP://WEATHER.GOV

$$

PM
