572
CDUS43 KEAX 090636
CLIMCI

CLIMATE REPORT
NATIONAL WEATHER SERVICE KANSAS CITY/PLEASANT HILL MO
134 AM CDT WED AUG 9 2017


...................................

...THE KANSAS CITY INTERNATIONAL MO CLIMATE SUMMARY FOR AUGUST 8 2017...

CLIMATE NORMAL PERIOD 1981 TO 2010
CLIMATE RECORD PERIOD 1888 TO 2017


WEATHER ITEM   OBSERVED TIME   RECORD YEAR NORMAL DEPARTURE LAST
                VALUE   (LST)  VALUE       VALUE  FROM      YEAR
                                                  NORMAL
..................................................................
TEMPERATURE (F)
 YESTERDAY
  MAXIMUM         80    356 PM 109    1934  88     -8       80
  MINIMUM         62    614 AM  52    1989  68     -6       69
  AVERAGE         71                        78     -7       75

PRECIPITATION (IN)
  YESTERDAY        0.00          1.16 1940   0.12  -0.12      T
  MONTH TO DATE    2.15                      0.96   1.19     0.21
  SINCE JUN 1     13.58                     10.64   2.94     9.95
  SINCE JAN 1     29.85                     24.47   5.38    30.48

SNOWFALL (IN)
  YESTERDAY        0.0           0.0    MM   0.0    0.0      0.0
  MONTH TO DATE    0.0                       0.0    0.0      0.0
  SINCE JUN 1      0.0                       0.0    0.0      0.0
  SINCE JUL 1      0.0                       0.0    0.0      0.0
  SNOW DEPTH       0

DEGREE DAYS
 HEATING
  YESTERDAY        0                         0      0        0
  MONTH TO DATE    4                         0      4        0
  SINCE JUN 1      5                         9     -4        0
  SINCE JUL 1      4                         0      4        0

 COOLING
  YESTERDAY        6                        13     -7       10
  MONTH TO DATE   43                       105    -62      104
  SINCE JUN 1    788                       785      3      949
  SINCE JAN 1    899                       901     -2     1020
..................................................................


WIND (MPH)
  HIGHEST WIND SPEED    12   HIGHEST WIND DIRECTION    SE (130)
  HIGHEST GUST SPEED    16   HIGHEST GUST DIRECTION    SE (130)
  AVERAGE WIND SPEED     6.0


SKY COVER
  POSSIBLE SUNSHINE  MM
  AVERAGE SKY COVER 0.2


WEATHER CONDITIONS
 THE FOLLOWING WEATHER WAS RECORDED YESTERDAY.
  FOG
  HAZE


RELATIVE HUMIDITY (PERCENT)
 HIGHEST    90           600 AM
 LOWEST     49           200 PM
 AVERAGE    70

..........................................................


THE KANSAS CITY INTERNATIONAL MO CLIMATE NORMALS FOR TODAY
                         NORMAL    RECORD    YEAR
 MAXIMUM TEMPERATURE (F)   88       110      1936
                                             1934
 MINIMUM TEMPERATURE (F)   68        55      1927


SUNRISE AND SUNSET
AUGUST  9 2017........SUNRISE   626 AM CDT   SUNSET   822 PM CDT
AUGUST 10 2017........SUNRISE   627 AM CDT   SUNSET   820 PM CDT


-  INDICATES NEGATIVE NUMBERS.
R  INDICATES RECORD WAS SET OR TIED.
MM INDICATES DATA IS MISSING.
T  INDICATES TRACE AMOUNT.


&&

...MISCELLANEOUS CLIMATE DATA FROM YESTERDAY...

LOCATION                HIGH    LOW      PRECIP
ST. JOSEPH               82      55       0.00
DOWNTOWN KANSAS CITY     83      63       0.00
OLATHE NEW CENTURY       81      61       0.00
OLATHE JO CO EXEC        80      61       0.00
LEES SUMMIT              80      62       0.00
KIRKSVILLE               83      55       0.00
CHILLICOTHE              83      57       0.00
SEDALIA                  82      61       0.00
NWS PLEASANT HILL MO     81      62       0.00


THIS PRODUCT...ALONG WITH OTHER WEATHER...HYDROLOGICAL AND CLIMATE
INFORMATION...IS AVAILABLE ON THE WEB AT HTTP://WWW.WEATHER.GOV/EAX
OR AT HTTP://WEATHER.GOV

$$
