000
CDUS43 KEAX 140633
CLIMCI

CLIMATE REPORT
NATIONAL WEATHER SERVICE KANSAS CITY/PLEASANT HILL MO
133 AM CDT TUE MAR 14 2017


...................................

...THE KANSAS CITY INTERNATIONAL MO CLIMATE SUMMARY FOR MARCH 13 2017...

CLIMATE NORMAL PERIOD 1981 TO 2010
CLIMATE RECORD PERIOD 1888 TO 2017


WEATHER ITEM   OBSERVED TIME   RECORD YEAR NORMAL DEPARTURE LAST
                VALUE   (LST)  VALUE       VALUE  FROM      YEAR
                                                  NORMAL
..................................................................
TEMPERATURE (F)
 YESTERDAY
  MAXIMUM         41   1223 AM  82    1918  54    -13       62
  MINIMUM         25   1159 PM  10    1993  32     -7       48
                                      1975
                                      1895
  AVERAGE         33                        43    -10       55

PRECIPITATION (IN)
  YESTERDAY        T             1.50 1922   0.07  -0.07     0.01
  MONTH TO DATE    0.41                      0.86  -0.45     1.10
  SINCE MAR 1      0.41                      0.86  -0.45     1.10
  SINCE JAN 1      1.86                      3.39  -1.53     2.26

SNOWFALL (IN)
  YESTERDAY        0.0           2.3  1956   0.1   -0.1      0.0
  MONTH TO DATE    0.4                       1.1   -0.7      0.0
  SINCE MAR 1      0.4                       1.1   -0.7      0.0
  SINCE JUL 1      4.9                      17.3  -12.4      5.3
  SNOW DEPTH       0

DEGREE DAYS
 HEATING
  YESTERDAY       32                        22     10       10
  MONTH TO DATE  272                       314    -42      168
  SINCE MAR 1    272                       314    -42      168
  SINCE JUL 1   3526                      4359   -833     3525

 COOLING
  YESTERDAY        0                         0      0        0
  MONTH TO DATE    0                         0      0        2
  SINCE MAR 1      0                         0      0        2
  SINCE JAN 1      0                         0      0        2
..................................................................


WIND (MPH)
  HIGHEST WIND SPEED    24   HIGHEST WIND DIRECTION     N (10)
  HIGHEST GUST SPEED    32   HIGHEST GUST DIRECTION    NW (320)
  AVERAGE WIND SPEED    14.4


SKY COVER
  POSSIBLE SUNSHINE  MM
  AVERAGE SKY COVER 1.0


WEATHER CONDITIONS
 THE FOLLOWING WEATHER WAS RECORDED YESTERDAY.
  LIGHT RAIN
  LT FREEZING RAIN
  FOG


RELATIVE HUMIDITY (PERCENT)
 HIGHEST    85           800 AM
 LOWEST     63           400 PM
 AVERAGE    74

..........................................................


THE KANSAS CITY INTERNATIONAL MO CLIMATE NORMALS FOR TODAY
                         NORMAL    RECORD    YEAR
 MAXIMUM TEMPERATURE (F)   55        82      2012
                                             1935
 MINIMUM TEMPERATURE (F)   33         6      1897


SUNRISE AND SUNSET
MARCH 14 2017.........SUNRISE   731 AM CDT   SUNSET   725 PM CDT
MARCH 15 2017.........SUNRISE   730 AM CDT   SUNSET   726 PM CDT


-  INDICATES NEGATIVE NUMBERS.
R  INDICATES RECORD WAS SET OR TIED.
MM INDICATES DATA IS MISSING.
T  INDICATES TRACE AMOUNT.


&&

...MISCELLANEOUS CLIMATE DATA FROM YESTERDAY...

LOCATION                HIGH    LOW      PRECIP
ST. JOSEPH               41      24       0.00
DOWNTOWN KANSAS CITY     43      27       0.00
OLATHE NEW CENTURY       39      26       0.01
OLATHE JO CO EXEC        39      26       T
LEES SUMMIT              41      27       T
KIRKSVILLE               35      26       0.11
CHILLICOTHE              41      27       0.02
SEDALIA                  41      30       T
NWS PLEASANT HILL MO     40      27       0.01


THIS PRODUCT...ALONG WITH OTHER WEATHER...HYDROLOGICAL AND CLIMATE
INFORMATION...IS AVAILABLE ON THE WEB AT HTTP://WWW.WEATHER.GOV/EAX
OR AT HTTP://WEATHER.GOV

$$

CDB
