000
CDUS43 KEAX 170637
CLIMCI

CLIMATE REPORT
NATIONAL WEATHER SERVICE KANSAS CITY/PLEASANT HILL MO
136 AM CDT SUN MAY 17 2015


...................................

...THE KANSAS CITY INTERNATIONAL MO CLIMATE SUMMARY FOR MAY 16 2015...

CLIMATE NORMAL PERIOD 1981 TO 2010
CLIMATE RECORD PERIOD 1888 TO 2015


WEATHER ITEM   OBSERVED TIME   RECORD YEAR NORMAL DEPARTURE LAST
                VALUE   (LST)  VALUE       VALUE  FROM      YEAR
                                                  NORMAL
..................................................................
TEMPERATURE (F)
 YESTERDAY
  MAXIMUM         81    405 PM  94    1931  75      6       57
  MINIMUM         63   1159 PM  35    2014  54      9       35
  AVERAGE         72                        64      8       46

PRECIPITATION (IN)
  YESTERDAY        1.74          2.65 1957   0.17   1.57     0.01
  MONTH TO DATE    5.07                      2.68   2.39     0.78
  SINCE MAR 1      9.24                      8.75   0.49     6.32
  SINCE JAN 1     11.42                     11.28   0.14     8.07

SNOWFALL (IN)
  YESTERDAY        0.0           0.0    MM   0.0    0.0      0.0
  MONTH TO DATE    0.0                       0.0    0.0      0.0
  SINCE MAR 1      T                         2.6   -2.6      3.6
  SINCE JUL 1     14.2                      18.8   -4.6     26.2
  SNOW DEPTH       0

DEGREE DAYS
 HEATING
  YESTERDAY        0                         3     -3       19
  MONTH TO DATE   33                        73    -40       92
  SINCE MAR 1    839                      1048   -209     1198
  SINCE JUL 1   5053                      5093    -40     5764

 COOLING
  YESTERDAY        7                         3      4        0
  MONTH TO DATE   38                        28     10       47
  SINCE MAR 1     47                        56     -9       56
  SINCE JAN 1     47                        56     -9       56
..................................................................


WIND (MPH)
  HIGHEST WIND SPEED    22   HIGHEST WIND DIRECTION     S (200)
  HIGHEST GUST SPEED    28   HIGHEST GUST DIRECTION     S (190)
  AVERAGE WIND SPEED    12.5


SKY COVER
  POSSIBLE SUNSHINE  MM
  AVERAGE SKY COVER 0.6


WEATHER CONDITIONS
 THE FOLLOWING WEATHER WAS RECORDED YESTERDAY.
  THUNDERSTORM
  HEAVY RAIN
  RAIN
  LIGHT RAIN
  FOG


RELATIVE HUMIDITY (PERCENT)
 HIGHEST    93           300 AM
 LOWEST     62           300 PM
 AVERAGE    78

..........................................................


THE KANSAS CITY INTERNATIONAL MO CLIMATE NORMALS FOR TODAY
                         NORMAL    RECORD    YEAR
 MAXIMUM TEMPERATURE (F)   75        90      1966
                                             1939
 MINIMUM TEMPERATURE (F)   55        37      2014


SUNRISE AND SUNSET
MAY 17 2015...........SUNRISE   604 AM CDT   SUNSET   827 PM CDT
MAY 18 2015...........SUNRISE   603 AM CDT   SUNSET   828 PM CDT


-  INDICATES NEGATIVE NUMBERS.
R  INDICATES RECORD WAS SET OR TIED.
MM INDICATES DATA IS MISSING.
T  INDICATES TRACE AMOUNT.




&&

...MISCELLANEOUS CLIMATE DATA FROM YESTERDAY...

LOCATION                HIGH    LOW      PRECIP
ST. JOSEPH               81      62       1.71
DOWNTOWN KANSAS CITY     84      63       2.91
OLATHE NEW CENTURY       82      61       2.15
OLATHE JO CO EXEC        81      61       1.78
LEES SUMMIT              81      62       2.00
KIRKSVILLE               79      61       0.45
CHILLICOTHE              80      62       0.10
SEDALIA                  80      66       0.49
NWS PLEASANT HILL MO     82      61       1.03


THIS PRODUCT...ALONG WITH OTHER WEATHER...HYDROLOGICAL AND CLIMATE
INFORMATION...IS AVAILABLE ON THE WEB AT HTTP://WWW.CRH.NOAA.GOV/EAX
OR AT HTTP://WEATHER.GOV

$$

JW
