000
CDUS43 KEAX 140634
CLIMCI

CLIMATE REPORT
NATIONAL WEATHER SERVICE KANSAS CITY/PLEASANT HILL MO
133 AM CDT SUN AUG 14 2016


...................................

...THE KANSAS CITY INTERNATIONAL MO CLIMATE SUMMARY FOR AUGUST 13 2016...

CLIMATE NORMAL PERIOD 1981 TO 2010
CLIMATE RECORD PERIOD 1888 TO 2016


WEATHER ITEM   OBSERVED TIME   RECORD YEAR NORMAL DEPARTURE LAST
                VALUE   (LST)  VALUE       VALUE  FROM      YEAR
                                                  NORMAL
..................................................................
TEMPERATURE (F)
 YESTERDAY
  MAXIMUM         86    523 PM 110    1936  88     -2       86
  MINIMUM         65    543 AM  54    1992  68     -3       65
  AVERAGE         76                        78     -2       76

PRECIPITATION (IN)
  YESTERDAY        0.00          2.71 2005   0.12  -0.12     0.00
  MONTH TO DATE    0.51                      1.56  -1.05     0.35
  SINCE JUN 1     10.25                     11.24  -0.99    14.68
  SINCE JAN 1     30.78                     25.07   5.71    31.28

SNOWFALL (IN)
  YESTERDAY        0.0           0.0    MM   0.0    0.0      0.0
  MONTH TO DATE    0.0                       0.0    0.0      0.0
  SINCE JUN 1      0.0                       0.0    0.0      0.0
  SINCE JUL 1      0.0                       0.0    0.0      0.0
  SNOW DEPTH       0

DEGREE DAYS
 HEATING
  YESTERDAY        0                         0      0        0
  MONTH TO DATE    0                         0      0        0
  SINCE JUN 1      0                         9     -9        5
  SINCE JUL 1      0                         0      0        2

 COOLING
  YESTERDAY       11                        13     -2       11
  MONTH TO DATE  188                       170     18      168
  SINCE JUN 1   1033                       850    183      871
  SINCE JAN 1   1104                       966    138      939
..................................................................


WIND (MPH)
  HIGHEST WIND SPEED    15   HIGHEST WIND DIRECTION     N (350)
  HIGHEST GUST SPEED    20   HIGHEST GUST DIRECTION     S (200)
  AVERAGE WIND SPEED     6.9


SKY COVER
  POSSIBLE SUNSHINE  MM
  AVERAGE SKY COVER 0.1


WEATHER CONDITIONS
 THE FOLLOWING WEATHER WAS RECORDED YESTERDAY.
  FOG


RELATIVE HUMIDITY (PERCENT)
 HIGHEST    93           400 AM
 LOWEST     48           300 PM
 AVERAGE    71

..........................................................


THE KANSAS CITY INTERNATIONAL MO CLIMATE NORMALS FOR TODAY
                         NORMAL    RECORD    YEAR
 MAXIMUM TEMPERATURE (F)   88       113      1936
 MINIMUM TEMPERATURE (F)   68        54      2002


SUNRISE AND SUNSET
AUGUST 14 2016........SUNRISE   631 AM CDT   SUNSET   815 PM CDT
AUGUST 15 2016........SUNRISE   632 AM CDT   SUNSET   814 PM CDT


-  INDICATES NEGATIVE NUMBERS.
R  INDICATES RECORD WAS SET OR TIED.
MM INDICATES DATA IS MISSING.
T  INDICATES TRACE AMOUNT.


&&

...MISCELLANEOUS CLIMATE DATA FROM YESTERDAY...

LOCATION                HIGH    LOW      PRECIP
ST. JOSEPH               86      62       0.00
DOWNTOWN KANSAS CITY     89      69       0.00
OLATHE NEW CENTURY       88      66       0.00
OLATHE JO CO EXEC        88      67       0.00
LEES SUMMIT              86      68       0.00
KIRKSVILLE               85      65       0.00
CHILLICOTHE              88      66       0.00
SEDALIA                  85      68       0.00
NWS PLEASANT HILL MO     85      67       0.00


THIS PRODUCT...ALONG WITH OTHER WEATHER...HYDROLOGICAL AND CLIMATE
INFORMATION...IS AVAILABLE ON THE WEB AT HTTP://WWW.WEATHER.GOV/EAX
OR AT HTTP://WEATHER.GOV

$$

73
