000
CDUS43 KEAX 200034
CLIMCI

CLIMATE REPORT
NATIONAL WEATHER SERVICE KANSAS CITY/PLEASANT HILL MO
733 PM CDT WED APR 19 2017


...................................

...THE KANSAS CITY INTERNATIONAL MO CLIMATE SUMMARY FOR APRIL 19 2017...
VALID TODAY AS OF 0700 PM LOCAL TIME.

CLIMATE NORMAL PERIOD 1981 TO 2010
CLIMATE RECORD PERIOD 1888 TO 2017


WEATHER ITEM   OBSERVED TIME   RECORD YEAR NORMAL DEPARTURE LAST
                VALUE   (LST)  VALUE       VALUE  FROM      YEAR
                                                  NORMAL
..................................................................
TEMPERATURE (F)
 TODAY
  MAXIMUM         81    309 PM  89    1987  67     14       68
  MINIMUM         59    514 AM  30    1953  45     14       53
  AVERAGE         70                        56     14       61

PRECIPITATION (IN)
  TODAY            0.00          2.50 2003   0.13  -0.13     0.02
  MONTH TO DATE    4.03                      2.10   1.93     1.10
  SINCE MAR 1      6.84                      4.47   2.37     3.82
  SINCE JAN 1      8.29                      7.00   1.29     4.98

SNOWFALL (IN)
  TODAY            0.0           0.0    MM   0.0    0.0      0.0
  MONTH TO DATE    0.0                       0.5   -0.5      0.0
  SINCE MAR 1      0.4                       2.5   -2.1      0.6
  SINCE JUL 1      4.9                      18.7  -13.8      5.9
  SNOW DEPTH       0

DEGREE DAYS
 HEATING
  TODAY            0                        10    -10        4
  MONTH TO DATE  133                       240   -107      182
  SINCE MAR 1    658                       886   -228      625
  SINCE JUL 1   3912                      4931  -1019     3982

 COOLING
  TODAY            5                         1      4        0
  MONTH TO DATE   27                        13     14        4
  SINCE MAR 1     33                        16     17        6
  SINCE JAN 1     33                        16     17        6
..................................................................


WIND (MPH)
  HIGHEST WIND SPEED    32   HIGHEST WIND DIRECTION     S (200)
  HIGHEST GUST SPEED    44   HIGHEST GUST DIRECTION     S (200)
  AVERAGE WIND SPEED    15.6


SKY COVER
  POSSIBLE SUNSHINE  MM
  AVERAGE SKY COVER 0.6


WEATHER CONDITIONS
 THE FOLLOWING WEATHER WAS RECORDED TODAY.
  NO SIGNIFICANT WEATHER WAS OBSERVED.


RELATIVE HUMIDITY (PERCENT)
 HIGHEST    93           400 AM
 LOWEST     51           100 PM
 AVERAGE    72

..........................................................


THE KANSAS CITY INTERNATIONAL MO CLIMATE NORMALS FOR TOMORROW
                         NORMAL    RECORD    YEAR
 MAXIMUM TEMPERATURE (F)   67        90      1902
 MINIMUM TEMPERATURE (F)   46        29      1953


SUNRISE AND SUNSET
APRIL 19 2017.........SUNRISE   636 AM CDT   SUNSET   801 PM CDT
APRIL 20 2017.........SUNRISE   634 AM CDT   SUNSET   802 PM CDT


-  INDICATES NEGATIVE NUMBERS.
R  INDICATES RECORD WAS SET OR TIED.
MM INDICATES DATA IS MISSING.
T  INDICATES TRACE AMOUNT.


&&

...MISCELLANEOUS CLIMATE DATA FROM TODAY...

LOCATION                HIGH    LOW      PRECIP
ST. JOSEPH               82      62       M
DOWNTOWN KANSAS CITY     82      62       0.00
OLATHE NEW CENTURY       79      61       0.00
OLATHE JO CO EXEC        78      59       0.00
LEES SUMMIT              80      61       0.00
KIRKSVILLE               84      60       0.00
CHILLICOTHE              83      62       0.00
SEDALIA                  85      60       0.00
NWS PLEASANT HILL MO     80      60       0.00


THIS PRODUCT...ALONG WITH OTHER WEATHER...HYDROLOGICAL AND CLIMATE
INFORMATION...IS AVAILABLE ON THE WEB AT HTTP://WWW.WEATHER.GOV/EAX
OR AT HTTP://WEATHER.GOV

$$
