000
CDUS43 KEAX 110637
CLIMCI

CLIMATE REPORT
NATIONAL WEATHER SERVICE KANSAS CITY/PLEASANT HILL MO
135 AM CDT THU SEP 11 2014


...................................

...THE KANSAS CITY INTERNATIONAL MO CLIMATE SUMMARY FOR SEPTEMBER 10 2014...

CLIMATE NORMAL PERIOD 1981 TO 2010
CLIMATE RECORD PERIOD 1888 TO 2014


WEATHER ITEM   OBSERVED TIME   RECORD YEAR NORMAL DEPARTURE LAST
                VALUE   (LST)  VALUE       VALUE  FROM      YEAR
                                                  NORMAL
..................................................................
TEMPERATURE (F)
 YESTERDAY
  MAXIMUM         75   1222 AM 101    1936  81     -6       96
  MINIMUM         58   1159 PM  48    1995  60     -2       66
                                      1992
                                      1962
  AVERAGE         67                        71     -4       81

PRECIPITATION (IN)
  YESTERDAY        0.46          3.04 1911   0.16   0.30     0.00
  MONTH TO DATE    2.07                      1.54   0.53     0.81
  SINCE SEP 1      2.07                      1.54   0.53     0.81
  SINCE JAN 1     28.06                     28.94  -0.88    23.48

SNOWFALL (IN)
  YESTERDAY        0.0           0.0    MM   0.0    0.0      0.0
  MONTH TO DATE    0.0                       0.0    0.0      0.0
  SINCE SEP 1      0.0                       0.0    0.0      0.0
  SINCE JUL 1      0.0                       0.0    0.0      0.0
  SNOW DEPTH       0

DEGREE DAYS
 HEATING
  YESTERDAY        0                         1     -1        0
  MONTH TO DATE    0                         5     -5        0
  SINCE SEP 1      0                         5     -5        0
  SINCE JUL 1      2                         7     -5        0

 COOLING
  YESTERDAY        2                         7     -5       16
  MONTH TO DATE   78                        79     -1      132
  SINCE SEP 1     78                        79     -1      132
  SINCE JAN 1   1197                      1252    -55     1226
..................................................................


WIND (MPH)
  HIGHEST WIND SPEED    20   HIGHEST WIND DIRECTION     N (340)
  HIGHEST GUST SPEED    25   HIGHEST GUST DIRECTION     N (340)
  AVERAGE WIND SPEED    11.6


SKY COVER
  POSSIBLE SUNSHINE  MM
  AVERAGE SKY COVER 0.9


WEATHER CONDITIONS
 THE FOLLOWING WEATHER WAS RECORDED YESTERDAY.
  THUNDERSTORM
  HEAVY RAIN
  RAIN
  LIGHT RAIN
  FOG


RELATIVE HUMIDITY (PERCENT)
 HIGHEST    97           900 AM
 LOWEST     79           100 PM
 AVERAGE    88

..........................................................


THE KANSAS CITY INTERNATIONAL MO CLIMATE NORMALS FOR TODAY
                         NORMAL    RECORD    YEAR
 MAXIMUM TEMPERATURE (F)   81       102      2000
 MINIMUM TEMPERATURE (F)   59        44      1940


SUNRISE AND SUNSET
SEPTEMBER 11 2014.....SUNRISE   656 AM CDT   SUNSET   734 PM CDT
SEPTEMBER 12 2014.....SUNRISE   657 AM CDT   SUNSET   732 PM CDT


-  INDICATES NEGATIVE NUMBERS.
R  INDICATES RECORD WAS SET OR TIED.
MM INDICATES DATA IS MISSING.
T  INDICATES TRACE AMOUNT.




&&

...MISCELLANEOUS CLIMATE DATA FROM YESTERDAY...

LOCATION                HIGH    LOW      PRECIP
ST. JOSEPH               75      58       0.46
DOWNTOWN KANSAS CITY     84      60       0.43
OLATHE NEW CENTURY       82      59       0.12
OLATHE JO CO EXEC        81      60       0.22
LEES SUMMIT              83      60       0.19
KIRKSVILLE               77      55       3.88
CHILLICOTHE              80      58       2.83
SEDALIA                  83      63       0.42
NWS PLEASANT HILL MO     80      59       0.69


THIS PRODUCT...ALONG WITH OTHER WEATHER...HYDROLOGICAL AND CLIMATE
INFORMATION...IS AVAILABLE ON THE WEB AT HTTP://WWW.CRH.NOAA.GOV/EAX
OR AT HTTP://WEATHER.GOV

$$

CDB
