000
CDUS43 KEAX 160039
CLIMCI

CLIMATE REPORT
NATIONAL WEATHER SERVICE KANSAS CITY/PLEASANT HILL MO
737 PM CDT FRI APR 15 2016


...................................

...THE KANSAS CITY INTERNATIONAL MO CLIMATE SUMMARY FOR APRIL 15 2016...
VALID TODAY AS OF 0700 PM LOCAL TIME.

CLIMATE NORMAL PERIOD 1981 TO 2010
CLIMATE RECORD PERIOD 1888 TO 2016


WEATHER ITEM   OBSERVED TIME   RECORD YEAR NORMAL DEPARTURE LAST
                VALUE   (LST)  VALUE       VALUE  FROM      YEAR
                                                  NORMAL
..................................................................
TEMPERATURE (F)
 TODAY
  MAXIMUM         75    227 PM  88    2002  66      9       59
                                      1924
  MINIMUM         50    435 AM  22    1983  44      6       49
  AVERAGE         63                        55      8       54

PRECIPITATION (IN)
  TODAY            0.00          4.66 1939   0.13  -0.13     0.05
  MONTH TO DATE    0.34                      1.61  -1.27     1.67
  SINCE MAR 1      3.06                      3.98  -0.92     2.55
  SINCE JAN 1      4.22                      6.51  -2.29     4.73

SNOWFALL (IN)
  TODAY            0.0           1.2  1905   0.0    0.0      0.0
  MONTH TO DATE    0.0                       0.4   -0.4      0.0
  SINCE MAR 1      0.6                       2.4   -1.8       T
  SINCE JUL 1      5.9                      18.6  -12.7     14.2
  SNOW DEPTH       0

DEGREE DAYS
 HEATING
  TODAY            2                        11     -9       11
  MONTH TO DATE  175                       198    -23      116
  SINCE MAR 1    618                       844   -226      678
  SINCE JUL 1   3975                      4889   -914     4892

 COOLING
  TODAY            0                         1     -1        0
  MONTH TO DATE    0                         9     -9        6
  SINCE MAR 1      2                        12    -10        8
  SINCE JAN 1      2                        12    -10        8
..................................................................


WIND (MPH)
  HIGHEST WIND SPEED    23   HIGHEST WIND DIRECTION    SE (150)
  HIGHEST GUST SPEED    29   HIGHEST GUST DIRECTION     S (160)
  AVERAGE WIND SPEED    13.7


SKY COVER
  POSSIBLE SUNSHINE  MM
  AVERAGE SKY COVER 0.5


WEATHER CONDITIONS
 THE FOLLOWING WEATHER WAS RECORDED TODAY.
  NO SIGNIFICANT WEATHER WAS OBSERVED.


RELATIVE HUMIDITY (PERCENT)
 HIGHEST    68           600 AM
 LOWEST     46           200 PM
 AVERAGE    57

..........................................................


THE KANSAS CITY INTERNATIONAL MO CLIMATE NORMALS FOR TOMORROW
                         NORMAL    RECORD    YEAR
 MAXIMUM TEMPERATURE (F)   66        86      1967
 MINIMUM TEMPERATURE (F)   44        28      1921


SUNRISE AND SUNSET
APRIL 15 2016.........SUNRISE   641 AM CDT   SUNSET   757 PM CDT
APRIL 16 2016.........SUNRISE   640 AM CDT   SUNSET   758 PM CDT


-  INDICATES NEGATIVE NUMBERS.
R  INDICATES RECORD WAS SET OR TIED.
MM INDICATES DATA IS MISSING.
T  INDICATES TRACE AMOUNT.


&&

...MISCELLANEOUS CLIMATE DATA FROM TODAY...

LOCATION                HIGH    LOW      PRECIP
ST. JOSEPH               78      47       0.00
DOWNTOWN KANSAS CITY     77      57       0.00
OLATHE NEW CENTURY       74      49       0.00
OLATHE JO CO EXEC        72      50       0.00
LEES SUMMIT              74      53       0.00
KIRKSVILLE               76      47       0.00
CHILLICOTHE              76      52       0.00
SEDALIA                  77      50       0.00
NWS PLEASANT HILL MO     75      49       0.00


THIS PRODUCT...ALONG WITH OTHER WEATHER...HYDROLOGICAL AND CLIMATE
INFORMATION...IS AVAILABLE ON THE WEB AT HTTP://WWW.WEATHER.GOV/EAX
OR AT HTTP://WEATHER.GOV

$$
