000
CDUS43 KEAX 090033
CLIMCI

CLIMATE REPORT
NATIONAL WEATHER SERVICE KANSAS CITY/PLEASANT HILL MO
732 PM CDT MON MAY 8 2017


...................................

...THE KANSAS CITY INTERNATIONAL MO CLIMATE SUMMARY FOR MAY 8 2017...
VALID TODAY AS OF 0700 PM LOCAL TIME.

CLIMATE NORMAL PERIOD 1981 TO 2010
CLIMATE RECORD PERIOD 1888 TO 2017


WEATHER ITEM   OBSERVED TIME   RECORD YEAR NORMAL DEPARTURE LAST
                VALUE   (LST)  VALUE       VALUE  FROM      YEAR
                                                  NORMAL
..................................................................
TEMPERATURE (F)
 TODAY
  MAXIMUM         84    234 PM  94    1934  73     11       73
  MINIMUM         58    330 AM  35    1984  52      6       59
  AVERAGE         71                        62      9       66

PRECIPITATION (IN)
  TODAY            0.00          3.57 1921   0.16  -0.16     0.74
  MONTH TO DATE    0.14                      1.33  -1.19     0.75
  SINCE MAR 1      9.59                      7.40   2.19    10.62
  SINCE JAN 1     11.04                      9.93   1.11    11.78

SNOWFALL (IN)
  TODAY            0.0           0.0    MM   0.0    0.0      0.0
  MONTH TO DATE    0.0                       0.0    0.0      0.0
  SINCE MAR 1      0.4                       2.6   -2.2      0.6
  SINCE JUL 1      4.9                      18.8  -13.9      5.9
  SNOW DEPTH       0

DEGREE DAYS
 HEATING
  TODAY            0                         5     -5        0
  MONTH TO DATE   60                        43     17       42
  SINCE MAR 1    843                      1018   -175      727
  SINCE JUL 1   4097                      5063   -966     4084

 COOLING
  TODAY            6                         2      4        1
  MONTH TO DATE    7                        10     -3        8
  SINCE MAR 1     40                        38      2       22
  SINCE JAN 1     40                        38      2       22
..................................................................


WIND (MPH)
  HIGHEST WIND SPEED    22   HIGHEST WIND DIRECTION    SW (210)
  HIGHEST GUST SPEED    27   HIGHEST GUST DIRECTION    SW (210)
  AVERAGE WIND SPEED    11.6


SKY COVER
  POSSIBLE SUNSHINE  MM
  AVERAGE SKY COVER 0.4


WEATHER CONDITIONS
 THE FOLLOWING WEATHER WAS RECORDED TODAY.
  NO SIGNIFICANT WEATHER WAS OBSERVED.


RELATIVE HUMIDITY (PERCENT)
 HIGHEST    80           300 AM
 LOWEST     43           500 PM
 AVERAGE    62

..........................................................


THE KANSAS CITY INTERNATIONAL MO CLIMATE NORMALS FOR TOMORROW
                         NORMAL    RECORD    YEAR
 MAXIMUM TEMPERATURE (F)   73        91      1963
 MINIMUM TEMPERATURE (F)   52        35      1980


SUNRISE AND SUNSET
MAY  8 2017...........SUNRISE   612 AM CDT   SUNSET   819 PM CDT
MAY  9 2017...........SUNRISE   611 AM CDT   SUNSET   820 PM CDT


-  INDICATES NEGATIVE NUMBERS.
R  INDICATES RECORD WAS SET OR TIED.
MM INDICATES DATA IS MISSING.
T  INDICATES TRACE AMOUNT.


&&

...MISCELLANEOUS CLIMATE DATA FROM TODAY...

LOCATION                HIGH    LOW      PRECIP
ST. JOSEPH               88      63       0.00
DOWNTOWN KANSAS CITY     85      63       0.00
OLATHE NEW CENTURY       83      56       0.00
OLATHE JO CO EXEC        81      58       0.00
LEES SUMMIT              83      62       0.00
KIRKSVILLE               82      52       0.02
CHILLICOTHE              84      56       0.06
SEDALIA                  84      58       0.00
NWS PLEASANT HILL MO     83      59       0.00


THIS PRODUCT...ALONG WITH OTHER WEATHER...HYDROLOGICAL AND CLIMATE
INFORMATION...IS AVAILABLE ON THE WEB AT HTTP://WWW.WEATHER.GOV/EAX
OR AT HTTP://WEATHER.GOV

$$

JW
