000
CDUS43 KEAX 200634
CLIMCI

CLIMATE REPORT
NATIONAL WEATHER SERVICE KANSAS CITY/PLEASANT HILL MO
132 AM CDT THU AUG 20 2015


...................................

...THE KANSAS CITY INTERNATIONAL MO CLIMATE SUMMARY FOR AUGUST 19 2015...

CLIMATE NORMAL PERIOD 1981 TO 2010
CLIMATE RECORD PERIOD 1888 TO 2015


WEATHER ITEM   OBSERVED TIME   RECORD YEAR NORMAL DEPARTURE LAST
                VALUE   (LST)  VALUE       VALUE  FROM      YEAR
                                                  NORMAL
..................................................................
TEMPERATURE (F)
 YESTERDAY
  MAXIMUM         73    416 PM 107    1936  87    -14       91
  MINIMUM         55    645 AM  53    1950  67    -12       71
  AVERAGE         64                        77    -13       81

PRECIPITATION (IN)
  YESTERDAY        0.00          2.25 1904   0.12  -0.12     0.15
  MONTH TO DATE    0.97                      2.30  -1.33     4.73
  SINCE JUN 1     15.30                     11.98   3.32    14.68
  SINCE JAN 1     31.90                     25.81   6.09    23.30

SNOWFALL (IN)
  YESTERDAY        0.0           0.0    MM   0.0    0.0      0.0
  MONTH TO DATE    0.0                       0.0    0.0      0.0
  SINCE JUN 1      0.0                       0.0    0.0      0.0
  SINCE JUL 1      0.0                       0.0    0.0      0.0
  SNOW DEPTH       0

DEGREE DAYS
 HEATING
  YESTERDAY        1                         0      1        0
  MONTH TO DATE    1                         0      1        0
  SINCE JUN 1      6                         9     -3        3
  SINCE JUL 1      3                         0      3        2

 COOLING
  YESTERDAY        0                        12    -12       16
  MONTH TO DATE  223                       245    -22      193
  SINCE JUN 1    926                       925      1      756
  SINCE JAN 1    994                      1041    -47      917
..................................................................


WIND (MPH)
  HIGHEST WIND SPEED    20   HIGHEST WIND DIRECTION    NW (320)
  HIGHEST GUST SPEED    26   HIGHEST GUST DIRECTION    NW (330)
  AVERAGE WIND SPEED     9.3


SKY COVER
  POSSIBLE SUNSHINE  MM
  AVERAGE SKY COVER 0.4


WEATHER CONDITIONS
 THE FOLLOWING WEATHER WAS RECORDED YESTERDAY.
  NO SIGNIFICANT WEATHER WAS OBSERVED.


RELATIVE HUMIDITY (PERCENT)
 HIGHEST    87           200 AM
 LOWEST     49           400 PM
 AVERAGE    68

..........................................................


THE KANSAS CITY INTERNATIONAL MO CLIMATE NORMALS FOR TODAY
                         NORMAL    RECORD    YEAR
 MAXIMUM TEMPERATURE (F)   87       103      2003
                                             1936
 MINIMUM TEMPERATURE (F)   67        49      1950


SUNRISE AND SUNSET
AUGUST 20 2015........SUNRISE   636 AM CDT   SUNSET   808 PM CDT
AUGUST 21 2015........SUNRISE   637 AM CDT   SUNSET   806 PM CDT


-  INDICATES NEGATIVE NUMBERS.
R  INDICATES RECORD WAS SET OR TIED.
MM INDICATES DATA IS MISSING.
T  INDICATES TRACE AMOUNT.


&&

...MISCELLANEOUS CLIMATE DATA FROM YESTERDAY...

LOCATION                HIGH    LOW      PRECIP
ST. JOSEPH               72      54       0.00
DOWNTOWN KANSAS CITY     75      59       0.00
OLATHE NEW CENTURY       73      57       0.00
OLATHE JO CO EXEC        72      56       0.00
LEES SUMMIT              73      57       0.00
KIRKSVILLE               68      56       0.00
CHILLICOTHE              73      57       0.00
SEDALIA                  72      59       0.00
NWS PLEASANT HILL MO     72      57       0.01


THIS PRODUCT...ALONG WITH OTHER WEATHER...HYDROLOGICAL AND CLIMATE
INFORMATION...IS AVAILABLE ON THE WEB AT HTTP://WWW.WEATHER.GOV/EAX
OR AT HTTP://WEATHER.GOV

$$
