000
CDUS43 KEAX 062121
CLIMCI

CLIMATE REPORT
NATIONAL WEATHER SERVICE KANSAS CITY/PLEASANT HILL MO
420 PM CDT SAT MAY 6 2017


...................................

...THE KANSAS CITY INTERNATIONAL MO CLIMATE SUMMARY FOR MAY 6 2017...
VALID AS OF 0400 PM LOCAL TIME.

CLIMATE NORMAL PERIOD 1981 TO 2010
CLIMATE RECORD PERIOD 1888 TO 2017


WEATHER ITEM   OBSERVED TIME   RECORD YEAR NORMAL DEPARTURE LAST
                VALUE   (LST)  VALUE       VALUE  FROM      YEAR
                                                  NORMAL
..................................................................
TEMPERATURE (F)
 TODAY
  MAXIMUM         78    257 PM  89    2004  72      6       81
                                      1970
  MINIMUM         54    233 AM  32    1944  51      3       48
  AVERAGE         66                        62      4       65

PRECIPITATION (IN)
  TODAY            0.00          2.63 1910   0.16  -0.16     0.00
  MONTH TO DATE    0.14                      1.00  -0.86     0.01
  SINCE MAR 1      9.59                      7.07   2.52     9.88
  SINCE JAN 1     11.04                      9.60   1.44    11.04

SNOWFALL (IN)
  TODAY            0.0           0.0    MM   0.0    0.0      0.0
  MONTH TO DATE    0.0                       0.0    0.0      0.0
  SINCE MAR 1      0.4                       2.6   -2.2      0.6
  SINCE JUL 1      4.9                      18.8  -13.9      5.9
  SNOW DEPTH       0

DEGREE DAYS
 HEATING
  TODAY            0                         5     -5        0
  MONTH TO DATE   59                        33     26       42
  SINCE MAR 1    842                      1008   -166      727
  SINCE JUL 1   4096                      5053   -957     4084

 COOLING
  TODAY            1                         1      0        0
  MONTH TO DATE    1                         6     -5        0
  SINCE MAR 1     34                        34      0       14
  SINCE JAN 1     34                        34      0       14
..................................................................


WIND (MPH)
  HIGHEST WIND SPEED    17   HIGHEST WIND DIRECTION     E (70)
  HIGHEST GUST SPEED    24   HIGHEST GUST DIRECTION    NW (330)
  AVERAGE WIND SPEED    10.1


SKY COVER
  POSSIBLE SUNSHINE  MM
  AVERAGE SKY COVER 0.0


WEATHER CONDITIONS
 THE FOLLOWING WEATHER WAS RECORDED TODAY.
  NO SIGNIFICANT WEATHER WAS OBSERVED.


RELATIVE HUMIDITY (PERCENT)
 HIGHEST    66           200 AM
 LOWEST     29           200 PM
 AVERAGE    48

..........................................................


THE KANSAS CITY INTERNATIONAL MO CLIMATE NORMALS FOR TOMORROW
                         NORMAL    RECORD    YEAR
 MAXIMUM TEMPERATURE (F)   72        92      1934
 MINIMUM TEMPERATURE (F)   52        34      1989


SUNRISE AND SUNSET
MAY  6 2017...........SUNRISE   614 AM CDT   SUNSET   817 PM CDT
MAY  7 2017...........SUNRISE   613 AM CDT   SUNSET   818 PM CDT


-  INDICATES NEGATIVE NUMBERS.
R  INDICATES RECORD WAS SET OR TIED.
MM INDICATES DATA IS MISSING.
T  INDICATES TRACE AMOUNT.


&&

...MISCELLANEOUS CLIMATE DATA FROM TODAY...

LOCATION                HIGH    LOW      PRECIP
ST. JOSEPH               78      50       0.00
DOWNTOWN KANSAS CITY     79      52       0.00
OLATHE NEW CENTURY       79      55       0.00
OLATHE JO CO EXEC        78      55       0.00
LEES SUMMIT              77      55       0.00
KIRKSVILLE               70      54       0.00
CHILLICOTHE              75      57       0.00
SEDALIA                  76      56       0.00
NWS PLEASANT HILL MO     77      54       0.00


THIS PRODUCT...ALONG WITH OTHER WEATHER...HYDROLOGICAL AND CLIMATE
INFORMATION...IS AVAILABLE ON THE WEB AT HTTP://WWW.WEATHER.GOV/EAX
OR AT HTTP://WEATHER.GOV

$$
