000
CDUS43 KEAX 130032
CLIMCI

CLIMATE REPORT
NATIONAL WEATHER SERVICE KANSAS CITY/PLEASANT HILL MO
731 PM CDT SAT APR 12 2014


...................................

...THE KANSAS CITY INTERNATIONAL MO CLIMATE SUMMARY FOR APRIL 12 2014...
VALID TODAY AS OF 0700 PM LOCAL TIME.

CLIMATE NORMAL PERIOD 1981 TO 2010
CLIMATE RECORD PERIOD 1888 TO 2014


WEATHER ITEM   OBSERVED TIME   RECORD YEAR NORMAL DEPARTURE LAST
                VALUE   (LST)  VALUE       VALUE  FROM      YEAR
                                                  NORMAL
..................................................................
TEMPERATURE (F)
 TODAY
  MAXIMUM         83    337 PM  92    1972  65     18       51
  MINIMUM         58   1210 AM  23    1940  43     15       33
  AVERAGE         71                        54     17       42

PRECIPITATION (IN)
  TODAY            0.00          1.80 1909   0.11  -0.11     0.00
  MONTH TO DATE    0.57                      1.24  -0.67     2.15
  SINCE MAR 1      2.18                      3.61  -1.43     4.10
  SINCE JAN 1      3.93                      6.14  -2.21     6.99

SNOWFALL (IN)
  TODAY            0.0           T    2008   0.0    0.0      0.0
                                      1951
  MONTH TO DATE    0.0                       0.4   -0.4      0.0
  SINCE MAR 1      3.4                       2.4    1.0      6.1
  SINCE JUL 1     26.0                      18.6    7.4     31.3
  SNOW DEPTH       0

DEGREE DAYS
 HEATING
  TODAY            0                        12    -12       23
  MONTH TO DATE  162                       164     -2      190
  SINCE MAR 1    927                       810    117     1026
  SINCE JUL 1   5493                      4855    638     4758

 COOLING
  TODAY            6                         1      5        0
  MONTH TO DATE    6                         6      0        0
  SINCE MAR 1      6                         9     -3        0
  SINCE JAN 1      6                         9     -3        0
..................................................................


WIND (MPH)
  HIGHEST WIND SPEED    30   HIGHEST WIND DIRECTION     S (200)
  HIGHEST GUST SPEED    37   HIGHEST GUST DIRECTION     S (180)
  AVERAGE WIND SPEED    19.0


SKY COVER
  POSSIBLE SUNSHINE  MM
  AVERAGE SKY COVER 0.4


WEATHER CONDITIONS
 THE FOLLOWING WEATHER WAS RECORDED TODAY.
  NO SIGNIFICANT WEATHER WAS OBSERVED.


RELATIVE HUMIDITY (PERCENT)
 HIGHEST    78           400 AM
 LOWEST     43           400 PM
 AVERAGE    61

..........................................................


THE KANSAS CITY INTERNATIONAL MO CLIMATE NORMALS FOR TOMORROW
                         NORMAL    RECORD    YEAR
 MAXIMUM TEMPERATURE (F)   65        92      2006
 MINIMUM TEMPERATURE (F)   43        22      1950


SUNRISE AND SUNSET
APRIL 12 2014.........SUNRISE   646 AM CDT   SUNSET   754 PM CDT
APRIL 13 2014.........SUNRISE   645 AM CDT   SUNSET   755 PM CDT


-  INDICATES NEGATIVE NUMBERS.
R  INDICATES RECORD WAS SET OR TIED.
MM INDICATES DATA IS MISSING.
T  INDICATES TRACE AMOUNT.




&&

...MISCELLANEOUS CLIMATE DATA FROM TODAY...

LOCATION                HIGH    LOW      PRECIP
ST. JOSEPH               84      52       0.00
DOWNTOWN KANSAS CITY     85      60       0.00
OLATHE NEW CENTURY       82      57       0.00
OLATHE JO CO EXEC        80      56       0.00
LEES SUMMIT              82      58       0.00
KIRKSVILLE               85      47       0.00
CHILLICOTHE              84      50       0.00
SEDALIA                  83      59       0.00
NWS PLEASANT HILL MO     82      56       0.00


THIS PRODUCT...ALONG WITH OTHER WEATHER...HYDROLOGICAL AND CLIMATE
INFORMATION...IS AVAILABLE ON THE WEB AT HTTP://WWW.CRH.NOAA.GOV/EAX
OR AT HTTP://WEATHER.GOV

$$
