000
CDUS43 KEAX 080645
CLIMCI

CLIMATE REPORT
NATIONAL WEATHER SERVICE KANSAS CITY/PLEASANT HILL MO
133 AM CDT SAT JUL 8 2017


...................................

...THE KANSAS CITY INTERNATIONAL MO CLIMATE SUMMARY FOR JULY 7 2017...

CLIMATE NORMAL PERIOD 1981 TO 2010
CLIMATE RECORD PERIOD 1888 TO 2017


WEATHER ITEM   OBSERVED TIME   RECORD YEAR NORMAL DEPARTURE LAST
                VALUE   (LST)  VALUE       VALUE  FROM      YEAR
                                                  NORMAL
..................................................................
TEMPERATURE (F)
 YESTERDAY
  MAXIMUM         88    132 PM 105    2012  88      0       90
                                      1939
  MINIMUM         68   1159 PM  55    2004  68      0       67
                                      1908
  AVERAGE         78                        78      0       79

PRECIPITATION (IN)
  YESTERDAY        0.00          2.95 1969   0.16  -0.16     0.73
  MONTH TO DATE    0.27                      1.12  -0.85     6.06
  SINCE JUN 1      6.70                      6.35   0.35     7.04
  SINCE JAN 1     22.97                     20.18   2.79    27.57

SNOWFALL (IN)
  YESTERDAY        0.0           0.0    MM   0.0    0.0      0.0
  MONTH TO DATE    0.0                       0.0    0.0      0.0
  SINCE JUN 1      0.0                       0.0    0.0      0.0
  SINCE JUL 1      0.0                       0.0    0.0      0.0
  SNOW DEPTH       0

DEGREE DAYS
 HEATING
  YESTERDAY        0                         0      0        0
  MONTH TO DATE    0                         0      0        0
  SINCE JUN 1      1                         9     -8        0
  SINCE JUL 1      0                         0      0        0

 COOLING
  YESTERDAY       13                        13      0       14
  MONTH TO DATE   76                        89    -13       69
  SINCE JUN 1    375                       355     20      486
  SINCE JAN 1    486                       471     15      557
..................................................................


WIND (MPH)
  HIGHEST WIND SPEED    17   HIGHEST WIND DIRECTION     N (350)
  HIGHEST GUST SPEED    23   HIGHEST GUST DIRECTION    NE (40)
  AVERAGE WIND SPEED     8.5


SKY COVER
  POSSIBLE SUNSHINE  MM
  AVERAGE SKY COVER 0.4


WEATHER CONDITIONS
 THE FOLLOWING WEATHER WAS RECORDED YESTERDAY.
  NO SIGNIFICANT WEATHER WAS OBSERVED.


RELATIVE HUMIDITY (PERCENT)
 HIGHEST    87           600 AM
 LOWEST     51           200 PM
 AVERAGE    69

..........................................................


THE KANSAS CITY INTERNATIONAL MO CLIMATE NORMALS FOR TODAY
                         NORMAL    RECORD    YEAR
 MAXIMUM TEMPERATURE (F)   88       101      1980
 MINIMUM TEMPERATURE (F)   68        54      1891


SUNRISE AND SUNSET
JULY  8 2017..........SUNRISE   600 AM CDT   SUNSET   848 PM CDT
JULY  9 2017..........SUNRISE   601 AM CDT   SUNSET   847 PM CDT


-  INDICATES NEGATIVE NUMBERS.
R  INDICATES RECORD WAS SET OR TIED.
MM INDICATES DATA IS MISSING.
T  INDICATES TRACE AMOUNT.


&&

...MISCELLANEOUS CLIMATE DATA FROM YESTERDAY...

LOCATION                HIGH    LOW      PRECIP
ST. JOSEPH               86      62       T
DOWNTOWN KANSAS CITY     92      71       0.00
OLATHE NEW CENTURY       90      67       0.00
OLATHE JO CO EXEC        90      71       0.00
LEES SUMMIT              90      69       0.00
KIRKSVILLE               87      64       0.00
CHILLICOTHE              88      65       0.00
SEDALIA                  91      70       0.00
NWS PLEASANT HILL MO     90      71       0.00


THIS PRODUCT...ALONG WITH OTHER WEATHER...HYDROLOGICAL AND CLIMATE
INFORMATION...IS AVAILABLE ON THE WEB AT HTTP://WWW.WEATHER.GOV/EAX
OR AT HTTP://WEATHER.GOV

$$

73
