000
CDUS43 KEAX 172122
CLIMCI

CLIMATE REPORT
NATIONAL WEATHER SERVICE KANSAS CITY/PLEASANT HILL MO
421 PM CDT TUE OCT 17 2017


...................................

...THE KANSAS CITY INTERNATIONAL MO CLIMATE SUMMARY FOR OCTOBER 17 2017...
VALID AS OF 0400 PM LOCAL TIME.

CLIMATE NORMAL PERIOD 1981 TO 2010
CLIMATE RECORD PERIOD 1888 TO 2017


WEATHER ITEM   OBSERVED TIME   RECORD YEAR NORMAL DEPARTURE LAST
                VALUE   (LST)  VALUE       VALUE  FROM      YEAR
                                                  NORMAL
..................................................................
TEMPERATURE (F)
 TODAY
  MAXIMUM         72    212 PM  88    1950  67      5       87
  MINIMUM         44    628 AM  25    1976  46     -2       71
  AVERAGE         58                        56      2       79

PRECIPITATION (IN)
  TODAY            0.00          2.04 2007   0.10  -0.10     0.00
  MONTH TO DATE    1.94                      1.88   0.06     2.48
  SINCE SEP 1      4.74                      6.50  -1.76     7.42
  SINCE JAN 1     42.63                     33.90   8.73    46.85

SNOWFALL (IN)
  TODAY            0.0           3.3  1898   0.0    0.0      0.0
  MONTH TO DATE    0.0                       0.1   -0.1      0.0
  SINCE SEP 1      0.0                       0.1   -0.1      0.0
  SINCE JUL 1      0.0                       0.1   -0.1      0.0
  SNOW DEPTH       0

DEGREE DAYS
 HEATING
  TODAY            7                        10     -3        0
  MONTH TO DATE   68                       126    -58       74
  SINCE SEP 1     84                       191   -107       95
  SINCE JUL 1     88                       193   -105       95

 COOLING
  TODAY            0                         1     -1       14
  MONTH TO DATE   42                        22     20       40
  SINCE SEP 1    247                       181     66      260
  SINCE JAN 1   1325                      1354    -29     1557
..................................................................


WIND (MPH)
  HIGHEST WIND SPEED    21   HIGHEST WIND DIRECTION     S (180)
  HIGHEST GUST SPEED    26   HIGHEST GUST DIRECTION     S (190)
  AVERAGE WIND SPEED    13.2


SKY COVER
  POSSIBLE SUNSHINE  MM
  AVERAGE SKY COVER 0.2


WEATHER CONDITIONS
 THE FOLLOWING WEATHER WAS RECORDED TODAY.
  HAZE


RELATIVE HUMIDITY (PERCENT)
 HIGHEST    83           600 AM
 LOWEST     38           100 PM
 AVERAGE    61

..........................................................


THE KANSAS CITY INTERNATIONAL MO CLIMATE NORMALS FOR TOMORROW
                         NORMAL    RECORD    YEAR
 MAXIMUM TEMPERATURE (F)   66        87      1950
 MINIMUM TEMPERATURE (F)   45        28      1972


SUNRISE AND SUNSET
OCTOBER 17 2017.......SUNRISE   731 AM CDT   SUNSET   637 PM CDT
OCTOBER 18 2017.......SUNRISE   732 AM CDT   SUNSET   635 PM CDT


-  INDICATES NEGATIVE NUMBERS.
R  INDICATES RECORD WAS SET OR TIED.
MM INDICATES DATA IS MISSING.
T  INDICATES TRACE AMOUNT.


&&

...MISCELLANEOUS CLIMATE DATA FROM TODAY...

LOCATION                HIGH    LOW      PRECIP
ST. JOSEPH               75      41       0.00
DOWNTOWN KANSAS CITY     73      50       0.00
OLATHE NEW CENTURY       71      44       0.00
OLATHE JO CO EXEC        70      44       0.00
LEES SUMMIT              71      49       0.00
KIRKSVILLE               72      46       0.00
CHILLICOTHE              72      46       0.00
SEDALIA                  72      43       0.00
NWS PLEASANT HILL MO     70      44       0.00


THIS PRODUCT...ALONG WITH OTHER WEATHER...HYDROLOGICAL AND CLIMATE
INFORMATION...IS AVAILABLE ON THE WEB AT HTTP://WWW.WEATHER.GOV/EAX
OR AT HTTP://WEATHER.GOV

$$

CDB
