000
CDUS43 KEAX 090633
CLIMCI

CLIMATE REPORT
NATIONAL WEATHER SERVICE KANSAS CITY/PLEASANT HILL MO
1232 AM CST FRI FEB 9 2018


...................................

...THE KANSAS CITY INTERNATIONAL MO CLIMATE SUMMARY FOR FEBRUARY 8 2018...

CLIMATE NORMAL PERIOD 1981 TO 2010
CLIMATE RECORD PERIOD 1888 TO 2018


WEATHER ITEM   OBSERVED TIME   RECORD YEAR NORMAL DEPARTURE LAST
                VALUE   (LST)  VALUE       VALUE  FROM      YEAR
                                                  NORMAL
..................................................................
TEMPERATURE (F)
 YESTERDAY
  MAXIMUM         53    322 PM  68    1938  41     12       27
  MINIMUM         17    335 AM -13    1933  22     -5       15
                                      1899
  AVERAGE         35                        31      4       21

PRECIPITATION (IN)
  YESTERDAY        0.00          1.31 2001   0.06  -0.06     0.00
  MONTH TO DATE    0.08                      0.38  -0.30      T
  SINCE DEC 1      1.40                      2.98  -1.58     2.58
  SINCE JAN 1      1.21                      1.45  -0.24     1.39

SNOWFALL (IN)
  YESTERDAY        0.0           3.7  1905   0.2   -0.2      0.0
  MONTH TO DATE    0.5                       1.7   -1.2      0.0
  SINCE DEC 1      5.4                      11.1   -5.7      4.5
  SINCE JUL 1      5.4                      12.5   -7.1      4.5
  SNOW DEPTH       0

DEGREE DAYS
 HEATING
  YESTERDAY       30                        34     -4       44
  MONTH TO DATE  334                       276     58      259
  SINCE DEC 1   2471                      2438     33     2337
  SINCE JUL 1   3351                      3440    -89     2921

 COOLING
  YESTERDAY        0                         0      0        0
  MONTH TO DATE    0                         0      0        0
  SINCE DEC 1      0                         0      0        0
  SINCE JAN 1      0                         0      0        0
..................................................................


WIND (MPH)
  HIGHEST WIND SPEED    22   HIGHEST WIND DIRECTION    SW (210)
  HIGHEST GUST SPEED    28   HIGHEST GUST DIRECTION     S (200)
  AVERAGE WIND SPEED    11.1


SKY COVER
  POSSIBLE SUNSHINE  MM
  AVERAGE SKY COVER 0.9


WEATHER CONDITIONS
 THE FOLLOWING WEATHER WAS RECORDED YESTERDAY.
  FOG
  HAZE


RELATIVE HUMIDITY (PERCENT)
 HIGHEST    84           300 AM
 LOWEST     32           300 PM
 AVERAGE    58

..........................................................


THE KANSAS CITY INTERNATIONAL MO CLIMATE NORMALS FOR TODAY
                         NORMAL    RECORD    YEAR
 MAXIMUM TEMPERATURE (F)   41        72      1943
 MINIMUM TEMPERATURE (F)   22       -20      1899


SUNRISE AND SUNSET
FEBRUARY  9 2018......SUNRISE   718 AM CST   SUNSET   549 PM CST
FEBRUARY 10 2018......SUNRISE   717 AM CST   SUNSET   550 PM CST


-  INDICATES NEGATIVE NUMBERS.
R  INDICATES RECORD WAS SET OR TIED.
MM INDICATES DATA IS MISSING.
T  INDICATES TRACE AMOUNT.


&&

...MISCELLANEOUS CLIMATE DATA FROM YESTERDAY...

LOCATION                HIGH    LOW      PRECIP
ST. JOSEPH               47       7       0.00
DOWNTOWN KANSAS CITY     55      23       0.00
OLATHE NEW CENTURY       53      16       0.00
OLATHE JO CO EXEC        52      18       0.00
LEES SUMMIT              53      22       0.00
KIRKSVILLE               39      17       0.00
CHILLICOTHE              49      15       0.00
SEDALIA                  53      18       0.00
NWS PLEASANT HILL MO     52      20       0.00


THIS PRODUCT...ALONG WITH OTHER WEATHER...HYDROLOGICAL AND CLIMATE
INFORMATION...IS AVAILABLE ON THE WEB AT HTTP://WWW.WEATHER.GOV/EAX
OR AT HTTP://WEATHER.GOV

$$

CDB
