000
CDUS43 KEAX 030634
CLIMCI

CLIMATE REPORT
NATIONAL WEATHER SERVICE KANSAS CITY/PLEASANT HILL MO
1233 AM CST FRI FEB 3 2017


...................................

...THE KANSAS CITY INTERNATIONAL MO CLIMATE SUMMARY FOR FEBRUARY 2 2017...

CLIMATE NORMAL PERIOD 1981 TO 2010
CLIMATE RECORD PERIOD 1888 TO 2017


WEATHER ITEM   OBSERVED TIME   RECORD YEAR NORMAL DEPARTURE LAST
                VALUE   (LST)  VALUE       VALUE  FROM      YEAR
                                                  NORMAL
..................................................................
TEMPERATURE (F)
 YESTERDAY
  MAXIMUM         31    407 PM  69    1992  40     -9       55
                                      1924
  MINIMUM         18    753 AM -14    1905  21     -3       34
  AVERAGE         25                        30     -5       45

PRECIPITATION (IN)
  YESTERDAY        0.00          0.36 1943   0.05  -0.05     0.32
  MONTH TO DATE    0.00                      0.09  -0.09     0.40
  SINCE DEC 1      2.58                      2.69  -0.11     4.40
  SINCE JAN 1      1.39                      1.16   0.23     1.16

SNOWFALL (IN)
  YESTERDAY        0.0           3.5  1913   0.2   -0.2      0.0
  MONTH TO DATE    0.0                       0.4   -0.4      0.0
  SINCE DEC 1      4.5                       9.8   -5.3      5.3
  SINCE JUL 1      4.5                      11.2   -6.7      5.3
  SNOW DEPTH       0

DEGREE DAYS
 HEATING
  YESTERDAY       40                        35      5       20
  MONTH TO DATE   72                        70      2       44
  SINCE DEC 1   2150                      2232    -82     1911
  SINCE JUL 1   2734                      3234   -500     2658

 COOLING
  YESTERDAY        0                         0      0        0
  MONTH TO DATE    0                         0      0        0
  SINCE DEC 1      0                         0      0        0
  SINCE JAN 1      0                         0      0        0
..................................................................


WIND (MPH)
  HIGHEST WIND SPEED    20   HIGHEST WIND DIRECTION     N (10)
  HIGHEST GUST SPEED    25   HIGHEST GUST DIRECTION     N (10)
  AVERAGE WIND SPEED     9.7


SKY COVER
  POSSIBLE SUNSHINE  MM
  AVERAGE SKY COVER 0.7


WEATHER CONDITIONS
 THE FOLLOWING WEATHER WAS RECORDED YESTERDAY.
  NO SIGNIFICANT WEATHER WAS OBSERVED.


RELATIVE HUMIDITY (PERCENT)
 HIGHEST    63          1200 AM
 LOWEST     36           100 PM
 AVERAGE    50

..........................................................


THE KANSAS CITY INTERNATIONAL MO CLIMATE NORMALS FOR TODAY
                         NORMAL    RECORD    YEAR
 MAXIMUM TEMPERATURE (F)   40        76      1934
 MINIMUM TEMPERATURE (F)   21       -12      2011
                                             1996


SUNRISE AND SUNSET
FEBRUARY  3 2017......SUNRISE   724 AM CST   SUNSET   542 PM CST
FEBRUARY  4 2017......SUNRISE   723 AM CST   SUNSET   543 PM CST


-  INDICATES NEGATIVE NUMBERS.
R  INDICATES RECORD WAS SET OR TIED.
MM INDICATES DATA IS MISSING.
T  INDICATES TRACE AMOUNT.


&&

...MISCELLANEOUS CLIMATE DATA FROM YESTERDAY...

LOCATION                HIGH    LOW      PRECIP
ST. JOSEPH               31      17       0.00
DOWNTOWN KANSAS CITY     34      21       0.00
OLATHE NEW CENTURY       32      16       0.00
OLATHE JO CO EXEC        31      20       0.00
LEES SUMMIT              33      20       0.00
KIRKSVILLE               31      17       0.00
CHILLICOTHE              33      18       0.00
SEDALIA                  35      21       0.00
NWS PLEASANT HILL MO     33      20       0.00


THIS PRODUCT...ALONG WITH OTHER WEATHER...HYDROLOGICAL AND CLIMATE
INFORMATION...IS AVAILABLE ON THE WEB AT HTTP://WWW.WEATHER.GOV/EAX
OR AT HTTP://WEATHER.GOV

$$

CDB
