323
CDUS43 KEAX 160644
CLIMCI

CLIMATE REPORT
NATIONAL WEATHER SERVICE KANSAS CITY/PLEASANT HILL MO
143 AM CDT MON MAY 16 2016


...................................

...THE KANSAS CITY INTERNATIONAL MO CLIMATE SUMMARY FOR MAY 15 2016...

CLIMATE NORMAL PERIOD 1981 TO 2010
CLIMATE RECORD PERIOD 1888 TO 2016


WEATHER ITEM   OBSERVED TIME   RECORD YEAR NORMAL DEPARTURE LAST
                VALUE   (LST)  VALUE       VALUE  FROM      YEAR
                                                  NORMAL
..................................................................
TEMPERATURE (F)
 YESTERDAY
  MAXIMUM         67    214 PM  91    1941  75     -8       77
  MINIMUM         39    439 AM  34    1907  54    -15       60
  AVERAGE         53                        64    -11       69

PRECIPITATION (IN)
  YESTERDAY        0.14          3.23 1990   0.16  -0.02     0.35
  MONTH TO DATE    2.96                      2.51   0.45     3.33
  SINCE MAR 1     12.83                      8.58   4.25     7.50
  SINCE JAN 1     13.99                     11.11   2.88     9.68

SNOWFALL (IN)
  YESTERDAY        0.0           0.0    MM   0.0    0.0      0.0
  MONTH TO DATE    0.0                       0.0    0.0      0.0
  SINCE MAR 1      0.6                       2.6   -2.0       T
  SINCE JUL 1      5.9                      18.8  -12.9     14.2
  SNOW DEPTH       0

DEGREE DAYS
 HEATING
  YESTERDAY       12                         3      9        0
  MONTH TO DATE   76                        70      6       33
  SINCE MAR 1    761                      1045   -284      839
  SINCE JUL 1   4118                      5090   -972     5053

 COOLING
  YESTERDAY        0                         3     -3        4
  MONTH TO DATE   12                        25    -13       31
  SINCE MAR 1     26                        53    -27       40
  SINCE JAN 1     26                        53    -27       40
..................................................................


WIND (MPH)
  HIGHEST WIND SPEED    16   HIGHEST WIND DIRECTION     S (190)
  HIGHEST GUST SPEED    21   HIGHEST GUST DIRECTION     S (170)
  AVERAGE WIND SPEED     5.8


SKY COVER
  POSSIBLE SUNSHINE  MM
  AVERAGE SKY COVER 0.6


WEATHER CONDITIONS
 THE FOLLOWING WEATHER WAS RECORDED YESTERDAY.
  RAIN
  LIGHT RAIN
  FOG


RELATIVE HUMIDITY (PERCENT)
 HIGHEST    83           900 PM
 LOWEST     30           200 PM
 AVERAGE    57

..........................................................


THE KANSAS CITY INTERNATIONAL MO CLIMATE NORMALS FOR TODAY
                         NORMAL    RECORD    YEAR
 MAXIMUM TEMPERATURE (F)   75        94      1931
 MINIMUM TEMPERATURE (F)   54        35      2014


SUNRISE AND SUNSET
MAY 16 2016...........SUNRISE   604 AM CDT   SUNSET   827 PM CDT
MAY 17 2016...........SUNRISE   603 AM CDT   SUNSET   828 PM CDT


-  INDICATES NEGATIVE NUMBERS.
R  INDICATES RECORD WAS SET OR TIED.
MM INDICATES DATA IS MISSING.
T  INDICATES TRACE AMOUNT.


&&

...MISCELLANEOUS CLIMATE DATA FROM YESTERDAY...

LOCATION                HIGH    LOW      PRECIP
ST. JOSEPH               67      37       0.03
DOWNTOWN KANSAS CITY     68      43       0.13
OLATHE NEW CENTURY       66      42       0.15
OLATHE JO CO EXEC        65      40       0.12
LEES SUMMIT              67      42       0.11
KIRKSVILLE               65      39       0.00
CHILLICOTHE              69      39       0.00
SEDALIA                  69      42       0.01
NWS PLEASANT HILL MO     67      41       0.06


THIS PRODUCT...ALONG WITH OTHER WEATHER...HYDROLOGICAL AND CLIMATE
INFORMATION...IS AVAILABLE ON THE WEB AT HTTP://WWW.WEATHER.GOV/EAX
OR AT HTTP://WEATHER.GOV

$$
