000
CDUS43 KEAX 130635
CLIMCI

CLIMATE REPORT
NATIONAL WEATHER SERVICE KANSAS CITY/PLEASANT HILL MO
133 AM CDT TUE SEP 13 2016


...................................

...THE KANSAS CITY INTERNATIONAL MO CLIMATE SUMMARY FOR SEPTEMBER 12 2016...

CLIMATE NORMAL PERIOD 1981 TO 2010
CLIMATE RECORD PERIOD 1888 TO 2016


WEATHER ITEM   OBSERVED TIME   RECORD YEAR NORMAL DEPARTURE LAST
                VALUE   (LST)  VALUE       VALUE  FROM      YEAR
                                                  NORMAL
..................................................................
TEMPERATURE (F)
 YESTERDAY
  MAXIMUM         84    237 PM 103    1956  81      3       71
  MINIMUM         62    540 AM  42    2014  59      3       49
  AVERAGE         73                        70      3       60

PRECIPITATION (IN)
  YESTERDAY        0.00          8.82 1977   0.15  -0.15     0.00
  MONTH TO DATE    1.56                      1.85  -0.29     5.40
  SINCE SEP 1      1.56                      1.85  -0.29     5.40
  SINCE JAN 1     40.99                     29.25  11.74    37.31

SNOWFALL (IN)
  YESTERDAY        0.0           0.0    MM   0.0    0.0      0.0
  MONTH TO DATE    0.0                       0.0    0.0      0.0
  SINCE SEP 1      0.0                       0.0    0.0      0.0
  SINCE JUL 1      0.0                       0.0    0.0      0.0
  SNOW DEPTH       0

DEGREE DAYS
 HEATING
  YESTERDAY        0                         1     -1        5
  MONTH TO DATE    1                         7     -6        7
  SINCE SEP 1      1                         7     -6        7
  SINCE JUL 1      1                         9     -8       10

 COOLING
  YESTERDAY        8                         6      2        0
  MONTH TO DATE  100                        91      9      150
  SINCE SEP 1    100                        91      9      150
  SINCE JAN 1   1397                      1264    133     1225
..................................................................


WIND (MPH)
  HIGHEST WIND SPEED    20   HIGHEST WIND DIRECTION     S (190)
  HIGHEST GUST SPEED    25   HIGHEST GUST DIRECTION     S (200)
  AVERAGE WIND SPEED    12.2


SKY COVER
  POSSIBLE SUNSHINE  MM
  AVERAGE SKY COVER 0.5


WEATHER CONDITIONS
 THE FOLLOWING WEATHER WAS RECORDED YESTERDAY.
  NO SIGNIFICANT WEATHER WAS OBSERVED.


RELATIVE HUMIDITY (PERCENT)
 HIGHEST    79           700 PM
 LOWEST     51           200 PM
 AVERAGE    65

..........................................................


THE KANSAS CITY INTERNATIONAL MO CLIMATE NORMALS FOR TODAY
                         NORMAL    RECORD    YEAR
 MAXIMUM TEMPERATURE (F)   80       101      1893
 MINIMUM TEMPERATURE (F)   59        37      2014


SUNRISE AND SUNSET
SEPTEMBER 13 2016.....SUNRISE   659 AM CDT   SUNSET   730 PM CDT
SEPTEMBER 14 2016.....SUNRISE   700 AM CDT   SUNSET   728 PM CDT


-  INDICATES NEGATIVE NUMBERS.
R  INDICATES RECORD WAS SET OR TIED.
MM INDICATES DATA IS MISSING.
T  INDICATES TRACE AMOUNT.


&&

...MISCELLANEOUS CLIMATE DATA FROM YESTERDAY...

LOCATION                HIGH    LOW      PRECIP
ST. JOSEPH               85      61       0.00
DOWNTOWN KANSAS CITY     86      64       0.00
OLATHE NEW CENTURY       84      61       0.00
OLATHE JO CO EXEC        82      60       0.00
LEES SUMMIT              84      62       0.00
KIRKSVILLE               81      53       0.00
CHILLICOTHE              84      59       0.00
SEDALIA                  84      58       0.00
NWS PLEASANT HILL MO     83      52       0.00


THIS PRODUCT...ALONG WITH OTHER WEATHER...HYDROLOGICAL AND CLIMATE
INFORMATION...IS AVAILABLE ON THE WEB AT HTTP://WWW.WEATHER.GOV/EAX
OR AT HTTP://WEATHER.GOV

$$
