000
CDUS43 KEAX 062226
CLIMCI

CLIMATE REPORT
NATIONAL WEATHER SERVICE KANSAS CITY/PLEASANT HILL MO
425 PM CST MON NOV 6 2017


...................................

...THE KANSAS CITY INTERNATIONAL MO CLIMATE SUMMARY FOR NOVEMBER 6 2017...
VALID AS OF 0400 PM LOCAL TIME.

CLIMATE NORMAL PERIOD 1981 TO 2010
CLIMATE RECORD PERIOD 1888 TO 2017


WEATHER ITEM   OBSERVED TIME   RECORD YEAR NORMAL DEPARTURE LAST
                VALUE   (LST)  VALUE       VALUE  FROM      YEAR
                                                  NORMAL
..................................................................
TEMPERATURE (F)
 TODAY
  MAXIMUM         45    259 PM  83    1915  58    -13       65
  MINIMUM         30    658 AM  16    1991  39     -9       44
                                      1959
  AVERAGE         38                        48    -10       55

PRECIPITATION (IN)
  TODAY            0.00          1.92 1895   0.08  -0.08     0.00
  MONTH TO DATE    0.02                      0.49  -0.47     0.29
  SINCE SEP 1      7.69                      8.27  -0.58     7.81
  SINCE JAN 1     45.58                     35.67   9.91    47.24

SNOWFALL (IN)
  TODAY            0.0           1.5  1991   0.0    0.0      0.0
  MONTH TO DATE    0.0                       0.1   -0.1      0.0
  SINCE SEP 1      T                         0.3   -0.3      0.0
  SINCE JUL 1      T                         0.3   -0.3      0.0
  SNOW DEPTH       0

DEGREE DAYS
 HEATING
  TODAY           27                        17     10       10
  MONTH TO DATE  127                        93     34       21
  SINCE SEP 1    404                       451    -47      186
  SINCE JUL 1    408                       453    -45      186

 COOLING
  TODAY            0                         0      0        0
  MONTH TO DATE    0                         0      0        7
  SINCE SEP 1    247                       185     62      282
  SINCE JAN 1   1325                      1358    -33     1579
..................................................................


WIND (MPH)
  HIGHEST WIND SPEED    21   HIGHEST WIND DIRECTION    NE (50)
  HIGHEST GUST SPEED    26   HIGHEST GUST DIRECTION    NE (50)
  AVERAGE WIND SPEED    11.6


SKY COVER
  POSSIBLE SUNSHINE  MM
  AVERAGE SKY COVER 0.5


WEATHER CONDITIONS
 THE FOLLOWING WEATHER WAS RECORDED TODAY.
  NO SIGNIFICANT WEATHER WAS OBSERVED.


RELATIVE HUMIDITY (PERCENT)
 HIGHEST    85           600 AM
 LOWEST     53           200 PM
 AVERAGE    69

..........................................................


THE KANSAS CITY INTERNATIONAL MO CLIMATE NORMALS FOR TOMORROW
                         NORMAL    RECORD    YEAR
 MAXIMUM TEMPERATURE (F)   58        78      1934
 MINIMUM TEMPERATURE (F)   38         7      1991


SUNRISE AND SUNSET
NOVEMBER  6 2017......SUNRISE   653 AM CST   SUNSET   512 PM CST
NOVEMBER  7 2017......SUNRISE   654 AM CST   SUNSET   511 PM CST


-  INDICATES NEGATIVE NUMBERS.
R  INDICATES RECORD WAS SET OR TIED.
MM INDICATES DATA IS MISSING.
T  INDICATES TRACE AMOUNT.


&&

...MISCELLANEOUS CLIMATE DATA FROM TODAY...

LOCATION                HIGH    LOW      PRECIP
ST. JOSEPH               47      28       0.00
DOWNTOWN KANSAS CITY     46      33       0.00
OLATHE NEW CENTURY       44      30       0.00
OLATHE JO CO EXEC        42      30       0.00
LEES SUMMIT              41      30       0.00
KIRKSVILLE               43      27       0.00
CHILLICOTHE              47      29       0.00
SEDALIA                  45      32       0.00
NWS PLEASANT HILL MO     41      29       0.00


THIS PRODUCT...ALONG WITH OTHER WEATHER...HYDROLOGICAL AND CLIMATE
INFORMATION...IS AVAILABLE ON THE WEB AT HTTP://WWW.WEATHER.GOV/EAX
OR AT HTTP://WEATHER.GOV

$$

CUTTER
