662
CDUS43 KEAX 150632
CLIMCI

CLIMATE REPORT
NATIONAL WEATHER SERVICE KANSAS CITY/PLEASANT HILL MO
132 AM CDT FRI SEP 15 2017


...................................

...THE KANSAS CITY INTERNATIONAL MO CLIMATE SUMMARY FOR SEPTEMBER 14 2017...

CLIMATE NORMAL PERIOD 1981 TO 2010
CLIMATE RECORD PERIOD 1888 TO 2017


WEATHER ITEM   OBSERVED TIME   RECORD YEAR NORMAL DEPARTURE LAST
                VALUE   (LST)  VALUE       VALUE  FROM      YEAR
                                                  NORMAL
..................................................................
TEMPERATURE (F)
 YESTERDAY
  MAXIMUM         87    159 PM 100    1939  80      7       77
  MINIMUM         60    520 AM  41    1993  58      2       64
  AVERAGE         74                        69      5       71

PRECIPITATION (IN)
  YESTERDAY        0.00          3.31 1967   0.16  -0.16     0.93
  MONTH TO DATE    T                         2.17  -2.17     3.96
  SINCE SEP 1      T                         2.17  -2.17     3.96
  SINCE JAN 1     37.89                     29.57   8.32    43.39

SNOWFALL (IN)
  YESTERDAY        0.0           0.0    MM   0.0    0.0      0.0
  MONTH TO DATE    0.0                       0.0    0.0      0.0
  SINCE SEP 1      0.0                       0.0    0.0      0.0
  SINCE JUL 1      0.0                       0.0    0.0      0.0
  SNOW DEPTH       0

DEGREE DAYS
 HEATING
  YESTERDAY        0                         2     -2        0
  MONTH TO DATE   10                        10      0        1
  SINCE SEP 1     10                        10      0        1
  SINCE JUL 1     14                        12      2        1

 COOLING
  YESTERDAY        9                         5      4        6
  MONTH TO DATE   71                       102    -31      114
  SINCE SEP 1     71                       102    -31      114
  SINCE JAN 1   1149                      1275   -126     1411
..................................................................


WIND (MPH)
  HIGHEST WIND SPEED    20   HIGHEST WIND DIRECTION     S (170)
  HIGHEST GUST SPEED    29   HIGHEST GUST DIRECTION     S (180)
  AVERAGE WIND SPEED    10.7


SKY COVER
  POSSIBLE SUNSHINE  MM
  AVERAGE SKY COVER 0.3


WEATHER CONDITIONS
 THE FOLLOWING WEATHER WAS RECORDED YESTERDAY.
  HAZE


RELATIVE HUMIDITY (PERCENT)
 HIGHEST    93          1200 AM
 LOWEST     37           200 PM
 AVERAGE    65

..........................................................


THE KANSAS CITY INTERNATIONAL MO CLIMATE NORMALS FOR TODAY
                         NORMAL    RECORD    YEAR
 MAXIMUM TEMPERATURE (F)   79        99      1939
                                             1931
 MINIMUM TEMPERATURE (F)   58        37      1993


SUNRISE AND SUNSET
SEPTEMBER 15 2017.....SUNRISE   700 AM CDT   SUNSET   727 PM CDT
SEPTEMBER 16 2017.....SUNRISE   701 AM CDT   SUNSET   725 PM CDT


-  INDICATES NEGATIVE NUMBERS.
R  INDICATES RECORD WAS SET OR TIED.
MM INDICATES DATA IS MISSING.
T  INDICATES TRACE AMOUNT.


&&

...MISCELLANEOUS CLIMATE DATA FROM YESTERDAY...

LOCATION                HIGH    LOW      PRECIP
ST. JOSEPH               88      59       0.00
DOWNTOWN KANSAS CITY     89      66       0.00
OLATHE NEW CENTURY       86      60       0.00
OLATHE JO CO EXEC        84      60       0.00
LEES SUMMIT              86      62       0.00
KIRKSVILLE               86      57       0.00
CHILLICOTHE              87      59       0.00
SEDALIA                  88      57       0.00
NWS PLEASANT HILL MO     86      58       0.00


THIS PRODUCT...ALONG WITH OTHER WEATHER...HYDROLOGICAL AND CLIMATE
INFORMATION...IS AVAILABLE ON THE WEB AT HTTP://WWW.WEATHER.GOV/EAX
OR AT HTTP://WEATHER.GOV

$$

73
