000
CDUS43 KEAX 282227
CLIMCI

CLIMATE REPORT
NATIONAL WEATHER SERVICE KANSAS CITY/PLEASANT HILL MO
425 PM CST SUN DEC 28 2014


...................................

...THE KANSAS CITY INTERNATIONAL MO CLIMATE SUMMARY FOR DECEMBER 28 2014...
VALID AS OF 0400 PM LOCAL TIME.

CLIMATE NORMAL PERIOD 1981 TO 2010
CLIMATE RECORD PERIOD 1888 TO 2014


WEATHER ITEM   OBSERVED TIME   RECORD YEAR NORMAL DEPARTURE LAST
                VALUE   (LST)  VALUE       VALUE  FROM      YEAR
                                                  NORMAL
..................................................................
TEMPERATURE (F)
 TODAY
  MAXIMUM         40    259 PM  69    1984  38      2       57
  MINIMUM         14    725 AM -10    1924  20     -6       33
  AVERAGE         27                        29     -2       45

PRECIPITATION (IN)
  TODAY            0.00          0.45 1990   0.04  -0.04     0.00
  MONTH TO DATE    1.83                      1.43   0.40     0.80
  SINCE DEC 1      1.83                      1.43   0.40     0.80
  SINCE JAN 1     40.04                     38.76   1.28    34.48

SNOWFALL (IN)
  TODAY            0.0           4.1  1943   0.2   -0.2      0.0
  MONTH TO DATE    2.6                       4.4   -1.8      5.7
  SINCE DEC 1      2.6                       4.4   -1.8      5.7
  SINCE JUL 1      3.1                       5.8   -2.7      5.7
  SNOW DEPTH       0

DEGREE DAYS
 HEATING
  TODAY           38                        36      2       20
  MONTH TO DATE  808                       932   -124     1013
  SINCE DEC 1    808                       932   -124     1013
  SINCE JUL 1   1929                      1934     -5     2078

 COOLING
  TODAY            0                         0      0        0
  MONTH TO DATE    0                         0      0        0
  SINCE DEC 1      0                         0      0        0
  SINCE JAN 1   1263                      1360    -97     1345
..................................................................


WIND (MPH)
  HIGHEST WIND SPEED    12   HIGHEST WIND DIRECTION    SW (230)
  HIGHEST GUST SPEED    15   HIGHEST GUST DIRECTION    SW (210)
  AVERAGE WIND SPEED     6.6


SKY COVER
  POSSIBLE SUNSHINE  MM
  AVERAGE SKY COVER 0.2


WEATHER CONDITIONS
 THE FOLLOWING WEATHER WAS RECORDED TODAY.
  NO SIGNIFICANT WEATHER WAS OBSERVED.


RELATIVE HUMIDITY (PERCENT)
 HIGHEST    92           500 AM
 LOWEST     40           200 PM
 AVERAGE    66

..........................................................


THE KANSAS CITY INTERNATIONAL MO CLIMATE NORMALS FOR TOMORROW
                         NORMAL    RECORD    YEAR
 MAXIMUM TEMPERATURE (F)   38        68      1947
 MINIMUM TEMPERATURE (F)   20        -9      1917


SUNRISE AND SUNSET
DECEMBER 28 2014......SUNRISE   738 AM CST   SUNSET   503 PM CST
DECEMBER 29 2014......SUNRISE   738 AM CST   SUNSET   504 PM CST


-  INDICATES NEGATIVE NUMBERS.
R  INDICATES RECORD WAS SET OR TIED.
MM INDICATES DATA IS MISSING.
T  INDICATES TRACE AMOUNT.




&&

...MISCELLANEOUS CLIMATE DATA FROM TODAY...

LOCATION                HIGH    LOW      PRECIP
ST. JOSEPH               41      14       0.00
DOWNTOWN KANSAS CITY     41      19       0.00
OLATHE NEW CENTURY       38      14       0.00
OLATHE JO CO EXEC        38      16       0.00
LEES SUMMIT              39      19       0.00
KIRKSVILLE               38      18       0.00
CHILLICOTHE              40      16       0.00
SEDALIA                  39      21       0.00
NWS PLEASANT HILL MO     38      18       0.00


THIS PRODUCT...ALONG WITH OTHER WEATHER...HYDROLOGICAL AND CLIMATE
INFORMATION...IS AVAILABLE ON THE WEB AT HTTP://WWW.CRH.NOAA.GOV/EAX
OR AT HTTP://WEATHER.GOV

$$

MJ
