000
CDUS43 KEAX 040034
CLIMCI

CLIMATE REPORT
NATIONAL WEATHER SERVICE KANSAS CITY/PLEASANT HILL MO
633 PM CST SAT DEC 3 2016


...................................

...THE KANSAS CITY INTERNATIONAL MO CLIMATE SUMMARY FOR DECEMBER 3 2016...
VALID TODAY AS OF 0600 PM LOCAL TIME.

CLIMATE NORMAL PERIOD 1981 TO 2010
CLIMATE RECORD PERIOD 1888 TO 2016


WEATHER ITEM   OBSERVED TIME   RECORD YEAR NORMAL DEPARTURE LAST
                VALUE   (LST)  VALUE       VALUE  FROM      YEAR
                                                  NORMAL
..................................................................
TEMPERATURE (F)
 TODAY
  MAXIMUM         45    559 PM  74    2012  44      1       48
  MINIMUM         28    521 AM   6    1895  26      2       21
                                      1893
  AVERAGE         37                        35      2       35

PRECIPITATION (IN)
  TODAY            0.00          2.01 1947   0.06  -0.06     0.00
  MONTH TO DATE    0.00                      0.18  -0.18     0.00
  SINCE DEC 1      0.00                      0.18  -0.18     0.00
  SINCE JAN 1     47.46                     37.51   9.95    43.35

SNOWFALL (IN)
  TODAY            0.0           7.2  1898   0.2   -0.2      0.0
  MONTH TO DATE    0.0                       0.4   -0.4      0.0
  SINCE DEC 1      0.0                       0.4   -0.4      0.0
  SINCE JUL 1      0.0                       1.8   -1.8      0.0
  SNOW DEPTH       0

DEGREE DAYS
 HEATING
  TODAY           28                        30     -2       30
  MONTH TO DATE   86                        89     -3       84
  SINCE DEC 1     86                        89     -3       84
  SINCE JUL 1    670                      1091   -421      831

 COOLING
  TODAY            0                         0      0        0
  MONTH TO DATE    0                         0      0        0
  SINCE DEC 1      0                         0      0        0
  SINCE JAN 1   1585                      1360    225     1370
..................................................................


WIND (MPH)
  HIGHEST WIND SPEED    15   HIGHEST WIND DIRECTION     E (110)
  HIGHEST GUST SPEED    18   HIGHEST GUST DIRECTION    SE (120)
  AVERAGE WIND SPEED     8.2


SKY COVER
  POSSIBLE SUNSHINE  MM
  AVERAGE SKY COVER 0.8


WEATHER CONDITIONS
 THE FOLLOWING WEATHER WAS RECORDED TODAY.
  NO SIGNIFICANT WEATHER WAS OBSERVED.


RELATIVE HUMIDITY (PERCENT)
 HIGHEST    85           300 AM
 LOWEST     53          1200 PM
 AVERAGE    69

..........................................................


THE KANSAS CITY INTERNATIONAL MO CLIMATE NORMALS FOR TOMORROW
                         NORMAL    RECORD    YEAR
 MAXIMUM TEMPERATURE (F)   44        69      2001
 MINIMUM TEMPERATURE (F)   26         6      1898


SUNRISE AND SUNSET
DECEMBER  3 2016......SUNRISE   722 AM CST   SUNSET   456 PM CST
DECEMBER  4 2016......SUNRISE   723 AM CST   SUNSET   456 PM CST


-  INDICATES NEGATIVE NUMBERS.
R  INDICATES RECORD WAS SET OR TIED.
MM INDICATES DATA IS MISSING.
T  INDICATES TRACE AMOUNT.


&&

...MISCELLANEOUS CLIMATE DATA FROM TODAY...

LOCATION                HIGH    LOW      PRECIP
ST. JOSEPH               44      21       0.00
DOWNTOWN KANSAS CITY     48      31       0.00
OLATHE NEW CENTURY       48      31       0.00
OLATHE JO CO EXEC        48      33       0.00
LEES SUMMIT              49      31       0.00
KIRKSVILLE               44      23       0.00
CHILLICOTHE              45      25       0.00
SEDALIA                  50      30       0.00
NWS PLEASANT HILL MO     50      33       0.00


THIS PRODUCT...ALONG WITH OTHER WEATHER...HYDROLOGICAL AND CLIMATE
INFORMATION...IS AVAILABLE ON THE WEB AT HTTP://WWW.WEATHER.GOV/EAX
OR AT HTTP://WEATHER.GOV

$$

CDB
