000
CDUS43 KEAX 230633
CLIMCI

CLIMATE REPORT
NATIONAL WEATHER SERVICE KANSAS CITY/PLEASANT HILL MO
131 AM CDT SUN APR 23 2017


...................................

...THE KANSAS CITY INTERNATIONAL MO CLIMATE SUMMARY FOR APRIL 22 2017...

CLIMATE NORMAL PERIOD 1981 TO 2010
CLIMATE RECORD PERIOD 1888 TO 2017


WEATHER ITEM   OBSERVED TIME   RECORD YEAR NORMAL DEPARTURE LAST
                VALUE   (LST)  VALUE       VALUE  FROM      YEAR
                                                  NORMAL
..................................................................
TEMPERATURE (F)
 YESTERDAY
  MAXIMUM         66    212 PM  91    1989  68     -2       68
  MINIMUM         45   1030 PM  25    1986  46     -1       50
  AVERAGE         56                        57     -1       59

PRECIPITATION (IN)
  YESTERDAY        0.00          4.18 1944   0.14  -0.14     0.00
  MONTH TO DATE    4.27                      2.50   1.77     1.47
  SINCE MAR 1      7.08                      4.87   2.21     4.19
  SINCE JAN 1      8.53                      7.40   1.13     5.35

SNOWFALL (IN)
  YESTERDAY        0.0           0.0    MM   0.1   -0.1      0.0
  MONTH TO DATE    0.0                       0.6   -0.6      0.0
  SINCE MAR 1      0.4                       2.6   -2.2      0.6
  SINCE JUL 1      4.9                      18.8  -13.9      5.9
  SNOW DEPTH       0

DEGREE DAYS
 HEATING
  YESTERDAY        9                         9      0        6
  MONTH TO DATE  161                       268   -107      202
  SINCE MAR 1    686                       914   -228      645
  SINCE JUL 1   3940                      4959  -1019     4002

 COOLING
  YESTERDAY        0                         1     -1        0
  MONTH TO DATE   27                        16     11        4
  SINCE MAR 1     33                        19     14        6
  SINCE JAN 1     33                        19     14        6
..................................................................


WIND (MPH)
  HIGHEST WIND SPEED    29   HIGHEST WIND DIRECTION    NE (30)
  HIGHEST GUST SPEED    34   HIGHEST GUST DIRECTION    NE (40)
  AVERAGE WIND SPEED    13.6


SKY COVER
  POSSIBLE SUNSHINE  MM
  AVERAGE SKY COVER 0.6


WEATHER CONDITIONS
 THE FOLLOWING WEATHER WAS RECORDED YESTERDAY.
  NO SIGNIFICANT WEATHER WAS OBSERVED.


RELATIVE HUMIDITY (PERCENT)
 HIGHEST    71           600 AM
 LOWEST     26           300 PM
 AVERAGE    49

..........................................................


THE KANSAS CITY INTERNATIONAL MO CLIMATE NORMALS FOR TODAY
                         NORMAL    RECORD    YEAR
 MAXIMUM TEMPERATURE (F)   68        90      1965
 MINIMUM TEMPERATURE (F)   47        32      1893


SUNRISE AND SUNSET
APRIL 23 2017.........SUNRISE   630 AM CDT   SUNSET   805 PM CDT
APRIL 24 2017.........SUNRISE   629 AM CDT   SUNSET   806 PM CDT


-  INDICATES NEGATIVE NUMBERS.
R  INDICATES RECORD WAS SET OR TIED.
MM INDICATES DATA IS MISSING.
T  INDICATES TRACE AMOUNT.


&&

...MISCELLANEOUS CLIMATE DATA FROM YESTERDAY...

LOCATION                HIGH    LOW      PRECIP
ST. JOSEPH               66      39       T
DOWNTOWN KANSAS CITY     68      50       0.00
OLATHE NEW CENTURY       66      40       0.05
OLATHE JO CO EXEC        66      47       T
LEES SUMMIT              66      48       T
KIRKSVILLE               64      41       0.00
CHILLICOTHE              66      41       0.00
SEDALIA                  M       M         M
NWS PLEASANT HILL MO     66      45       0.16


THIS PRODUCT...ALONG WITH OTHER WEATHER...HYDROLOGICAL AND CLIMATE
INFORMATION...IS AVAILABLE ON THE WEB AT HTTP://WWW.WEATHER.GOV/EAX
OR AT HTTP://WEATHER.GOV

$$
