070
CDUS43 KEAX 230032
CLIMCI

CLIMATE REPORT
NATIONAL WEATHER SERVICE KANSAS CITY/PLEASANT HILL MO
731 PM CDT FRI JUL 22 2016


...................................

...THE KANSAS CITY INTERNATIONAL MO CLIMATE SUMMARY FOR JULY 22 2016...
VALID TODAY AS OF 0700 PM LOCAL TIME.

CLIMATE NORMAL PERIOD 1981 TO 2010
CLIMATE RECORD PERIOD 1888 TO 2016


WEATHER ITEM   OBSERVED TIME   RECORD YEAR NORMAL DEPARTURE LAST
                VALUE   (LST)  VALUE       VALUE  FROM      YEAR
                                                  NORMAL
..................................................................
TEMPERATURE (F)
 TODAY
  MAXIMUM         93    426 PM 106    1901  89      4       83
  MINIMUM         78    558 AM  57    1988  69      9       65
                                      1950
                                      1944
  AVERAGE         86                        79      7       74

PRECIPITATION (IN)
  TODAY            0.00          1.53 1898   0.13  -0.13     0.00
  MONTH TO DATE    7.74                      3.34   4.40     5.18
  SINCE JUN 1      8.72                      8.57   0.15    12.76
  SINCE JAN 1     29.25                     22.40   6.85    29.36

SNOWFALL (IN)
  TODAY            0.0           0.0    MM   0.0    0.0      0.0
  MONTH TO DATE    0.0                       0.0    0.0      0.0
  SINCE JUN 1      0.0                       0.0    0.0      0.0
  SINCE JUL 1      0.0                       0.0    0.0      0.0
  SNOW DEPTH       0

DEGREE DAYS
 HEATING
  TODAY            0                         0      0        0
  MONTH TO DATE    0                         0      0        2
  SINCE JUN 1      0                         9     -9        5
  SINCE JUL 1      0                         0      0        2

 COOLING
  TODAY           21                        14      7        9
  MONTH TO DATE  304                       293     11      259
  SINCE JUN 1    721                       559    162      564
  SINCE JAN 1    792                       675    117      632
..................................................................


WIND (MPH)
  HIGHEST WIND SPEED    25   HIGHEST WIND DIRECTION    SE (150)
  HIGHEST GUST SPEED    32   HIGHEST GUST DIRECTION    SE (120)
  AVERAGE WIND SPEED    13.2


SKY COVER
  POSSIBLE SUNSHINE  MM
  AVERAGE SKY COVER 0.5


WEATHER CONDITIONS
 THE FOLLOWING WEATHER WAS RECORDED TODAY.
  HAZE


RELATIVE HUMIDITY (PERCENT)
 HIGHEST    79           500 AM
 LOWEST     62           300 PM
 AVERAGE    71

..........................................................


THE KANSAS CITY INTERNATIONAL MO CLIMATE NORMALS FOR TOMORROW
                         NORMAL    RECORD    YEAR
 MAXIMUM TEMPERATURE (F)   89       106      1934
 MINIMUM TEMPERATURE (F)   69        57      2003
                                             1990


SUNRISE AND SUNSET
JULY 22 2016..........SUNRISE   611 AM CDT   SUNSET   840 PM CDT
JULY 23 2016..........SUNRISE   611 AM CDT   SUNSET   839 PM CDT


-  INDICATES NEGATIVE NUMBERS.
R  INDICATES RECORD WAS SET OR TIED.
MM INDICATES DATA IS MISSING.
T  INDICATES TRACE AMOUNT.


&&

...MISCELLANEOUS CLIMATE DATA FROM TODAY...

LOCATION                HIGH    LOW      PRECIP
ST. JOSEPH               94      79       0.00
DOWNTOWN KANSAS CITY     96      84       0.00
OLATHE NEW CENTURY       95      78       0.00
OLATHE JO CO EXEC        92      76       0.00
LEES SUMMIT              95      81       0.00
KIRKSVILLE               90      70       0.31
CHILLICOTHE              92      76       0.00
SEDALIA                  93      78       0.00
NWS PLEASANT HILL MO     92      77       0.00


THIS PRODUCT...ALONG WITH OTHER WEATHER...HYDROLOGICAL AND CLIMATE
INFORMATION...IS AVAILABLE ON THE WEB AT HTTP://WWW.WEATHER.GOV/EAX
OR AT HTTP://WEATHER.GOV

$$
