000
CDUS43 KEAX 282149
CLIMCI

CLIMATE REPORT
NATIONAL WEATHER SERVICE KANSAS CITY/PLEASANT HILL MO
448 PM CDT TUE OCT 28 2014


...................................

...THE KANSAS CITY INTERNATIONAL MO CLIMATE SUMMARY FOR OCTOBER 28 2014...
VALID AS OF 0400 PM LOCAL TIME.

CLIMATE NORMAL PERIOD 1981 TO 2010
CLIMATE RECORD PERIOD 1888 TO 2014


WEATHER ITEM   OBSERVED TIME   RECORD YEAR NORMAL DEPARTURE LAST
                VALUE   (LST)  VALUE       VALUE  FROM      YEAR
                                                  NORMAL
..................................................................
TEMPERATURE (F)
 TODAY
  MAXIMUM         64    259 PM  84    1944  62      2       69
  MINIMUM         45    637 AM  18    1925  42      3       38
  AVERAGE         55                        52      3       54

PRECIPITATION (IN)
  TODAY            T             1.44 1929   0.08  -0.08     0.00
  MONTH TO DATE    9.29                      2.91   6.38     2.79
  SINCE SEP 1     11.54                      7.53   4.01     7.63
  SINCE JAN 1     37.53                     34.93   2.60    30.30

SNOWFALL (IN)
  TODAY           MM             2.0  1913   0.0   MM        0.0
  MONTH TO DATE    0.0                       0.2   -0.2      0.0
  SINCE SEP 1      0.0                       0.2   -0.2      0.0
  SINCE JUL 1      0.0                       0.2   -0.2      0.0
  SNOW DEPTH       0

DEGREE DAYS
 HEATING
  TODAY           10                        13     -3       11
  MONTH TO DATE  185                       251    -66      305
  SINCE SEP 1    250                       316    -66      324
  SINCE JUL 1    252                       318    -66      324

 COOLING
  TODAY            0                         0      0        0
  MONTH TO DATE   14                        24    -10       28
  SINCE SEP 1    144                       183    -39      251
  SINCE JAN 1   1263                      1356    -93     1345
..................................................................


WIND (MPH)
  HIGHEST WIND SPEED    18   HIGHEST WIND DIRECTION    NW (320)
  HIGHEST GUST SPEED    23   HIGHEST GUST DIRECTION     N (340)
  AVERAGE WIND SPEED     8.6


SKY COVER
  POSSIBLE SUNSHINE  MM
  AVERAGE SKY COVER 0.6


WEATHER CONDITIONS
 THE FOLLOWING WEATHER WAS RECORDED TODAY.
  NO SIGNIFICANT WEATHER WAS OBSERVED.


RELATIVE HUMIDITY (PERCENT)
 HIGHEST    77           300 AM
 LOWEST     32          1200 PM
 AVERAGE    55

..........................................................


THE KANSAS CITY INTERNATIONAL MO CLIMATE NORMALS FOR TOMORROW
                         NORMAL    RECORD    YEAR
 MAXIMUM TEMPERATURE (F)   62        88      1937
 MINIMUM TEMPERATURE (F)   42        22      1925


SUNRISE AND SUNSET
OCTOBER 28 2014.......SUNRISE   742 AM CDT   SUNSET   622 PM CDT
OCTOBER 29 2014.......SUNRISE   743 AM CDT   SUNSET   621 PM CDT


-  INDICATES NEGATIVE NUMBERS.
R  INDICATES RECORD WAS SET OR TIED.
MM INDICATES DATA IS MISSING.
T  INDICATES TRACE AMOUNT.



&&

...MISCELLANEOUS CLIMATE DATA FROM TODAY...

LOCATION                HIGH    LOW      PRECIP
ST. JOSEPH               66      40       0.00
DOWNTOWN KANSAS CITY     66      49       T
OLATHE NEW CENTURY       63      43       T
OLATHE JO CO EXEC        64      47       T
LEES SUMMIT              65      47       0.00
KIRKSVILLE               62      48       T
CHILLICOTHE              65      44       0.03
SEDALIA                  65      49       T
NWS PLEASANT HILL MO     63      46       0.00


THIS PRODUCT...ALONG WITH OTHER WEATHER...HYDROLOGICAL AND CLIMATE
INFORMATION...IS AVAILABLE ON THE WEB AT HTTP://WWW.CRH.NOAA.GOV/EAX
OR AT HTTP://WEATHER.GOV

$$
