000
CDUS43 KEAX 180637
CLIMCI

CLIMATE REPORT
NATIONAL WEATHER SERVICE KANSAS CITY/PLEASANT HILL MO
1236 AM CST THU DEC 18 2014


...................................

...THE KANSAS CITY INTERNATIONAL MO CLIMATE SUMMARY FOR DECEMBER 17 2014...

CLIMATE NORMAL PERIOD 1981 TO 2010
CLIMATE RECORD PERIOD 1888 TO 2014


WEATHER ITEM   OBSERVED TIME   RECORD YEAR NORMAL DEPARTURE LAST
                VALUE   (LST)  VALUE       VALUE  FROM      YEAR
                                                  NORMAL
..................................................................
TEMPERATURE (F)
 YESTERDAY
  MAXIMUM         30   1159 PM  72    1939  40    -10       46
  MINIMUM         22    750 AM  -6    1981  22      0       26
  AVERAGE         26                        31     -5       36

PRECIPITATION (IN)
  YESTERDAY        T             0.40 1929   0.04  -0.04     0.00
  MONTH TO DATE    1.34                      0.94   0.40     0.32
  SINCE DEC 1      1.34                      0.94   0.40     0.32
  SINCE JAN 1     39.55                     38.27   1.28    34.00

SNOWFALL (IN)
  YESTERDAY        T             6.3  1945   0.2   -0.2      0.0
  MONTH TO DATE    T                         2.5   -2.5      2.0
  SINCE DEC 1      T                         2.5   -2.5      2.0
  SINCE JUL 1      0.5                       3.9   -3.4      2.0
  SNOW DEPTH       0

DEGREE DAYS
 HEATING
  YESTERDAY       39                        34      5       29
  MONTH TO DATE  486                       543    -57      634
  SINCE DEC 1    486                       543    -57      634
  SINCE JUL 1   1607                      1545     62     1699

 COOLING
  YESTERDAY        0                         0      0        0
  MONTH TO DATE    0                         0      0        0
  SINCE DEC 1      0                         0      0        0
  SINCE JAN 1   1263                      1360    -97     1345
..................................................................


WIND (MPH)
  HIGHEST WIND SPEED    10   HIGHEST WIND DIRECTION     E (70)
  HIGHEST GUST SPEED    12   HIGHEST GUST DIRECTION     N (360)
  AVERAGE WIND SPEED     5.2


SKY COVER
  POSSIBLE SUNSHINE  MM
  AVERAGE SKY COVER 0.9


WEATHER CONDITIONS
 THE FOLLOWING WEATHER WAS RECORDED YESTERDAY.
  LIGHT SNOW


RELATIVE HUMIDITY (PERCENT)
 HIGHEST    88           200 AM
 LOWEST     63           300 PM
 AVERAGE    76

..........................................................


THE KANSAS CITY INTERNATIONAL MO CLIMATE NORMALS FOR TODAY
                         NORMAL    RECORD    YEAR
 MAXIMUM TEMPERATURE (F)   39        64      1976
 MINIMUM TEMPERATURE (F)   22       -15      1983


SUNRISE AND SUNSET
DECEMBER 18 2014......SUNRISE   733 AM CST   SUNSET   458 PM CST
DECEMBER 19 2014......SUNRISE   734 AM CST   SUNSET   458 PM CST


-  INDICATES NEGATIVE NUMBERS.
R  INDICATES RECORD WAS SET OR TIED.
MM INDICATES DATA IS MISSING.
T  INDICATES TRACE AMOUNT.




&&

...MISCELLANEOUS CLIMATE DATA FROM YESTERDAY...

LOCATION                HIGH    LOW      PRECIP
ST. JOSEPH               30      19       0.00
DOWNTOWN KANSAS CITY     32      25       T
OLATHE NEW CENTURY       30      24       0.14
OLATHE JO CO EXEC        31      25       0.05
LEES SUMMIT              31      23       T
KIRKSVILLE               33      22       0.00
CHILLICOTHE              31      21       0.00
SEDALIA                  33      24       0.00
NWS PLEASANT HILL MO     30      22       0.01


THIS PRODUCT...ALONG WITH OTHER WEATHER...HYDROLOGICAL AND CLIMATE
INFORMATION...IS AVAILABLE ON THE WEB AT HTTP://WWW.CRH.NOAA.GOV/EAX
OR AT HTTP://WEATHER.GOV

$$

CDB
