000
CXUS53 KEAX 011443
CLSMCI

CLIMATE REPORT
NATIONAL WEATHER SERVICE KANSAS CITY/PLEASANT HILL MO
104 AM CST SAT DEC 1 2012

...................................

...THE KANSAS CITY INTERNATIONAL MO CLIMATE SUMMARY FOR THE MONTH OF NOVEMBER 2012...

CLIMATE NORMAL PERIOD 1981 TO 2010
CLIMATE RECORD PERIOD 1888 TO 2012

WEATHER         OBSERVED          NORMAL  DEPART  LAST YEAR`S
                 VALUE   DATE(S)  VALUE   FROM    VALUE  DATE(S)
                                          NORMAL
................................................................
TEMPERATURE (F)
RECORD
 HIGH              83   11/01/1937
                        11/06/1915
 LOW                1   11/08/1991
                        11/28/1976
HIGHEST            76   11/09        73       3       78  11/01
LOWEST             14   11/27        17      -3       19  11/30
AVG. MAXIMUM     59.0              53.2     5.8     55.6
AVG. MINIMUM     34.5              34.1     0.4     35.1
MEAN             46.8              43.6     3.2     45.3
DAYS MAX >= 90      0               0.0     0.0        0
DAYS MAX <= 32      0               1.4    -1.4        0
DAYS MIN <= 32     11              13.1    -2.1       12
DAYS MIN <= 0       0               0.0     0.0        0

PRECIPITATION (INCHES)
RECORD
 MAXIMUM         9.52   1931
 MINIMUM            T   1989
TOTALS           1.36              2.15   -0.79     4.89
DAILY AVG.       0.05              0.07   -0.02     0.16
DAYS >= .01         3               7.3    -4.3        8
DAYS >= .10         2               4.2    -2.2        7
DAYS >= .50         1               1.3    -0.3        4
DAYS >= 1.00        1               0.5     0.5        2
GREATEST
 24 HR. TOTAL    1.16   11/10 TO 11/11

SNOWFALL (INCHES)
RECORDS
 TOTAL            9.1   1923
                        0
                        0
TOTALS              T               1.2    -1.2        T
SINCE 7/1           T               1.4    -1.4        T
SNOWDEPTH AVG.      0                MM      MM        0
DAYS >= 1.0         0               0.4    -0.4        0
GREATEST
 SNOW DEPTH         0   MM                             0  MM
 24 HR TOTAL        T   11/26 TO 11/26

DEGREE_DAYS
HEATING TOTAL     545               642     -97      581
 SINCE 7/1        947              1002     -55      924
COOLING TOTAL       5                 2       3        1
 SINCE 1/1       1839              1360     479     1598
.................................................................

WIND (MPH)
AVERAGE WIND SPEED              10.1
HIGHEST WIND SPEED/DIRECTION    32/190    DATE  11/10
HIGHEST GUST SPEED/DIRECTION    44/170    DATE  11/10

SKY COVER
POSSIBLE SUNSHINE (PERCENT)   MM
AVERAGE SKY COVER           0.40
NUMBER OF DAYS FAIR           13
NUMBER OF DAYS PC             14
NUMBER OF DAYS CLOUDY          3

AVERAGE RH (PERCENT)     59

WEATHER CONDITIONS. NUMBER OF DAYS WITH
THUNDERSTORM              0     MIXED PRECIP               0
HEAVY RAIN                1     RAIN                       2
LIGHT RAIN                5     FREEZING RAIN              0
LT FREEZING RAIN          1     HAIL                       0
HEAVY SNOW                0     SNOW                       0
LIGHT SNOW                1     SLEET                      0
FOG                       4     FOG W/VIS <= 1/4 MILE      0
HAZE                     12

-  INDICATES NEGATIVE NUMBERS.
R  INDICATES RECORD WAS SET OR TIED.
MM INDICATES DATA IS MISSING.
T  INDICATES TRACE AMOUNT.

$$
