476
CXUS53 KEAX 011944
CLSMCI
CLIMATE REPORT
NATIONAL WEATHER SERVICE
131 PM CST MON MAR 01 2021
...................................
...THE KANSAS CITY INTERNATIONAL MO CLIMATE SUMMARY FOR THE SEASON, FROM
12/1/2020 TO 2/28/2021...
CLIMATE NORMAL PERIOD: 1981 TO 2010
CLIMATE RECORD PERIOD: 1888 TO 2021
WEATHER OBSERVED NORMAL DEPART LAST YEAR`S
VALUE DATE(S) VALUE FROM VALUE DATE(S)
NORMAL
................................................................
TEMPERATURE (F)
RECORD
HIGH 81 02/24/1930
LOW -23 12/23/1989
12/22/1989
HIGHEST 69 02/23 67 2 66 01/09
12/25
LOWEST -13 02/16 0 -13 0 02/14
AVG. MAXIMUM 40.5 40.5 0.0 44.4
AVG. MINIMUM 22.1 22.0 0.1 25.9
MEAN 31.3 31.2 0.1 35.2
DAYS MAX >= 90 0 0.0 0.0 0
DAYS MAX <= 32 18 24.5 -6.5 12
DAYS MIN <= 32 80 74.7 5.3 75
DAYS MIN <= 0 5 5.1 -0.1 1
PRECIPITATION (INCHES)
RECORD
MAXIMUM 8.62 1911
MINIMUM 0.58 1920
TOTALS 4.26 4.06 0.20 5.21
DAILY AVG. 0.05 0.05 0.00 0.06
DAYS >= .01 22 20.6 1.4 MM
DAYS >= .10 9 9.3 -0.3 MM
DAYS >= .50 3 2.3 0.7 MM
DAYS >= 1.00 1 0.6 0.4 MM
GREATEST
24 HR. TOTAL 1.19
SNOWFALL (INCHES)
RECORDS
TOTAL 53.3 1962
TOTALS 11.1 14.8 -3.7 15.3
SINCE 7/1 12.0 16.2 -4.2 MM
DAYS >= TRACE 23 11.2 11.8 MM
DAYS >= 1.0 6 4.6 1.4 MM
GREATEST
SNOW DEPTH 3R 02/17
02/18
02/19
24 HR TOTAL MM
DEGREE DAYS
HEATING TOTAL 2984 3043 -59 2690
COOLING TOTAL 0 0 0 0
................................................................
WIND (MPH)
AVERAGE WIND SPEED 9.6
HIGHEST WIND SPEED/DIRECTION 35/190 DATE 12/23
HIGHEST GUST SPEED/DIRECTION 51/210 DATE 12/23
SKY COVER
POSSIBLE SUNSHINE (PERCENT) MM
AVERAGE SKY COVER 0.59
NUMBER OF DAYS FAIR 24
NUMBER OF DAYS PC 33
NUMBER OF DAYS CLOUDY 33
AVERAGE RH (PERCENT) 69
WEATHER CONDITIONS. NUMBER OF DAYS WITH
THUNDERSTORM 0 MIXED PRECIP 0
HEAVY RAIN 1 RAIN 3
LIGHT RAIN 13 FREEZING RAIN 1
LT FREEZING RAIN 2 HAIL 0
HEAVY SNOW 1 SNOW 7
LIGHT SNOW 22 SLEET 2
FOG 43 FOG W/VIS <= 1/4 MILE 12
HAZE 36
- INDICATES NEGATIVE NUMBERS.
R INDICATES RECORD WAS SET OR TIED.
MM INDICATES DATA IS MISSING.
T INDICATES TRACE AMOUNT.
$$