000
CXUS53 KEAX 020002
CLSMCI

CLIMATE REPORT
NATIONAL WEATHER SERVICE KANSAS CITY/PLEASANT HILL MO
600 PM CST TUE MAR 1 2011

...................................

...THE KANSAS CITY INTERNATIONAL CLIMATE SUMMARY FOR THE SEASON, FROM
12/1/2010 TO 2/28/2011...

CLIMATE NORMAL PERIOD 1971 TO 2000
CLIMATE RECORD PERIOD 1888 TO 2011

WEATHER         OBSERVED          NORMAL  DEPART  LAST YEAR`S
                 VALUE   DATE(S)  VALUE   FROM    VALUE  DATE(S)
                                          NORMAL
................................................................
TEMPERATURE (F)
RECORD
 HIGH              81   02/24/1930
 LOW              -23   12/23/1989
                        12/22/1989
HIGHEST            74   02/17        67       7       59  12/01
LOWEST            -12   02/03        -3      -9       -5  01/02
AVG. MAXIMUM     36.5              39.5    -3.0     33.8
AVG. MINIMUM     17.9              21.2    -3.3     19.3
MEAN             27.2              30.4    -3.2     26.5
DAYS MAX >= 90      0               0.0     0.0        0
DAYS MAX <= 32     37              27.0    10.0       38
DAYS MIN <= 32     81              75.0     6.0       78
DAYS MIN <= 0       6               7.0    -1.0        8

PRECIPITATION (INCHES)
RECORD
 MAXIMUM         8.62   1911
 MINIMUM         0.58   1920
TOTALS           4.03              4.10   -0.07     3.45
DAILY AVG.       0.05              0.05    0.00     0.04
DAYS >= .01        19              21.0    -2.0       25
DAYS >= .10         9              10.0    -1.0        9
DAYS >= .50         4               3.0     1.0        1
DAYS >= 1.00        0               0.0     0.0        0
GREATEST
 24 HR. TOTAL    0.79   02/24 TO 02/24

SNOWFALL (INCHES)
RECORDS
 TOTAL           53.3   1962
TOTALS           36.4              15.1    21.3     34.3
SINCE 7/1        36.4              16.7    19.7     35.5
DAYS >= TRACE      29              13.0    16.0       38
DAYS >= 1.0         7               5.0     2.0       13
GREATEST
 SNOW DEPTH         9   02/04
                        02/02
                        02/03
 24 HR TOTAL      8.9   02/01 TO 02/01

DEGREE_DAYS
HEATING TOTAL    3385              3126     259     3448
COOLING TOTAL       0                 0       0        0
.................................................................

WIND (MPH)
AVERAGE WIND SPEED              10.1
HIGHEST WIND SPEED/DIRECTION    41/180    DATE  12/30
HIGHEST GUST SPEED/DIRECTION    51/180    DATE  12/30

SKY COVER

NUMBER OF DAYS FAIR           20
NUMBER OF DAYS PC             35
NUMBER OF DAYS CLOUDY         35

AVERAGE RH (PERCENT)     72

WEATHER CONDITIONS. NUMBER OF DAYS WITH
THUNDERSTORM              3     MIXED PRECIP               0
HEAVY RAIN                1     RAIN                       2
LIGHT RAIN               11     FREEZING RAIN              2
LT FREEZING RAIN         10     HAIL                       0
HEAVY SNOW                5     SNOW                       8
LIGHT SNOW               27     SLEET                      3
FOG                      51     FOG W/VIS <= 1/4 MILE     12
HAZE                     27

-  INDICATES NEGATIVE NUMBERS.
R  INDICATES RECORD WAS SET OR TIED.
MM INDICATES DATA IS MISSING.
T  INDICATES TRACE AMOUNT.

$$
