000
CXUS53 KEAX 011318
CLSMCI

CLIMATE REPORT
NATIONAL WEATHER SERVICE KANSAS CITY/PLEASANT HILL MO
715 AM CST THU DEC 1 2011

...................................

...THE KANSAS CITY INTERNATIONAL CLIMATE SUMMARY FOR THE SEASON, FROM
9/1/2011 TO 11/30/2011...

CLIMATE NORMAL PERIOD 1981 TO 2010
CLIMATE RECORD PERIOD 1888 TO 2011

WEATHER         OBSERVED          NORMAL  DEPART  LAST YEAR`S
                 VALUE   DATE(S)  VALUE   FROM    VALUE  DATE(S)
                                          NORMAL
................................................................
TEMPERATURE (F)
RECORD
 HIGH             109   09/03/1947
 LOW                1   11/08/1991
                        11/28/1976
HIGHEST            98   09/01        93       5       91  09/06
LOWEST             19   11/30        17       2       16  11/26
AVG. MAXIMUM     67.9              66.4     1.5     68.9
AVG. MINIMUM     44.4              45.7    -1.3     46.1
MEAN             56.2              56.1     0.1     57.5
DAYS MAX >= 90      4               2.9     1.1        2
DAYS MAX <= 32      0               1.4    -1.4        0
DAYS MIN <= 32     18              15.2     2.8       14
DAYS MIN <= 0       0               0.0     0.0        0

PRECIPITATION (INCHES)
RECORD
 MAXIMUM        22.08   1914
 MINIMUM         2.16   1891
TOTALS           6.25              9.93   -3.68    10.43
DAILY AVG.       0.07              0.11   -0.04     0.11
DAYS >= .01        20              24.1    -4.1       24
DAYS >= .10        11              16.0    -5.0       19
DAYS >= .50         4               6.5    -2.5        7
DAYS >= 1.00        2               2.7    -0.7        5
GREATEST
 24 HR. TOTAL    1.87   11/07 TO 11/08

SNOWFALL (INCHES)
RECORDS
 TOTAL           13.2   1898
TOTALS              T               1.4    -1.4        T
SINCE 7/1           T               1.4    -1.4        T
DAYS >= TRACE       1               1.3    -0.3        1
DAYS >= 1.0         0               0.5    -0.5        0
GREATEST
 SNOW DEPTH         0
 24 HR TOTAL      0.0

DEGREE_DAYS
HEATING TOTAL     924              1000     -76      832
COOLING TOTAL     146               187     -41      169
.................................................................

WIND (MPH)
AVERAGE WIND SPEED              10.2
HIGHEST WIND SPEED/DIRECTION    37/200    DATE  11/19
HIGHEST GUST SPEED/DIRECTION    53/180    DATE  11/18

SKY COVER

NUMBER OF DAYS FAIR           43
NUMBER OF DAYS PC             35
NUMBER OF DAYS CLOUDY         13

AVERAGE RH (PERCENT)     62

WEATHER CONDITIONS. NUMBER OF DAYS WITH
THUNDERSTORM              5     MIXED PRECIP               0
HEAVY RAIN                6     RAIN                       6
LIGHT RAIN               23     FREEZING RAIN              0
LT FREEZING RAIN          0     HAIL                       0
HEAVY SNOW                0     SNOW                       1
LIGHT SNOW                1     SLEET                      0
FOG                      27     FOG W/VIS <= 1/4 MILE      3
HAZE                     39

-  INDICATES NEGATIVE NUMBERS.
R  INDICATES RECORD WAS SET OR TIED.
MM INDICATES DATA IS MISSING.
T  INDICATES TRACE AMOUNT.

$$
