000
CXUS53 KEAX 011347
CLSMCI

STLCLMWS1 000
TTAA00 KEAX 011346


CLIMATE REPORT
NATIONAL WEATHER SERVICE KANSAS CITY/PLEASANT HILL MO
745 AM CST WED DEC 1 2010

...................................

...THE KANSAS CITY INTERNATIONAL CLIMATE SUMMARY FOR THE SEASON, FROM
9/1/2010 TO 11/30/2010...

CLIMATE NORMAL PERIOD 1971 TO 2000
CLIMATE RECORD PERIOD 1888 TO 2010

WEATHER         OBSERVED          NORMAL  DEPART  LAST YEAR`S
                 VALUE   DATE(S)  VALUE   FROM    VALUE  DATE(S)
                                          NORMAL
................................................................
TEMPERATURE (F)
RECORD
 HIGH             109   09/03/1947
 LOW                1   11/08/1991
                        11/28/1976
HIGHEST            91   09/06        93      -2       86  09/27
LOWEST             16   11/26        16       0       24  11/30
AVG. MAXIMUM     68.9              66.2     2.7     64.8
AVG. MINIMUM     46.1              45.5     0.6     46.8
MEAN             57.5              55.9     1.6     55.8
DAYS MAX >= 90      2               4.0    -2.0        0
DAYS MAX <= 32      0               2.0    -2.0        0
DAYS MIN <= 32     14              16.0    -2.0        5
DAYS MIN <= 0       0               0.0     0.0        0

PRECIPITATION (INCHES)
RECORD
 MAXIMUM        22.08   1914
 MINIMUM         2.16   1891
TOTALS          10.43             10.27    0.16     7.93
DAILY AVG.       0.11              0.11    0.00     0.09
DAYS >= .01        24              24.0     0.0       29
DAYS >= .10        19              16.0     3.0       17
DAYS >= .50         7               7.0     0.0        8
DAYS >= 1.00        5               3.0     2.0        0
GREATEST
 24 HR. TOTAL    3.39   MM

SNOWFALL (INCHES)
RECORDS
 TOTAL           13.2   1898
TOTALS              T               1.6    -1.6      1.2
SINCE 7/1           T               1.6    -1.6      1.2
DAYS >= TRACE       1               1.0     0.0        2
DAYS >= 1.0         0               0.0     0.0        1
GREATEST
 SNOW DEPTH         0   MM
 24 HR TOTAL      0.0   MM

DEGREE_DAYS
HEATING TOTAL     832               995    -163      924
COOLING TOTAL     169               163       6      102
.................................................................

WIND (MPH)
AVERAGE WIND SPEED              10.0
HIGHEST WIND SPEED/DIRECTION    40/280    DATE  09/10
HIGHEST GUST SPEED/DIRECTION    49/280    DATE  09/10

SKY COVER
POSSIBLE SUNSHINE (PERCENT)   MM

NUMBER OF DAYS FAIR           44
NUMBER OF DAYS PC             33
NUMBER OF DAYS CLOUDY         14

AVERAGE RH (PERCENT)     66

WEATHER CONDITIONS. NUMBER OF DAYS WITH
THUNDERSTORM             14     MIXED PRECIP               0
HEAVY RAIN               11     RAIN                      14
LIGHT RAIN               28     FREEZING RAIN              0
LT FREEZING RAIN          0     HAIL                       0
HEAVY SNOW                0     SNOW                       0
LIGHT SNOW                1     SLEET                      0
FOG                      37     FOG W/VIS <= 1/4 MILE      4
HAZE                     23

-  INDICATES NEGATIVE NUMBERS.
R  INDICATES RECORD WAS SET OR TIED.
MM INDICATES DATA IS MISSING.
T  INDICATES TRACE AMOUNT.

$$
