000
CXUS53 KEAX 012312
CLSMCI

STLCLMWS1 000
TTAA00 KEAX 012306


CLIMATE REPORT
NATIONAL WEATHER SERVICE KANSAS CITY/PLEASANT HILL MO
605 PM CDT TUE JUN 1 2010

...................................

...THE KANSAS CITY INTERNATIONAL CLIMATE SUMMARY FOR THE SEASON, FROM
3/1/2010 TO 5/31/2010...

CLIMATE NORMAL PERIOD 1971 TO 2000
CLIMATE RECORD PERIOD 1888 TO 2010

WEATHER         OBSERVED          NORMAL  DEPART  LAST YEAR`S
                 VALUE   DATE(S)  VALUE   FROM    VALUE  DATE(S)
                                          NORMAL
................................................................
TEMPERATURE (F)
RECORD
 HIGH             103   05/30/1934
 LOW              -10   03/04/1978
HIGHEST            88   05/30        88       0       89  05/29
                        05/24
LOWEST             21   03/03        13       8        7  03/01
                        03/02
AVG. MAXIMUM     66.3              64.7     1.6     64.5
AVG. MINIMUM     47.0              43.5     3.5     44.2
MEAN             56.6              54.2     2.4     54.3
DAYS MAX >= 90      0               1.0    -1.0        0
DAYS MAX <= 32      1               2.0    -1.0        3
DAYS MIN <= 32      9              18.0    -9.0       18
DAYS MIN <= 0       0               0.0     0.0        0

PRECIPITATION (INCHES)
RECORD
 MAXIMUM        22.90   1904
 MINIMUM         5.02   1928
TOTALS          13.16             11.21    1.95    14.60
DAILY AVG.       0.14              0.12    0.02     0.16
DAYS >= .01        33              33.0     0.0       31
DAYS >= .10        22              21.0     1.0       22
DAYS >= .50        11               8.0     3.0       13
DAYS >= 1.00        2               3.0    -1.0        4
GREATEST
 24 HR. TOTAL    2.59   MM

SNOWFALL (INCHES)
RECORDS
 TOTAL           40.2   1912
TOTALS            8.8               3.4     5.4      1.3
SINCE 7/1        44.3              20.1    24.2     14.5
DAYS >= TRACE       3               3.0     0.0        3
DAYS >= 1.0         2               1.0     1.0        1
GREATEST
 SNOW DEPTH         8   03/21
 24 HR TOTAL      7.3   MM

DEGREE_DAYS
HEATING TOTAL     905              1113    -208     1072
COOLING TOTAL     153               113      40      115
.................................................................

WIND (MPH)
AVERAGE WIND SPEED              10.7
HIGHEST WIND SPEED/DIRECTION    47/260    DATE  04/02
HIGHEST GUST SPEED/DIRECTION    62/250    DATE  04/02

SKY COVER
POSSIBLE SUNSHINE (PERCENT)   MM

NUMBER OF DAYS FAIR           23
NUMBER OF DAYS PC             37
NUMBER OF DAYS CLOUDY         32

AVERAGE RH (PERCENT)     70

WEATHER CONDITIONS. NUMBER OF DAYS WITH
THUNDERSTORM             17     MIXED PRECIP               0
HEAVY RAIN               11     RAIN                      22
LIGHT RAIN               40     FREEZING RAIN              1
LT FREEZING RAIN          1     HAIL                       7
HEAVY SNOW                2     SNOW                       2
LIGHT SNOW                3     SLEET                      1
FOG                      50     FOG W/VIS <= 1/4 MILE      3
HAZE                     13

-  INDICATES NEGATIVE NUMBERS.
R  INDICATES RECORD WAS SET OR TIED.
MM INDICATES DATA IS MISSING.
T  INDICATES TRACE AMOUNT.

$$

GA
