000
CXUS53 KEAX 011556
CLSMCI

CLIMATE REPORT
NATIONAL WEATHER SERVICE KANSAS CITY/PLEASANT HILL MO
1055 AM CDT WED SEP 1 2010

...................................

...THE KANSAS CITY INTERNATIONAL CLIMATE SUMMARY FOR THE SEASON, FROM
6/1/2010 TO 8/31/2010...

CLIMATE NORMAL PERIOD 1971 TO 2000
CLIMATE RECORD PERIOD 1888 TO 2010

WEATHER         OBSERVED          NORMAL  DEPART  LAST YEAR`S
                 VALUE   DATE(S)  VALUE   FROM    VALUE  DATE(S)
                                          NORMAL
................................................................
TEMPERATURE (F)
RECORD
 HIGH             113   08/14/1936
 LOW               42   06/04/1990
HIGHEST           103   08/13        99       4       97  08/08
                                                          06/23
LOWEST             56   08/25        50       6       51  08/30
AVG. MAXIMUM     89.3              86.6     2.7     83.5
AVG. MINIMUM     70.1              65.8     4.3     64.7
MEAN             79.7              76.2     3.5     74.1
DAYS MAX >= 90     48              32.0    16.0       19
DAYS MAX <= 32      0               0.0     0.0        0
DAYS MIN <= 32      0               0.0     0.0        0
DAYS MIN <= 0       0               0.0     0.0        0

PRECIPITATION (INCHES)
RECORD
 MAXIMUM        29.56   1969
 MINIMUM         1.12   1936
TOTALS          16.04             12.40    3.64    19.89
DAILY AVG.       0.17              0.13    0.04     0.22
DAYS >= .01        25              29.0    -4.0       34
DAYS >= .10        20              19.0     1.0       25
DAYS >= .50         9              10.0    -1.0       12
DAYS >= 1.00        8               3.0     5.0        6
GREATEST
 24 HR. TOTAL    2.19   07/11 TO 07/11

SNOWFALL (INCHES)
RECORDS
 TOTAL             MM   MM
TOTALS            0.0               0.0     0.0      0.0
SINCE 7/1         0.0               0.0     0.0      0.0
DAYS >= TRACE       0               0.0     0.0        0
DAYS >= 1.0         0               0.0     0.0        0
GREATEST
 SNOW DEPTH         0
 24 HR TOTAL      0.0

DEGREE_DAYS
HEATING TOTAL       0                15     -15       10
COOLING TOTAL    1383              1049     334      873
.................................................................

WIND (MPH)
AVERAGE WIND SPEED              8.7
HIGHEST WIND SPEED/DIRECTION    44/020    DATE  07/14
HIGHEST GUST SPEED/DIRECTION    54/360    DATE  08/13

SKY COVER

NUMBER OF DAYS FAIR           37
NUMBER OF DAYS PC             44
NUMBER OF DAYS CLOUDY         11

AVERAGE RH (PERCENT)     72

WEATHER CONDITIONS. NUMBER OF DAYS WITH
THUNDERSTORM             19     MIXED PRECIP               0
HEAVY RAIN               16     RAIN                      14
LIGHT RAIN               30     FREEZING RAIN              0
LT FREEZING RAIN          0     HAIL                       0
HEAVY SNOW                0     SNOW                       0
LIGHT SNOW                0     SLEET                      0
FOG                      42     FOG W/VIS <= 1/4 MILE      4
HAZE                     33

-  INDICATES NEGATIVE NUMBERS.
R  INDICATES RECORD WAS SET OR TIED.
MM INDICATES DATA IS MISSING.
T  INDICATES TRACE AMOUNT.

$$
