000
CXUS53 KEAX 010815
CLSMCI

CLIMATE REPORT
NATIONAL WEATHER SERVICE KANSAS CITY/PLEASANT HILL MO
215 AM CST MON MAR 1 2010

...................................

...THE KANSAS CITY INTERNATIONAL CLIMATE SUMMARY FOR THE SEASON, FROM
12/1/2009 TO 2/28/2010...

CLIMATE NORMAL PERIOD 1971 TO 2000
CLIMATE RECORD PERIOD 1888 TO 2010

WEATHER         OBSERVED          NORMAL  DEPART  LAST YEAR`S
                 VALUE   DATE(S)  VALUE   FROM    VALUE  DATE(S)
                                          NORMAL
................................................................
TEMPERATURE (F)
RECORD
 HIGH              81   02/24/1930
 LOW              -23   12/23/1989
                        12/22/1989
HIGHEST            59   12/01        67      -8       70  01/31
LOWEST             -5   01/02        -3      -2       -6  01/15
AVG. MAXIMUM     33.8              39.5    -5.7     42.6
AVG. MINIMUM     19.3              21.2    -1.9     19.4
MEAN             26.5              30.4    -3.9     31.0
DAYS MAX >= 90      0               0.0     0.0        0
DAYS MAX <= 32     38              27.0    11.0       22
DAYS MIN <= 32     78              75.0     3.0       80
DAYS MIN <= 0       8               7.0     1.0        3

PRECIPITATION (INCHES)
RECORD
 MAXIMUM         8.62   1911
 MINIMUM         0.58   1920
TOTALS           3.45              4.10   -0.65     2.69
DAILY AVG.       0.04              0.05   -0.01     0.03
DAYS >= .01        25              21.0     4.0       19
DAYS >= .10         9              10.0    -1.0        6
DAYS >= .50         1               3.0    -2.0        1
DAYS >= 1.00        0               0.0     0.0        1
GREATEST
 24 HR. TOTAL    0.62   01/18 TO 01/19

SNOWFALL (INCHES)
RECORDS
 TOTAL           53.3   1962
TOTALS           34.3              15.1    19.2     12.3
SINCE 7/1        35.5              16.7    18.8     13.2
DAYS >= TRACE      38              13.0    25.0       21
DAYS >= 1.0        13               5.0     8.0        3
GREATEST
 SNOW DEPTH         9   01/09
                        01/07
                        01/08
 24 HR TOTAL      5.1   02/21 TO 02/21

DEGREE_DAYS
HEATING TOTAL    3448              3126     322     3059
COOLING TOTAL       0                 0       0        0
.................................................................

WIND (MPH)
AVERAGE WIND SPEED              9.3
HIGHEST WIND SPEED/DIRECTION    36/350    DATE  12/24
HIGHEST GUST SPEED/DIRECTION    45/350    DATE  12/24

SKY COVER

NUMBER OF DAYS FAIR           11
NUMBER OF DAYS PC             30
NUMBER OF DAYS CLOUDY         49

AVERAGE RH (PERCENT)     77

WEATHER CONDITIONS. NUMBER OF DAYS WITH
THUNDERSTORM              0     MIXED PRECIP               0
HEAVY RAIN                0     RAIN                       4
LIGHT RAIN               17     FREEZING RAIN              0
LT FREEZING RAIN          8     HAIL                       0
HEAVY SNOW                2     SNOW                       8
LIGHT SNOW               38     SLEET                      2
FOG                      61     FOG W/VIS <= 1/4 MILE     19
HAZE                     30

-  INDICATES NEGATIVE NUMBERS.
R  INDICATES RECORD WAS SET OR TIED.
MM INDICATES DATA IS MISSING.
T  INDICATES TRACE AMOUNT.

$$
