000
CXUS53 KEAX 011334
CLSMCI

CLIMATE REPORT
NATIONAL WEATHER SERVICE KANSAS CITY/PLEASANT HILL MO
735 AM CST TUE DEC 1 2009

...................................

...THE KANSAS CITY INTERNATIONAL CLIMATE SUMMARY FOR THE SEASON, FROM
9/1/2009 TO 11/30/2009...

CLIMATE NORMAL PERIOD 1971 TO 2000
CLIMATE RECORD PERIOD 1888 TO 2009

WEATHER         OBSERVED          NORMAL  DEPART  LAST YEAR`S
                 VALUE   DATE(S)  VALUE   FROM    VALUE  DATE(S)
                                          NORMAL
................................................................
TEMPERATURE (F)
RECORD
 HIGH             109   09/03/1947
 LOW                1   11/08/1991
                        11/28/1976
HIGHEST            86   09/27        93      -7       92  09/01
LOWEST             24   11/30        16       8       14  11/21
AVG. MAXIMUM     64.8              66.2    -1.4     64.7
AVG. MINIMUM     46.8              45.5     1.3     45.5
MEAN             55.8              55.9    -0.1     55.1
DAYS MAX >= 90      0               4.0    -4.0        1
DAYS MAX <= 32      0               2.0    -2.0        1
DAYS MIN <= 32      5              16.0   -11.0       18
DAYS MIN <= 0       0               0.0     0.0        0

PRECIPITATION (INCHES)
RECORD
 MAXIMUM        22.08   1914
 MINIMUM         2.16   1891
TOTALS           7.93             10.27   -2.34    15.42
DAILY AVG.       0.09              0.11   -0.02     0.17
DAYS >= .01        29              24.0     5.0       29
DAYS >= .10        17              16.0     1.0       18
DAYS >= .50         8               7.0     1.0       10
DAYS >= 1.00        0               3.0    -3.0        4
GREATEST
 24 HR. TOTAL    1.00   11/16 TO 11/17
                        10/21 TO 10/22

SNOWFALL (INCHES)
RECORDS
 TOTAL           13.2   1898
TOTALS            1.2               1.6    -0.4      0.9
SINCE 7/1         1.2               1.6    -0.4      0.9
DAYS >= TRACE       2               1.0     1.0        3
DAYS >= 1.0         1               0.0     1.0        0
GREATEST
 SNOW DEPTH         1   11/17
 24 HR TOTAL      1.2   11/17 TO 11/17

DEGREE_DAYS
HEATING TOTAL     924               995     -71     1012
COOLING TOTAL     102               163     -61      132
.................................................................

WIND (MPH)
AVERAGE WIND SPEED              9.2
HIGHEST WIND SPEED/DIRECTION    32/230    DATE  10/30
HIGHEST GUST SPEED/DIRECTION    41/220    DATE  10/30

SKY COVER

NUMBER OF DAYS FAIR           16
NUMBER OF DAYS PC             45
NUMBER OF DAYS CLOUDY         30

AVERAGE RH (PERCENT)     74

WEATHER CONDITIONS. NUMBER OF DAYS WITH
THUNDERSTORM              8     MIXED PRECIP               0
HEAVY RAIN                4     RAIN                      14
LIGHT RAIN               43     FREEZING RAIN              0
LT FREEZING RAIN          0     HAIL                       0
HEAVY SNOW                0     SNOW                       1
LIGHT SNOW                2     SLEET                      1
FOG                      53     FOG W/VIS <= 1/4 MILE      5
HAZE                     28

-  INDICATES NEGATIVE NUMBERS.
R  INDICATES RECORD WAS SET OR TIED.
MM INDICATES DATA IS MISSING.
T  INDICATES TRACE AMOUNT.

$$
