000
CXUS53 KEAX 040436 CCA
CLSMCI

CLIMATE REPORT
NATIONAL WEATHER SERVICE KANSAS CITY/PLEASANT HILL MO
1135 PM CDT THU SEP 3 2009

...................................

...THE KANSAS CITY INTERNATIONAL CLIMATE SUMMARY FOR THE SEASON, FROM
6/1/2009 TO 8/31/2009...

CLIMATE NORMAL PERIOD 1971 TO 2000
CLIMATE RECORD PERIOD 1888 TO 2009

WEATHER         OBSERVED          NORMAL  DEPART  LAST YEAR`S
                 VALUE   DATE(S)  VALUE   FROM    VALUE  DATE(S)
                                          NORMAL
................................................................
TEMPERATURE (F)
RECORD
 HIGH             113   08/14/1936
 LOW               42   06/04/1990
HIGHEST            97   08/08        99      -2       97  08/04
                        06/23                             08/03
LOWEST             51   08/30        50       1       55  06/17
AVG. MAXIMUM     83.5              86.6    -3.1     85.0
AVG. MINIMUM     64.7              65.8    -1.1     65.9
MEAN             74.1              76.2    -2.1     75.4
DAYS MAX >= 90     19              32.0   -13.0       14
DAYS MAX <= 32      0               0.0     0.0        0
DAYS MIN <= 32      0               0.0     0.0        0
DAYS MIN <= 0       0               0.0     0.0        0

PRECIPITATION (INCHES)
RECORD
 MAXIMUM        29.56   1969
 MINIMUM         1.12   1936
TOTALS          19.89             12.40    7.49    12.13
DAILY AVG.       0.22              0.13    0.09     0.13
DAYS >= .01        34              29.0     5.0       31
DAYS >= .10        25              19.0     6.0       15
DAYS >= .50        12              10.0     2.0       10
DAYS >= 1.00        6               3.0     3.0        1
GREATEST
 24 HR. TOTAL    3.38   8/16 TO 8/17

SNOWFALL (INCHES)
RECORDS
 TOTAL            0.0
TOTALS            0.0               0.0     0.0      0.0
SINCE 7/1         0.0               0.0     0.0      0.0
DAYS >= TRACE       0               0.0     0.0        0
DAYS >= 1.0         0               0.0     0.0        0
GREATEST
 SNOW DEPTH         0
 24 HR TOTAL      0.0

DEGREE_DAYS
HEATING TOTAL      10                15      -5        0
COOLING TOTAL     873              1049    -176      984
.................................................................

WIND (MPH)
AVERAGE WIND SPEED              8.3
HIGHEST WIND SPEED/DIRECTION    36/120    DATE  08/10
HIGHEST GUST SPEED/DIRECTION    45/130    DATE  08/10

SKY COVER

NUMBER OF DAYS FAIR           28
NUMBER OF DAYS PC             43
NUMBER OF DAYS CLOUDY         21

AVERAGE RH (PERCENT)     74

WEATHER CONDITIONS. NUMBER OF DAYS WITH
THUNDERSTORM             32     MIXED PRECIP               0
HEAVY RAIN               15     RAIN                      22
LIGHT RAIN               39     FREEZING RAIN              0
LT FREEZING RAIN          0     HAIL                       1
HEAVY SNOW                0     SNOW                       0
LIGHT SNOW                0     SLEET                      0
FOG                      53     FOG W/VIS <= 1/4 MILE      2
HAZE                     27

-  INDICATES NEGATIVE NUMBERS.
R  INDICATES RECORD WAS SET OR TIED.
MM INDICATES DATA IS MISSING.
T  INDICATES TRACE AMOUNT.

$$
