000
CXUS53 KEAX 011606
CLSMCI
CLIMATE REPORT
NATIONAL WEATHER SERVICE KANSAS CITY/PLEASANT HILL MO
1103 AM CDT FRI SEP 01 2023
...................................
...THE KANSAS CITY INTERNATIONAL MO CLIMATE SUMMARY FOR THE SEASON, FROM
6/1/2023 TO 8/31/2023...
CLIMATE NORMAL PERIOD: 1991 TO 2020
CLIMATE RECORD PERIOD: 1888 TO 2023
WEATHER OBSERVED NORMAL DEPART LAST YEAR`S
VALUE DATE(S) VALUE FROM VALUE DATE(S)
NORMAL
................................................................
TEMPERATURE (F)
RECORD
HIGH 113 08/14/1936
LOW 37 06/27/2013
HIGHEST 103 08/25 99 4 101 07/23
LOWEST 50 06/13 50 0 52 06/03
AVG. MAXIMUM 86.8 86.5 0.3 88.4
AVG. MINIMUM 66.5 66.1 0.4 67.8
MEAN 76.6 76.3 0.3 78.1
DAYS MAX >= 90 28 31.8 -3.8 42
DAYS MAX <= 32 0 0.0 0.0 0
DAYS MIN <= 32 0 0.0 0.0 0
DAYS MIN <= 0 0 0.0 0.0 0
PRECIPITATION (INCHES)
RECORD
MAXIMUM 29.56 1969
MINIMUM 1.12 1936
TOTALS 13.59 14.07 -0.48 9.44
DAILY AVG. 0.15 0.15 -0.00 0.10
DAYS >= .01 22 27.6 -5.6 28
DAYS >= .10 18 18.8 -0.8 16
DAYS >= .50 9 9.2 -0.2 7
DAYS >= 1.00 4 4.6 -0.6 4
GREATEST
24 HR. TOTAL 2.91
SNOWFALL (INCHES)
RECORDS
TOTAL MM 2021
TOTALS 0.0 0.0 0.0 0.0
SINCE 7/1 0.0 0.0 0.0 MM
DAYS >= TRACE 0 0.0 0.0 0
DAYS >= 1.0 0 0.0 0.0 0
GREATEST
SNOW DEPTH 0
24 HR TOTAL MM
DEGREE DAYS
HEATING TOTAL 2 9 -7 3
COOLING TOTAL 1092 1054 38 1227
................................................................
WIND (MPH)
AVERAGE WIND SPEED 7.4
HIGHEST WIND SPEED/DIRECTION 44/020 DATE 07/30
HIGHEST GUST SPEED/DIRECTION 65/040 DATE 07/30
SKY COVER
POSSIBLE SUNSHINE (PERCENT) MM
AVERAGE SKY COVER 0.49
NUMBER OF DAYS FAIR 24
NUMBER OF DAYS PC 53
NUMBER OF DAYS CLOUDY 15
AVERAGE RH (PERCENT) 73
WEATHER CONDITIONS. NUMBER OF DAYS WITH
THUNDERSTORM 25 MIXED PRECIP 0
HEAVY RAIN 15 RAIN 15
LIGHT RAIN 31 FREEZING RAIN 0
LT FREEZING RAIN 0 HAIL 0
HEAVY SNOW 0 SNOW 0
LIGHT SNOW 0 SLEET 0
FOG 49 FOG W/VIS <= 1/4 MILE 4
HAZE 31
- INDICATES NEGATIVE NUMBERS.
R INDICATES RECORD WAS SET OR TIED.
MM INDICATES DATA IS MISSING.
T INDICATES TRACE AMOUNT.
$$