000
CXUS53 KEAX 031012
CLSMCI
CLIMATE REPORT
NATIONAL WEATHER SERVICE KANSAS CITY/PLEASANT HILL MO
409 AM CST FRI MAR 03 2023
...................................
...THE KANSAS CITY INTERNATIONAL MO CLIMATE SUMMARY FOR THE SEASON, FROM
12/1/2022 TO 2/28/2023...
CLIMATE NORMAL PERIOD: 1991 TO 2020
CLIMATE RECORD PERIOD: 1888 TO 2023
WEATHER OBSERVED NORMAL DEPART LAST YEAR`S
VALUE DATE(S) VALUE FROM VALUE DATE(S)
NORMAL
................................................................
TEMPERATURE (F)
RECORD
HIGH 81 02/24/1930
LOW -23 12/23/1989
12/22/1989
HIGHEST 72 02/06 67 5 74 12/15
LOWEST -4 12/22 0 -4 1 01/02
12/23
AVG. MAXIMUM 45.8 41.4 4.4 46.7
AVG. MINIMUM 25.4 22.3 3.1 23.0
MEAN 35.6 31.9 3.7 34.8
DAYS MAX >= 90 0 0.0 0.0 0
DAYS MAX <= 32 11 23.1 -12.1 15
DAYS MIN <= 32 67 73.9 -6.9 67
DAYS MIN <= 0 3 3.6 -0.6 0
PRECIPITATION (INCHES)
RECORD
MAXIMUM 8.62 1911
MINIMUM 0.58 1920
TOTALS 5.98 4.21 1.77 1.96
DAILY AVG. 0.07 0.05 0.02 0.02
DAYS >= .01 23 20.0 3.0 9
DAYS >= .10 13 9.4 3.6 7
DAYS >= .50 3 2.6 0.4 0
DAYS >= 1.00 2 0.6 1.4 0
GREATEST
24 HR. TOTAL 1.88 02/08 TO 02/09
SNOWFALL (INCHES)
RECORDS
TOTAL 53.3 1962
TOTALS 8.3 14.8 -6.5 15.4
SINCE 7/1 8.7 16.2 -7.5 MM
DAYS >= TRACE 19 10.5 8.5 MM
DAYS >= 1.0 3 4.7 -1.7 MM
GREATEST
SNOW DEPTH 3 02/09
24 HR TOTAL MM
DEGREE DAYS
HEATING TOTAL 2628 2985 -357 2683
COOLING TOTAL 0 0 0 0
................................................................
WIND (MPH)
AVERAGE WIND SPEED 10.5
HIGHEST WIND SPEED/DIRECTION 37/190 DATE 12/29
HIGHEST GUST SPEED/DIRECTION 52/200 DATE 02/06
SKY COVER
POSSIBLE SUNSHINE (PERCENT) MM
AVERAGE SKY COVER 0.61
NUMBER OF DAYS FAIR 18
NUMBER OF DAYS PC 36
NUMBER OF DAYS CLOUDY 36
AVERAGE RH (PERCENT) 65
WEATHER CONDITIONS. NUMBER OF DAYS WITH
THUNDERSTORM 5 MIXED PRECIP 0
HEAVY RAIN 3 RAIN 7
LIGHT RAIN 20 FREEZING RAIN 0
LT FREEZING RAIN 4 HAIL 0
HEAVY SNOW 1 SNOW 4
LIGHT SNOW 17 SLEET 3
FOG 34 FOG W/VIS <= 1/4 MILE 9
HAZE 32
- INDICATES NEGATIVE NUMBERS.
R INDICATES RECORD WAS SET OR TIED.
MM INDICATES DATA IS MISSING.
T INDICATES TRACE AMOUNT.
$$