000
CXUS53 KEAX 011227
CLSMCI

STLCLMWS1 000
TTAA00 KEAX 011226


CLIMATE REPORT
NATIONAL WEATHER SERVICE KANSAS CITY/PLEASANT HILL MO
626 AM CST SUN DEC 1 2013

...................................

...THE KANSAS CITY INTERNATIONAL CLIMATE SUMMARY FOR THE SEASON, FROM
9/1/2013 TO 11/30/2013...

CLIMATE NORMAL PERIOD 1981 TO 2010
CLIMATE RECORD PERIOD 1888 TO 2013

WEATHER         OBSERVED          NORMAL  DEPART  LAST YEAR`S
                 VALUE   DATE(S)  VALUE   FROM    VALUE  DATE(S)
                                          NORMAL
................................................................
TEMPERATURE (F)
RECORD
 HIGH             109   09/03/1947
 LOW                1   11/08/1991
                        11/28/1976
HIGHEST           100   09/08        93       7       95  09/04
LOWEST             11   11/24        17      -6       14  11/27
AVG. MAXIMUM     66.7              66.4     0.3     67.9
AVG. MINIMUM     45.0              45.7    -0.7     44.7
MEAN             55.8              56.1    -0.3     56.3
DAYS MAX >= 90      8               2.9     5.1        5
DAYS MAX <= 32      4               1.4     2.6        0
DAYS MIN <= 32     17              15.2     1.8       17
DAYS MIN <= 0       0               0.0     0.0        0

PRECIPITATION (INCHES)
RECORD
 MAXIMUM        22.08   1914
 MINIMUM         2.16   1891
TOTALS          11.01              9.93    1.08     5.28
DAILY AVG.       0.12              0.11    0.01     0.06
DAYS >= .01        22              24.1    -2.1       19
DAYS >= .10        17              16.0     1.0       10
DAYS >= .50         8               6.5     1.5        4
DAYS >= 1.00        2               2.7    -0.7        2
GREATEST
 24 HR. TOTAL    2.58   MM

SNOWFALL (INCHES)
RECORDS
 TOTAL           13.2   1898
TOTALS              T               1.4    -1.4        T
SINCE 7/1           T               1.4    -1.4        T
DAYS >= TRACE       1               1.3    -0.3        1
DAYS >= 1.0         0               0.5    -0.5        0
GREATEST
 SNOW DEPTH         0   MM
 24 HR TOTAL      0.0   MM

DEGREE_DAYS
HEATING TOTAL    1065              1000      65      947
COOLING TOTAL     251               187      64      175
.................................................................

WIND (MPH)
AVERAGE WIND SPEED              10.0
HIGHEST WIND SPEED/DIRECTION    38/270    DATE  11/17
HIGHEST GUST SPEED/DIRECTION    48/260    DATE  11/17

SKY COVER
POSSIBLE SUNSHINE (PERCENT)   MM
AVERAGE SKY COVER           0.40
NUMBER OF DAYS FAIR           37
NUMBER OF DAYS PC             40
NUMBER OF DAYS CLOUDY         14

AVERAGE RH (PERCENT)     63

WEATHER CONDITIONS. NUMBER OF DAYS WITH
THUNDERSTORM              0     MIXED PRECIP               0
HEAVY RAIN                8     RAIN                      13
LIGHT RAIN               24     FREEZING RAIN              0
LT FREEZING RAIN          2     HAIL                       0
HEAVY SNOW                0     SNOW                       0
LIGHT SNOW                0     SLEET                      0
FOG                      28     FOG W/VIS <= 1/4 MILE      1
HAZE                     27

-  INDICATES NEGATIVE NUMBERS.
R  INDICATES RECORD WAS SET OR TIED.
MM INDICATES DATA IS MISSING.
T  INDICATES TRACE AMOUNT.

$$
