000
CXUS53 KEAX 011649
CLSMCI

CLIMATE REPORT
NATIONAL WEATHER SERVICE KANSAS CITY/PLEASANT HILL MO
1048 AM CST SAT DEC 1 2012

...................................

...THE KANSAS CITY INTERNATIONAL CLIMATE SUMMARY FOR THE SEASON, FROM
9/1/2012 TO 11/30/2012...

CLIMATE NORMAL PERIOD 1981 TO 2010
CLIMATE RECORD PERIOD 1888 TO 2012

WEATHER         OBSERVED          NORMAL  DEPART  LAST YEAR`S
                 VALUE   DATE(S)  VALUE   FROM    VALUE  DATE(S)
                                          NORMAL
................................................................
TEMPERATURE (F)
RECORD
 HIGH             109   09/03/1947
 LOW                1   11/08/1991
                        11/28/1976
HIGHEST            95   09/04        93       2       98  09/01
LOWEST             14   11/27        17      -3       19  11/30
AVG. MAXIMUM     67.9              66.4     1.5     67.9
AVG. MINIMUM     44.7              45.7    -1.0     44.4
MEAN             56.3              56.1     0.2     56.2
DAYS MAX >= 90      5               2.9     2.1        4
DAYS MAX <= 32      0               1.4    -1.4        0
DAYS MIN <= 32     17              15.2     1.8       18
DAYS MIN <= 0       0               0.0     0.0        0

PRECIPITATION (INCHES)
RECORD
 MAXIMUM        22.08   1914
 MINIMUM         2.16   1891
TOTALS           5.28              9.93   -4.65     6.25
DAILY AVG.       0.06              0.11   -0.05     0.07
DAYS >= .01        19              24.1    -5.1       20
DAYS >= .10        10              16.0    -6.0       11
DAYS >= .50         4               6.5    -2.5        4
DAYS >= 1.00        2               2.7    -0.7        2
GREATEST
 24 HR. TOTAL    1.60   MM

SNOWFALL (INCHES)
RECORDS
 TOTAL           13.2   1898
TOTALS              T               1.4    -1.4        T
SINCE 7/1           T               1.4    -1.4        T
DAYS >= TRACE       1               1.3    -0.3        1
DAYS >= 1.0         0               0.5    -0.5        0
GREATEST
 SNOW DEPTH         0   MM
 24 HR TOTAL      0.0   MM

DEGREE_DAYS
HEATING TOTAL     947              1000     -53      924
COOLING TOTAL     175               187     -12      146
.................................................................

WIND (MPH)
AVERAGE WIND SPEED              9.7
HIGHEST WIND SPEED/DIRECTION    44/360    DATE  09/03
HIGHEST GUST SPEED/DIRECTION    60/360    DATE  09/03

SKY COVER
POSSIBLE SUNSHINE (PERCENT)   MM
AVERAGE SKY COVER           0.50
NUMBER OF DAYS FAIR           34
NUMBER OF DAYS PC             40
NUMBER OF DAYS CLOUDY         17

AVERAGE RH (PERCENT)     60

WEATHER CONDITIONS. NUMBER OF DAYS WITH
THUNDERSTORM              0     MIXED PRECIP               0
HEAVY RAIN                8     RAIN                       8
LIGHT RAIN               23     FREEZING RAIN              0
LT FREEZING RAIN          1     HAIL                       1
HEAVY SNOW                0     SNOW                       0
LIGHT SNOW                1     SLEET                      0
FOG                      17     FOG W/VIS <= 1/4 MILE      1
HAZE                     30

-  INDICATES NEGATIVE NUMBERS.
R  INDICATES RECORD WAS SET OR TIED.
MM INDICATES DATA IS MISSING.
T  INDICATES TRACE AMOUNT.

$$
