000
CXUS53 KEAX 010707
CLSMCI

STLCLMWS1 000
TTAA00 KEAX 010659


CLIMATE REPORT
NATIONAL WEATHER SERVICE KANSAS CITY/PLEASANT HILL MO
159 AM CDT SAT JUN 1 2013

...................................

...THE KANSAS CITY INTERNATIONAL CLIMATE SUMMARY FOR THE SEASON, FROM
3/1/2013 TO 5/31/2013...

CLIMATE NORMAL PERIOD 1981 TO 2010
CLIMATE RECORD PERIOD 1888 TO 2013

WEATHER         OBSERVED          NORMAL  DEPART  LAST YEAR`S
                 VALUE   DATE(S)  VALUE   FROM    VALUE  DATE(S)
                                          NORMAL
................................................................
TEMPERATURE (F)
RECORD
 HIGH             103   05/30/1934
 LOW              -10   03/04/1978
HIGHEST            91   05/14        88       3       92  04/25
LOWEST             20   03/26        14       6       24  03/05
                                                          03/04
AVG. MAXIMUM     59.5              65.2    -5.7     73.0
AVG. MINIMUM     40.8              43.9    -3.1     51.6
MEAN             50.1              54.5    -4.4     62.3
DAYS MAX >= 90      1               0.6     0.4        3
DAYS MAX <= 32      5               1.3     3.7        0
DAYS MIN <= 32     28              18.3     9.7        7
DAYS MIN <= 0       0               0.1    -0.1        0

PRECIPITATION (INCHES)
RECORD
 MAXIMUM        22.90   1904
 MINIMUM         5.02   1928
TOTALS          12.04             11.30    0.74     7.49
DAILY AVG.       0.13              0.12    0.01     0.08
DAYS >= .01        35              32.0     3.0       29
DAYS >= .10        21              19.9     1.1       17
DAYS >= .50         8               8.0     0.0        4
DAYS >= 1.00        2               2.6    -0.6        2
GREATEST
 24 HR. TOTAL    2.26   MM

SNOWFALL (INCHES)
RECORDS
 TOTAL           40.2   1912
TOTALS            6.5               2.6     3.9      0.8
SINCE 7/1        32.6              18.8    13.8      3.9
DAYS >= TRACE      21               2.1    18.9        2
DAYS >= 1.0         2               0.8     1.2        0
GREATEST
 SNOW DEPTH         9   03/03
                        03/01
                        03/02
 24 HR TOTAL      3.9   MM

DEGREE_DAYS
HEATING TOTAL    1453              1079     374      490
COOLING TOTAL     105               116     -11      269
.................................................................

WIND (MPH)
AVERAGE WIND SPEED              10.9
HIGHEST WIND SPEED/DIRECTION    38/250    DATE  05/19
HIGHEST GUST SPEED/DIRECTION    48/190    DATE  04/14

SKY COVER
POSSIBLE SUNSHINE (PERCENT)   MM
AVERAGE SKY COVER           0.70
NUMBER OF DAYS FAIR            8
NUMBER OF DAYS PC             42
NUMBER OF DAYS CLOUDY         42

AVERAGE RH (PERCENT)     66

WEATHER CONDITIONS. NUMBER OF DAYS WITH
THUNDERSTORM              0     MIXED PRECIP               0
HEAVY RAIN               11     RAIN                      14
LIGHT RAIN               42     FREEZING RAIN              0
LT FREEZING RAIN          0     HAIL                       1
HEAVY SNOW                1     SNOW                       4
LIGHT SNOW               17     SLEET                      6
FOG                      42     FOG W/VIS <= 1/4 MILE      9
HAZE                     19

-  INDICATES NEGATIVE NUMBERS.
R  INDICATES RECORD WAS SET OR TIED.
MM INDICATES DATA IS MISSING.
T  INDICATES TRACE AMOUNT.

$$
