000
CXUS53 KEAX 021458 CCA
CLSMCI

CLIMATE REPORT...CORRECTED
NATIONAL WEATHER SERVICE KANSAS CITY/PLEASANT HILL MO
1256 AM CST MON MAR 2 2015

...................................

...THE KANSAS CITY INTERNATIONAL CLIMATE SUMMARY FOR THE SEASON, FROM
12/1/2014 TO 2/28/2015...

CLIMATE NORMAL PERIOD 1981 TO 2010
CLIMATE RECORD PERIOD 1888 TO 2015

WEATHER         OBSERVED          NORMAL  DEPART  LAST YEAR`S
                 VALUE   DATE(S)  VALUE   FROM    VALUE  DATE(S)
                                          NORMAL
................................................................
TEMPERATURE (F)
RECORD
 HIGH              81   02/24/1930
 LOW              -23   12/23/1989
                        12/22/1989
HIGHEST            73   01/28        67       6       65  02/18
LOWEST             -3   01/08         0      -3      -11  01/06
                        01/07
AVG. MAXIMUM     39.5              40.5    -1.0     36.4
AVG. MINIMUM     20.9              22.0    -1.1     15.1
MEAN             30.2              31.2    -1.0     25.8
DAYS MAX >= 90      0               0.0     0.0        0
DAYS MAX <= 32     28              24.5     3.5       37
DAYS MIN <= 32     74              74.7    -0.7       83
DAYS MIN <= 0       3               5.1    -2.1       11

PRECIPITATION (INCHES)
RECORD
 MAXIMUM         8.62   1911
 MINIMUM         0.58   1920
TOTALS           4.02              4.06   -0.04     2.55
DAILY AVG.       0.05              0.05    0.00     0.03
DAYS >= .01        25              20.6     4.4       20
DAYS >= .10         9               9.3    -0.3        8
DAYS >= .50         3               2.3     0.7        0
DAYS >= 1.00        0               0.6    -0.6        0
GREATEST
 24 HR. TOTAL    0.99   MM

SNOWFALL (INCHES)
RECORDS
 TOTAL           53.3   1962
TOTALS           13.7              14.8    -1.1     22.6
SINCE 7/1        14.2              16.2    -2.0     22.6
DAYS >= TRACE      20              11.2     8.8       25
DAYS >= 1.0         5               4.6     0.4        8
GREATEST
 SNOW DEPTH         3   02/01
                        12/19
                        12/18
 24 HR TOTAL      2.6   MM

DEGREE_DAYS
HEATING TOTAL    3093              3043      50     3501
COOLING TOTAL       0                 0       0        0
.................................................................

WIND (MPH)
AVERAGE WIND SPEED              10.0
HIGHEST WIND SPEED/DIRECTION    33/350    DATE  02/25
HIGHEST GUST SPEED/DIRECTION    44/340    DATE  01/29

SKY COVER
POSSIBLE SUNSHINE (PERCENT)   MM
AVERAGE SKY COVER           0.60
NUMBER OF DAYS FAIR           19
NUMBER OF DAYS PC             39
NUMBER OF DAYS CLOUDY         32

AVERAGE RH (PERCENT)     70

WEATHER CONDITIONS. NUMBER OF DAYS WITH
THUNDERSTORM              0     MIXED PRECIP               0
HEAVY RAIN                1     RAIN                       4
LIGHT RAIN               24     FREEZING RAIN              0
LT FREEZING RAIN          7     HAIL                       0
HEAVY SNOW                0     SNOW                       3
LIGHT SNOW               23     SLEET                      2
FOG                      45     FOG W/VIS <= 1/4 MILE      7
HAZE                     23

-  INDICATES NEGATIVE NUMBERS.
R  INDICATES RECORD WAS SET OR TIED.
MM INDICATES DATA IS MISSING.
T  INDICATES TRACE AMOUNT.

$$
