606
CXUS53 KEAX 020442
CLSMCI

CLIMATE REPORT
NATIONAL WEATHER SERVICE KANSAS CITY/PLEASANT HILL MO
1138 PM CDT THU JUN 1 2017

...................................

...THE KANSAS CITY INTERNATIONAL CLIMATE SUMMARY FOR THE SEASON, FROM
3/1/2017 TO 5/31/2017...

CLIMATE NORMAL PERIOD 1981 TO 2010
CLIMATE RECORD PERIOD 1888 TO 2017

WEATHER         OBSERVED          NORMAL  DEPART  LAST YEAR`S
                 VALUE   DATE(S)  VALUE   FROM    VALUE  DATE(S)
                                          NORMAL
................................................................
TEMPERATURE (F)
RECORD
 HIGH             103   05/30/1934
 LOW              -10   03/04/1978
HIGHEST            88   05/15        88       0       86  05/30
LOWEST             19   03/15        14       5       21  03/02
AVG. MAXIMUM     66.5              65.2     1.3     67.6
AVG. MINIMUM     46.0              43.9     2.1     45.9
MEAN             56.3              54.5     1.8     56.8
DAYS MAX >= 90      0               0.6    -0.6        0
DAYS MAX <= 32      0               1.3    -1.3        0
DAYS MIN <= 32     10              18.3    -8.3       14
DAYS MIN <= 0       0               0.1    -0.1        0

PRECIPITATION (INCHES)
RECORD
 MAXIMUM        22.90   1904
 MINIMUM         5.02   1928
TOTALS          14.82             11.30    3.52    19.37
DAILY AVG.       0.16              0.12    0.04     0.21
DAYS >= .01        36              32.0     4.0       40
DAYS >= .10        22              19.9     2.1       25
DAYS >= .50         8               8.0     0.0       12
DAYS >= 1.00        4               2.6     1.4        4
GREATEST
 24 HR. TOTAL    3.05   MM

SNOWFALL (INCHES)
RECORDS
 TOTAL           40.2   1912
TOTALS            0.4               2.6    -2.2      0.6
SINCE 7/1         4.9              18.8   -13.9      5.9
DAYS >= TRACE       2               2.1    -0.1        4
DAYS >= 1.0         0               0.8    -0.8        0
GREATEST
 SNOW DEPTH         T   03/11
 24 HR TOTAL      0.4   MM

DEGREE_DAYS
HEATING TOTAL     892              1079    -187      805
COOLING TOTAL     111               116      -5       71
.................................................................

WIND (MPH)
AVERAGE WIND SPEED              11.7
HIGHEST WIND SPEED/DIRECTION    49/210    DATE  03/06
HIGHEST GUST SPEED/DIRECTION    67/210    DATE  03/06

SKY COVER
POSSIBLE SUNSHINE (PERCENT)   MM
AVERAGE SKY COVER           0.60
NUMBER OF DAYS FAIR           21
NUMBER OF DAYS PC             35
NUMBER OF DAYS CLOUDY         36

AVERAGE RH (PERCENT)     67

WEATHER CONDITIONS. NUMBER OF DAYS WITH
THUNDERSTORM             15     MIXED PRECIP               0
HEAVY RAIN                9     RAIN                      19
LIGHT RAIN               41     FREEZING RAIN              0
LT FREEZING RAIN          1     HAIL                       1
HEAVY SNOW                0     SNOW                       0
LIGHT SNOW                2     SLEET                      0
FOG                      39     FOG W/VIS <= 1/4 MILE      3
HAZE                     13

-  INDICATES NEGATIVE NUMBERS.
R  INDICATES RECORD WAS SET OR TIED.
MM INDICATES DATA IS MISSING.
T  INDICATES TRACE AMOUNT.

$$
