000
CXUS53 KEAX 010707
CLSMCI

CLIMATE REPORT
NATIONAL WEATHER SERVICE KANSAS CITY/PLEASANT HILL MO
205 AM CDT WED JUN 1 2011

...................................

...THE KANSAS CITY INTERNATIONAL CLIMATE SUMMARY FOR THE SEASON, FROM
3/1/2011 TO 5/31/2011...

CLIMATE NORMAL PERIOD 1971 TO 2000
CLIMATE RECORD PERIOD 1888 TO 2011

WEATHER         OBSERVED          NORMAL  DEPART  LAST YEAR`S
                 VALUE   DATE(S)  VALUE   FROM    VALUE  DATE(S)
                                          NORMAL
................................................................
TEMPERATURE (F)
RECORD
 HIGH             103   05/30/1934
 LOW              -10   03/04/1978
HIGHEST            91   04/03        88       3       88  05/30
                                                          05/24
LOWEST             18   03/06        13       5       21  03/03
                                                          03/02
AVG. MAXIMUM     64.2              64.7    -0.5     66.3
AVG. MINIMUM     44.0              43.5     0.5     47.0
MEAN             54.1              54.2    -0.1     56.6
DAYS MAX >= 90      2               1.0     1.0        0
DAYS MAX <= 32      0               2.0    -2.0        1
DAYS MIN <= 32     17              18.0    -1.0        9
DAYS MIN <= 0       0               0.0     0.0        0

PRECIPITATION (INCHES)
RECORD
 MAXIMUM        22.90   1904
 MINIMUM         5.02   1928
TOTALS          10.20             11.21   -1.01    13.16
DAILY AVG.       0.11              0.12   -0.01     0.14
DAYS >= .01        32              33.0    -1.0       33
DAYS >= .10        20              21.0    -1.0       22
DAYS >= .50         8               8.0     0.0       11
DAYS >= 1.00        3               3.0     0.0        2
GREATEST
 24 HR. TOTAL    2.04   05/24 TO 05/25

SNOWFALL (INCHES)
RECORDS
 TOTAL           40.2   1912
TOTALS            0.5               3.4    -2.9      8.8
SINCE 7/1        36.9              20.1    16.8     44.3
DAYS >= TRACE       8               3.0     5.0        3
DAYS >= 1.0         0               1.0    -1.0        2
GREATEST
 SNOW DEPTH         2   03/01
 24 HR TOTAL      0.2   03/13 TO 03/13
                        03/14 TO 03/14

DEGREE_DAYS
HEATING TOTAL    1118              1113       5      905
COOLING TOTAL     134               113      21      153
.................................................................

WIND (MPH)
AVERAGE WIND SPEED              11.8
HIGHEST WIND SPEED/DIRECTION    47/100    DATE  04/14
HIGHEST GUST SPEED/DIRECTION    61/100    DATE  04/14

SKY COVER

NUMBER OF DAYS FAIR           12
NUMBER OF DAYS PC             42
NUMBER OF DAYS CLOUDY         38

AVERAGE RH (PERCENT)     68

WEATHER CONDITIONS. NUMBER OF DAYS WITH
THUNDERSTORM             14     MIXED PRECIP               0
HEAVY RAIN               10     RAIN                      14
LIGHT RAIN               39     FREEZING RAIN              0
LT FREEZING RAIN          0     HAIL                       2
HEAVY SNOW                0     SNOW                       1
LIGHT SNOW                6     SLEET                      0
FOG                      43     FOG W/VIS <= 1/4 MILE      4
HAZE                     23

-  INDICATES NEGATIVE NUMBERS.
R  INDICATES RECORD WAS SET OR TIED.
MM INDICATES DATA IS MISSING.
T  INDICATES TRACE AMOUNT.

$$
