000
CXUS53 KEAX 010902
CLSMCI

CLIMATE REPORT
NATIONAL WEATHER SERVICE KANSAS CITY/PLEASANT HILL MO
259 AM CST TUE DEC 1 2015

...................................

...THE KANSAS CITY INTERNATIONAL CLIMATE SUMMARY FOR THE SEASON, FROM
9/1/2015 TO 11/30/2015...

CLIMATE NORMAL PERIOD 1981 TO 2010
CLIMATE RECORD PERIOD 1888 TO 2015

WEATHER         OBSERVED          NORMAL  DEPART  LAST YEAR`S
                 VALUE   DATE(S)  VALUE   FROM    VALUE  DATE(S)
                                          NORMAL
................................................................
TEMPERATURE (F)
RECORD
 HIGH             109   09/03/1947
 LOW                1   11/08/1991
                        11/28/1976
HIGHEST            95   09/06        93       2       91  09/04
LOWEST             23   11/22        17       6        6  11/18
AVG. MAXIMUM     70.0              66.4     3.6     64.0
AVG. MINIMUM     49.7              45.7     4.0     43.9
MEAN             59.8              56.1     3.7     54.0
DAYS MAX >= 90      7               2.9     4.1        2
DAYS MAX <= 32      0               1.4    -1.4        6
DAYS MIN <= 32     10              15.2    -5.2       24
DAYS MIN <= 0       0               0.0     0.0        0

PRECIPITATION (INCHES)
RECORD
 MAXIMUM        22.08   1914
 MINIMUM         2.16   1891
TOTALS          11.44              9.93    1.51    12.22
DAILY AVG.       0.13              0.11    0.02     0.13
DAYS >= .01        22              24.1    -2.1       27
DAYS >= .10        15              16.0    -1.0       12
DAYS >= .50         5               6.5    -1.5        7
DAYS >= 1.00        3               2.7     0.3        4
GREATEST
 24 HR. TOTAL    4.28   MM

SNOWFALL (INCHES)
RECORDS
 TOTAL           13.2   1898
TOTALS            0.0               1.4    -1.4      0.5
SINCE 7/1         0.0               1.4    -1.4      0.5
DAYS >= TRACE       0               1.3    -1.3       MM
DAYS >= 1.0         0               0.5    -0.5       MM
GREATEST
 SNOW DEPTH         0   MM
 24 HR TOTAL      0.0   MM

DEGREE_DAYS
HEATING TOTAL     744              1000    -256     1119
COOLING TOTAL     295               187     108      144
.................................................................

WIND (MPH)
AVERAGE WIND SPEED              10.4
HIGHEST WIND SPEED/DIRECTION    40/200    DATE  11/11
HIGHEST GUST SPEED/DIRECTION    54/210    DATE  11/11

SKY COVER
POSSIBLE SUNSHINE (PERCENT)   MM
AVERAGE SKY COVER           0.50
NUMBER OF DAYS FAIR           39
NUMBER OF DAYS PC             31
NUMBER OF DAYS CLOUDY         21

AVERAGE RH (PERCENT)     68

WEATHER CONDITIONS. NUMBER OF DAYS WITH
THUNDERSTORM             10     MIXED PRECIP               0
HEAVY RAIN                4     RAIN                      12
LIGHT RAIN               26     FREEZING RAIN              2
LT FREEZING RAIN          3     HAIL                       0
HEAVY SNOW                0     SNOW                       0
LIGHT SNOW                0     SLEET                      0
FOG                      32     FOG W/VIS <= 1/4 MILE      2
HAZE                     25

-  INDICATES NEGATIVE NUMBERS.
R  INDICATES RECORD WAS SET OR TIED.
MM INDICATES DATA IS MISSING.
T  INDICATES TRACE AMOUNT.

$$
