000
CXUS53 KEAX 010656
CLSMCI

STLCLMWS1 000
TTAA00 KEAX 010656


CLIMATE REPORT
NATIONAL WEATHER SERVICE KANSAS CITY/PLEASANT HILL MO
1255 AM CST SAT MAR 1 2014

...................................

...THE KANSAS CITY INTERNATIONAL CLIMATE SUMMARY FOR THE SEASON, FROM
12/1/2013 TO 2/28/2014...

CLIMATE NORMAL PERIOD 1981 TO 2010
CLIMATE RECORD PERIOD 1888 TO 2014

WEATHER         OBSERVED          NORMAL  DEPART  LAST YEAR`S
                 VALUE   DATE(S)  VALUE   FROM    VALUE  DATE(S)
                                          NORMAL
................................................................
TEMPERATURE (F)
RECORD
 HIGH              81   02/24/1930
 LOW              -23   12/23/1989
                        12/22/1989
HIGHEST            65   02/18        67      -2       74  01/28
                                                          12/03
LOWEST            -11   01/06         0     -11        1  02/23
AVG. MAXIMUM     36.4              40.5    -4.1     43.2
AVG. MINIMUM     15.1              22.0    -6.9     24.2
MEAN             25.8              31.2    -5.4     33.7
DAYS MAX >= 90      0               0.0     0.0        0
DAYS MAX <= 32     37              24.5    12.5       17
DAYS MIN <= 32     83              74.7     8.3       67
DAYS MIN <= 0      11               5.1     5.9        0

PRECIPITATION (INCHES)
RECORD
 MAXIMUM         8.62   1911
 MINIMUM         0.58   1920
TOTALS           2.55              4.06   -1.51     4.23
DAILY AVG.       0.03              0.05   -0.02     0.05
DAYS >= .01        20              20.6    -0.6       17
DAYS >= .10         8               9.3    -1.3       13
DAYS >= .50         0               2.3    -2.3        2
DAYS >= 1.00        0               0.6    -0.6        0
GREATEST
 24 HR. TOTAL    0.47   MM

SNOWFALL (INCHES)
RECORDS
 TOTAL           53.3   1962
TOTALS           22.6              14.8     7.8     26.1
SINCE 7/1        22.6              16.2     6.4     26.1
DAYS >= TRACE      25              11.2    13.8       17
DAYS >= 1.0         8               4.6     3.4        7
GREATEST
 SNOW DEPTH        10   02/08
                        02/06
                        02/07
 24 HR TOTAL      7.5   MM

DEGREE_DAYS
HEATING TOTAL    3501              3043     458     2785
COOLING TOTAL       0                 0       0        0
.................................................................

WIND (MPH)
AVERAGE WIND SPEED              10.9
HIGHEST WIND SPEED/DIRECTION    46/350    DATE  01/26
HIGHEST GUST SPEED/DIRECTION    56/340    DATE  01/26

SKY COVER
POSSIBLE SUNSHINE (PERCENT)   MM
AVERAGE SKY COVER           0.50
NUMBER OF DAYS FAIR           23
NUMBER OF DAYS PC             41
NUMBER OF DAYS CLOUDY         26

AVERAGE RH (PERCENT)     63

WEATHER CONDITIONS. NUMBER OF DAYS WITH
THUNDERSTORM              0     MIXED PRECIP               2
HEAVY RAIN                0     RAIN                       2
LIGHT RAIN               13     FREEZING RAIN              0
LT FREEZING RAIN          7     HAIL                       0
HEAVY SNOW                2     SNOW                       5
LIGHT SNOW               27     SLEET                      4
FOG                      31     FOG W/VIS <= 1/4 MILE      4
HAZE                     25

-  INDICATES NEGATIVE NUMBERS.
R  INDICATES RECORD WAS SET OR TIED.
MM INDICATES DATA IS MISSING.
T  INDICATES TRACE AMOUNT.

$$
