000
CXUS53 KEAX 031533
CLSMCI

CLIMATE REPORT
NATIONAL WEATHER SERVICE KANSAS CITY/PLEASANT HILL MO
1030 AM CDT FRI JUN 3 2016

...................................

...THE KANSAS CITY INTERNATIONAL CLIMATE SUMMARY FOR THE SEASON, FROM
3/1/2016 TO 5/31/2016...

CLIMATE NORMAL PERIOD 1981 TO 2010
CLIMATE RECORD PERIOD 1888 TO 2016

WEATHER         OBSERVED          NORMAL  DEPART  LAST YEAR`S
                 VALUE   DATE(S)  VALUE   FROM    VALUE  DATE(S)
                                          NORMAL
................................................................
TEMPERATURE (F)
RECORD
 HIGH             103   05/30/1934
 LOW              -10   03/04/1978
HIGHEST            86   05/30        88      -2       85  04/07
LOWEST             21   03/02        14       7        6  03/05
AVG. MAXIMUM     67.6              65.2     2.4     66.4
AVG. MINIMUM     45.9              43.9     2.0     44.9
MEAN             56.8              54.5     2.3     55.7
DAYS MAX >= 90      0               0.6    -0.6        0
DAYS MAX <= 32      0               1.3    -1.3        2
DAYS MIN <= 32     14              18.3    -4.3       11
DAYS MIN <= 0       0               0.1    -0.1        0

PRECIPITATION (INCHES)
RECORD
 MAXIMUM        22.90   1904
 MINIMUM         5.02   1928
TOTALS          19.37             11.30    8.07    14.42
DAILY AVG.       0.21              0.12    0.09     0.16
DAYS >= .01        40              32.0     8.0       38
DAYS >= .10        25              19.9     5.1       27
DAYS >= .50        12               8.0     4.0       11
DAYS >= 1.00        4               2.6     1.4        3
GREATEST
 24 HR. TOTAL    4.22   MM

SNOWFALL (INCHES)
RECORDS
 TOTAL           40.2   1912
TOTALS            0.6               2.6    -2.0        T
SINCE 7/1         5.9              18.8   -12.9     14.2
DAYS >= TRACE       4               2.1     1.9        3
DAYS >= 1.0         0               0.8    -0.8        0
GREATEST
 SNOW DEPTH         0   MM
 24 HR TOTAL      0.3   MM

DEGREE_DAYS
HEATING TOTAL     805              1079    -274      902
COOLING TOTAL      71               116     -45       68
.................................................................

WIND (MPH)
AVERAGE WIND SPEED              10.7
HIGHEST WIND SPEED/DIRECTION    37/040    DATE  05/26
HIGHEST GUST SPEED/DIRECTION    48/030    DATE  05/26

SKY COVER
POSSIBLE SUNSHINE (PERCENT)   MM
AVERAGE SKY COVER           0.60
NUMBER OF DAYS FAIR           17
NUMBER OF DAYS PC             50
NUMBER OF DAYS CLOUDY         25

AVERAGE RH (PERCENT)     65

WEATHER CONDITIONS. NUMBER OF DAYS WITH
THUNDERSTORM             20     MIXED PRECIP               0
HEAVY RAIN               17     RAIN                      24
LIGHT RAIN               48     FREEZING RAIN              0
LT FREEZING RAIN          0     HAIL                       2
HEAVY SNOW                0     SNOW                       1
LIGHT SNOW                4     SLEET                      0
FOG                      46     FOG W/VIS <= 1/4 MILE      5
HAZE                     19

-  INDICATES NEGATIVE NUMBERS.
R  INDICATES RECORD WAS SET OR TIED.
MM INDICATES DATA IS MISSING.
T  INDICATES TRACE AMOUNT.

$$
