000
CXUS53 KEAX 010646
CLSMCI

STLCLMWS1 000
TTAA00 KEAX 010644


CLIMATE REPORT
NATIONAL WEATHER SERVICE KANSAS CITY/PLEASANT HILL MO
143 AM CDT SUN JUN 1 2014

...................................

...THE KANSAS CITY INTERNATIONAL CLIMATE SUMMARY FOR THE SEASON, FROM
3/1/2014 TO 5/31/2014...

CLIMATE NORMAL PERIOD 1981 TO 2010
CLIMATE RECORD PERIOD 1888 TO 2014

WEATHER         OBSERVED          NORMAL  DEPART  LAST YEAR`S
                 VALUE   DATE(S)  VALUE   FROM    VALUE  DATE(S)
                                          NORMAL
................................................................
TEMPERATURE (F)
RECORD
 HIGH             103   05/30/1934
 LOW              -10   03/04/1978
HIGHEST            89   05/28        88       1       91  05/14
LOWEST             -7   03/03        14     -21       20  03/26
AVG. MAXIMUM     65.1              65.2    -0.1     59.5
AVG. MINIMUM     41.4              43.9    -2.5     40.8
MEAN             53.2              54.5    -1.3     50.1
DAYS MAX >= 90      0               0.6    -0.6        1
DAYS MAX <= 32      3               1.3     1.7        5
DAYS MIN <= 32     23              18.3     4.7       28
DAYS MIN <= 0       2               0.1     1.9        0

PRECIPITATION (INCHES)
RECORD
 MAXIMUM        22.90   1904
 MINIMUM         5.02   1928
TOTALS           6.87             11.30   -4.43    12.04
DAILY AVG.       0.07              0.12   -0.05     0.13
DAYS >= .01        29              32.0    -3.0       35
DAYS >= .10        14              19.9    -5.9       21
DAYS >= .50         5               8.0    -3.0        8
DAYS >= 1.00        1               2.6    -1.6        2
GREATEST
 24 HR. TOTAL    1.72   MM

SNOWFALL (INCHES)
RECORDS
 TOTAL           40.2   1912
TOTALS            3.5               2.6     0.9      6.5
SINCE 7/1        26.1              18.8     7.3     32.6
DAYS >= TRACE       9               2.1     6.9       21
DAYS >= 1.0         2               0.8     1.2        2
GREATEST
 SNOW DEPTH         3   03/04
                        03/02
                        03/03
 24 HR TOTAL      2.1   MM

DEGREE_DAYS
HEATING TOTAL    1222              1079     143     1453
COOLING TOTAL     161               116      45      105
.................................................................

WIND (MPH)
AVERAGE WIND SPEED              11.8
HIGHEST WIND SPEED/DIRECTION    44/220    DATE  04/27
HIGHEST GUST SPEED/DIRECTION    58/230    DATE  04/27

SKY COVER
POSSIBLE SUNSHINE (PERCENT)   MM
AVERAGE SKY COVER           0.60
NUMBER OF DAYS FAIR           16
NUMBER OF DAYS PC             48
NUMBER OF DAYS CLOUDY         28

AVERAGE RH (PERCENT)     59

WEATHER CONDITIONS. NUMBER OF DAYS WITH
THUNDERSTORM              0     MIXED PRECIP               0
HEAVY RAIN                8     RAIN                      12
LIGHT RAIN               33     FREEZING RAIN              0
LT FREEZING RAIN          1     HAIL                       6
HEAVY SNOW                0     SNOW                       1
LIGHT SNOW                9     SLEET                      2
FOG                      29     FOG W/VIS <= 1/4 MILE      0
HAZE                     26

-  INDICATES NEGATIVE NUMBERS.
R  INDICATES RECORD WAS SET OR TIED.
MM INDICATES DATA IS MISSING.
T  INDICATES TRACE AMOUNT.

$$
