000
CXUS53 KEAX 010819
CLSMCI

CLIMATE REPORT
NATIONAL WEATHER SERVICE KANSAS CITY/PLEASANT HILL MO
214 AM CST TUE MAR 1 2016

...................................

...THE KANSAS CITY INTERNATIONAL CLIMATE SUMMARY FOR THE SEASON, FROM
12/1/2015 TO 2/29/2016...

CLIMATE NORMAL PERIOD 1981 TO 2010
CLIMATE RECORD PERIOD 1888 TO 2016

WEATHER         OBSERVED          NORMAL  DEPART  LAST YEAR`S
                 VALUE   DATE(S)  VALUE   FROM    VALUE  DATE(S)
                                          NORMAL
................................................................
TEMPERATURE (F)
RECORD
 HIGH              81   02/24/1930
 LOW              -23   12/23/1989
                        12/22/1989
HIGHEST            75   02/20        67       8       73  01/28
LOWEST             -3   01/18         0      -3       -3  01/08
                        01/17                             01/07
AVG. MAXIMUM     46.3              40.5     5.8     39.5
AVG. MINIMUM     26.0              22.0     4.0     20.9
MEAN             36.2              31.2     5.0     30.2
DAYS MAX >= 90      0               0.0     0.0        0
DAYS MAX <= 32     15              24.5    -9.5       28
DAYS MIN <= 32     70              74.7    -4.7       74
DAYS MIN <= 0       2               5.1    -3.1        3

PRECIPITATION (INCHES)
RECORD
 MAXIMUM         8.62   1911
 MINIMUM         0.58   1920
TOTALS           4.40              4.06    0.34     4.02
DAILY AVG.       0.04              0.05   -0.01     0.05
DAYS >= .01        17              20.6    -3.6       25
DAYS >= .10         7               9.3    -2.3        9
DAYS >= .50         2               2.3    -0.3        3
DAYS >= 1.00        1               0.6     0.4        0
GREATEST
 24 HR. TOTAL    1.77   MM

SNOWFALL (INCHES)
RECORDS
 TOTAL           53.3   1962
TOTALS            5.3              14.8    -9.5     13.7
SINCE 7/1         5.3              16.2   -10.9     14.2
DAYS >= TRACE      16              11.2     4.8       20
DAYS >= 1.0         2               4.6    -2.6        5
GREATEST
 SNOW DEPTH         2   01/18
                        01/17
                        12/31
 24 HR TOTAL      2.3   MM

DEGREE_DAYS
HEATING TOTAL    2610              3043    -433     3093
COOLING TOTAL       0                 0       0        0
.................................................................

WIND (MPH)
AVERAGE WIND SPEED              11.0
HIGHEST WIND SPEED/DIRECTION    38/190    DATE  02/18
HIGHEST GUST SPEED/DIRECTION    49/210    DATE  02/19

SKY COVER
POSSIBLE SUNSHINE (PERCENT)   MM
AVERAGE SKY COVER           0.60
NUMBER OF DAYS FAIR           22
NUMBER OF DAYS PC             38
NUMBER OF DAYS CLOUDY         31

AVERAGE RH (PERCENT)     69

WEATHER CONDITIONS. NUMBER OF DAYS WITH
THUNDERSTORM              2     MIXED PRECIP               0
HEAVY RAIN                2     RAIN                       5
LIGHT RAIN               18     FREEZING RAIN              0
LT FREEZING RAIN          3     HAIL                       0
HEAVY SNOW                0     SNOW                       1
LIGHT SNOW               17     SLEET                      2
FOG                      37     FOG W/VIS <= 1/4 MILE      6
HAZE                     23

-  INDICATES NEGATIVE NUMBERS.
R  INDICATES RECORD WAS SET OR TIED.
MM INDICATES DATA IS MISSING.
T  INDICATES TRACE AMOUNT.

$$
