000
CXUS53 KEAX 010718
CLSMCI

CLIMATE REPORT
NATIONAL WEATHER SERVICE KANSAS CITY/PLEASANT HILL MO
115 AM CST THU MAR 1 2012

...................................

...THE KANSAS CITY INTERNATIONAL CLIMATE SUMMARY FOR THE SEASON, FROM
12/1/2011 TO 2/29/2012...

CLIMATE NORMAL PERIOD 1981 TO 2010
CLIMATE RECORD PERIOD 1888 TO 2012

WEATHER         OBSERVED          NORMAL  DEPART  LAST YEAR`S
                 VALUE   DATE(S)  VALUE   FROM    VALUE  DATE(S)
                                          NORMAL
................................................................
TEMPERATURE (F)
RECORD
 HIGH              81   02/24/1930
 LOW              -23   12/23/1989
                        12/22/1989
HIGHEST            66   01/30        67      -1       74  02/17
LOWEST              5   02/12         0       5      -12  02/03
                        02/11
AVG. MAXIMUM     46.8              40.5     6.3     36.5
AVG. MINIMUM     26.0              22.0     4.0     17.9
MEAN             36.4              31.2     5.2     27.2
DAYS MAX >= 90      0               0.0     0.0        0
DAYS MAX <= 32      8              24.5   -16.5       37
DAYS MIN <= 32     69              74.7    -5.7       81
DAYS MIN <= 0       0               5.1    -5.1        6

PRECIPITATION (INCHES)
RECORD
 MAXIMUM         8.62   1911
 MINIMUM         0.58   1920
TOTALS           6.22              4.06    2.16     4.03
DAILY AVG.       0.07              0.05    0.02     0.05
DAYS >= .01        20              20.6    -0.6       19
DAYS >= .10        11               9.3     1.7        9
DAYS >= .50         4               2.3     1.7        4
DAYS >= 1.00        2               0.6     1.4        0
GREATEST
 24 HR. TOTAL    1.27   MM

SNOWFALL (INCHES)
RECORDS
 TOTAL           53.3   1962
TOTALS            3.1              14.8   -11.7     36.4
SINCE 7/1         3.1              16.2   -13.1     36.4
DAYS >= TRACE      16              11.2     4.8       29
DAYS >= 1.0         1               4.6    -3.6        7
GREATEST
 SNOW DEPTH         2   02/14
 24 HR TOTAL      2.4   MM

DEGREE_DAYS
HEATING TOTAL    2583              3043    -460     3385
COOLING TOTAL       0                 0       0        0
.................................................................

WIND (MPH)
AVERAGE WIND SPEED              10.3
HIGHEST WIND SPEED/DIRECTION    47/270    DATE  02/28
HIGHEST GUST SPEED/DIRECTION    56/270    DATE  02/28

SKY COVER
POSSIBLE SUNSHINE (PERCENT)   MM
AVERAGE SKY COVER           0.50
NUMBER OF DAYS FAIR           28
NUMBER OF DAYS PC             39
NUMBER OF DAYS CLOUDY         24

AVERAGE RH (PERCENT)     65

WEATHER CONDITIONS. NUMBER OF DAYS WITH
THUNDERSTORM              0     MIXED PRECIP               0
HEAVY RAIN                3     RAIN                       8
LIGHT RAIN               22     FREEZING RAIN              1
LT FREEZING RAIN          3     HAIL                       0
HEAVY SNOW                0     SNOW                       1
LIGHT SNOW               15     SLEET                      1
FOG                      34     FOG W/VIS <= 1/4 MILE      6
HAZE                     15

-  INDICATES NEGATIVE NUMBERS.
R  INDICATES RECORD WAS SET OR TIED.
MM INDICATES DATA IS MISSING.
T  INDICATES TRACE AMOUNT.

$$
