000
CXUS53 KEAX 020251
CLSMCI

CLIMATE REPORT
NATIONAL WEATHER SERVICE KANSAS CITY/PLEASANT HILL MO
950 PM CDT SAT SEP 1 2012

...................................

...THE KANSAS CITY INTERNATIONAL CLIMATE SUMMARY FOR THE SEASON, FROM
6/1/2012 TO 8/31/2012...

CLIMATE NORMAL PERIOD 1981 TO 2010
CLIMATE RECORD PERIOD 1888 TO 2012

WEATHER         OBSERVED          NORMAL  DEPART  LAST YEAR`S
                 VALUE   DATE(S)  VALUE   FROM    VALUE  DATE(S)
                                          NORMAL
................................................................
TEMPERATURE (F)
RECORD
 HIGH             113   08/14/1936
 LOW               42   06/04/1990
HIGHEST           106   07/25        99       7      107  08/02
                        07/18
LOWEST             44   06/01        50      -6       56  06/01
AVG. MAXIMUM     92.6              86.4     6.2     89.1
AVG. MINIMUM     66.9              66.3     0.6     69.1
MEAN             79.8              76.4     3.4     79.1
DAYS MAX >= 90     61              26.6    34.4       43
DAYS MAX <= 32      0               0.0     0.0        0
DAYS MIN <= 32      0               0.0     0.0        0
DAYS MIN <= 0       0               0.0     0.0        0

PRECIPITATION (INCHES)
RECORD
 MAXIMUM        29.56   1969
 MINIMUM         1.12   1936
TOTALS           4.98             13.57   -8.59    13.93
DAILY AVG.       0.06              0.15   -0.09     0.15
DAYS >= .01        19              28.1    -9.1       27
DAYS >= .10        10              18.9    -8.9       17
DAYS >= .50         3               8.8    -5.8       10
DAYS >= 1.00        1               4.1    -3.1        6
GREATEST
 24 HR. TOTAL    1.37   MM

SNOWFALL (INCHES)
RECORDS
 TOTAL             MM   MM
TOTALS            0.0               0.0     0.0      0.0
SINCE 7/1         0.0               0.0     0.0      0.0
DAYS >= TRACE       0               0.0     0.0        0
DAYS >= 1.0         0               0.0     0.0        0
GREATEST
 SNOW DEPTH         0   MM
 24 HR TOTAL      0.0   MM

DEGREE_DAYS
HEATING TOTAL       9                11      -2        0
COOLING TOTAL    1395              1057     338     1318
.................................................................

WIND (MPH)
AVERAGE WIND SPEED              9.2
HIGHEST WIND SPEED/DIRECTION    49/310    DATE  08/08
HIGHEST GUST SPEED/DIRECTION    63/320    DATE  08/08

SKY COVER
POSSIBLE SUNSHINE (PERCENT)   MM
AVERAGE SKY COVER           0.30
NUMBER OF DAYS FAIR           49
NUMBER OF DAYS PC             40
NUMBER OF DAYS CLOUDY          3

AVERAGE RH (PERCENT)     55

WEATHER CONDITIONS. NUMBER OF DAYS WITH
THUNDERSTORM              0     MIXED PRECIP               0
HEAVY RAIN                9     RAIN                       9
LIGHT RAIN               26     FREEZING RAIN              0
LT FREEZING RAIN          0     HAIL                       0
HEAVY SNOW                0     SNOW                       0
LIGHT SNOW                0     SLEET                      0
FOG                      17     FOG W/VIS <= 1/4 MILE      1
HAZE                     32

-  INDICATES NEGATIVE NUMBERS.
R  INDICATES RECORD WAS SET OR TIED.
MM INDICATES DATA IS MISSING.
T  INDICATES TRACE AMOUNT.

$$
