000
CXUS53 KEAX 011808
CLSMCI

CLIMATE REPORT
NATIONAL WEATHER SERVICE KANSAS CITY/PLEASANT HILL MO
1204 PM CST THU DEC 1 2016

...................................

...THE KANSAS CITY INTERNATIONAL CLIMATE SUMMARY FOR THE SEASON, FROM
9/1/2016 TO 11/30/2016...

CLIMATE NORMAL PERIOD 1981 TO 2010
CLIMATE RECORD PERIOD 1888 TO 2016

WEATHER         OBSERVED          NORMAL  DEPART  LAST YEAR`S
                 VALUE   DATE(S)  VALUE   FROM    VALUE  DATE(S)
                                          NORMAL
................................................................
TEMPERATURE (F)
RECORD
 HIGH             109   09/03/1947
 LOW                1   11/08/1991
                        11/28/1976
HIGHEST            91   09/20        93      -2       95  09/06
LOWEST             27   11/19        17      10       23  11/22
AVG. MAXIMUM     71.7              66.4     5.3     70.0
AVG. MINIMUM     51.3              45.7     5.6     49.7
MEAN             61.5              56.1     5.4     59.8
DAYS MAX >= 90      3               2.9     0.1        7
DAYS MAX <= 32      0               1.4    -1.4        0
DAYS MIN <= 32     10              15.2    -5.2       10
DAYS MIN <= 0       0               0.0     0.0        0

PRECIPITATION (INCHES)
RECORD
 MAXIMUM        22.08   1914
 MINIMUM         2.16   1891
TOTALS           8.03              9.93   -1.90    11.44
DAILY AVG.       0.09              0.11   -0.02     0.13
DAYS >= .01        20              24.1    -4.1       22
DAYS >= .10        13              16.0    -3.0       15
DAYS >= .50         7               6.5     0.5        5
DAYS >= 1.00        1               2.7    -1.7        3
GREATEST
 24 HR. TOTAL    2.39   MM

SNOWFALL (INCHES)
RECORDS
 TOTAL           13.2   1898
TOTALS            0.0               1.4    -1.4      0.0
SINCE 7/1         0.0               1.4    -1.4      0.0
DAYS >= TRACE       0               1.3    -1.3        0
DAYS >= 1.0         0               0.5    -0.5        0
GREATEST
 SNOW DEPTH         0   MM
 24 HR TOTAL      0.0   MM

DEGREE_DAYS
HEATING TOTAL     584              1000    -416      744
COOLING TOTAL     288               187     101      295
.................................................................

WIND (MPH)
AVERAGE WIND SPEED              9.9
HIGHEST WIND SPEED/DIRECTION    35/190    DATE  11/27
HIGHEST GUST SPEED/DIRECTION    44/200    DATE  10/17

SKY COVER
POSSIBLE SUNSHINE (PERCENT)    0
AVERAGE SKY COVER           0.50
NUMBER OF DAYS FAIR           33
NUMBER OF DAYS PC             38
NUMBER OF DAYS CLOUDY         20

AVERAGE RH (PERCENT)     67

WEATHER CONDITIONS. NUMBER OF DAYS WITH
THUNDERSTORM              0     MIXED PRECIP               0
HEAVY RAIN                9     RAIN                      10
LIGHT RAIN               23     FREEZING RAIN              0
LT FREEZING RAIN          0     HAIL                       0
HEAVY SNOW                0     SNOW                       0
LIGHT SNOW                0     SLEET                      0
FOG                      29     FOG W/VIS <= 1/4 MILE      3
HAZE                     31

-  INDICATES NEGATIVE NUMBERS.
R  INDICATES RECORD WAS SET OR TIED.
MM INDICATES DATA IS MISSING.
T  INDICATES TRACE AMOUNT.

$$
