000
CXUS53 KGLD 010800
CF6MCK
PRELIMINARY LOCAL CLIMATOLOGICAL DATA (WS FORM: F-6)
STATION: MCCOOK NE
MONTH: JULY
YEAR: 2023
LATITUDE: 40 13 N
LONGITUDE: 100 35 W
TEMPERATURE IN F: :PCPN: SNOW: WIND :SUNSHINE: SKY :PK WND
================================================================================
1 2 3 4 5 6A 6B 7 8 9 10 11 12 13 14 15 16 17 18
12Z AVG MX 2MIN
DY MAX MIN AVG DEP HDD CDD WTR SNW DPTH SPD SPD DIR MIN PSBL S-S WX SPD DR
================================================================================
1 80 58 69 -7 0 4 T M M 7.9 22 50 M M 1 13 28 40
2 90 58 74 -2 0 9 0.06 M M 7.2 26 200 M M 0 138 43 220
3 91 62 77 1 0 12 0.00 M M 6.8 16 160 M M 1 23 150
4 89 64 77 0 0 12 0.00 M M 11.4 36 340 M M 1 3 46 340
5 72 59 66 -11 0 1 T M M 8.4 18 360 M M 8 13 25 360
6 69 57 63 -14 2 0 T M M 8.6 16 110 M M 9 138 22 90
7 84 63 74 -3 0 9 0.00 M M 7.6 17 140 M M 5 1 24 140
8 77 55 66 -11 0 1 0.14 M M 6.6 20 160 M M 4 13 27 170
9 81 51 66 -11 0 1 0.00 M M 5.9 15 190 M M 0 12 20 190
10 94 61 78 0 0 13 0.10 M M 9.6 35 30 M M 0 3 47 20
11 93 60 77 -1 0 12 M M M 7.5 18 150 M M 0 8 26 140
12 91 71 81 3 0 16 0.00 M M 8.6 20 350 M M 0 26 350
13 89 67 78 0 0 13 0.00 M M 10.3 24 20 M M 2 18 33 360
14 83 60 72 -6 0 7 0.22 M M 7.6 36 20 M M 2 13 53 360
15 89 61 75 -3 0 10 0.00 M M 6.4 13 150 M M 0 18 130
16 93 61 77 -1 0 12 0.00 M M 7.8 16 160 M M 0 23 170
17 85 61 73 -5 0 8 0.00 M M 8.8 20 350 M M 0 138 26 340
18 84 63 74 -4 0 9 0.00 M M 9.5 26 110 M M 7 138 36 110
19 90 67 79 1 0 14 T M M 7.4 21 60 M M 3 13 27 60
20 80 63 72 -6 0 7 0.05 M M 8.6 18 70 M M 6 1238 23 50
21 84 61 73 -5 0 8 T M M 4.5 10 330 M M 4 1 16 300
22 96 60 78 0 0 13 0.04 M M 6.5 26 40 M M 0 3 34 30
23 100 61 81 3 0 16 T M M 6.4 29 10 M M 0 3 41 10
24 102 68 85 7 0 20 0.00 M M 7.6 21 150 M M 0 3 31 150
25 101 66 84 6 0 19 0.00 M M 6.1 18 280 M M 0 18 25 280
26 103 68 86 8 0 21 0.00 M M 7.2 32 260 M M 0 38 42 260
27 101 65 83 5 0 18 0.00 M M 7.3 21 280 M M 0 32 280
28 102 65 84 6 0 19 0.00 M M 9.0 18 40 M M 0 26 350
29 96 66 81 3 0 16 0.00 M M 11.2 39 40 M M 0 8 55 40
30 100 68 84 6 0 19 0.00 M M 9.6 24 80 M M 2 1 31 80
31 91 69 80 2 0 15 0.00 M M 12.5 32 360 M M 1 51 360
================================================================================
SM 2780 1939 2 354 0.61 M 250.4 M 56
================================================================================
AV 89.7 62.5 8.1 FASTST M M 2 MAX(MPH)
MISC ----> 39 40 55 40
================================================================================
NOTES:
# LAST OF SEVERAL OCCURRENCES
COLUMN 17 PEAK WIND IN M.P.H.
PRELIMINARY LOCAL CLIMATOLOGICAL DATA (WS FORM: F-6) , PAGE 2
STATION: MCCOOK NE
MONTH: JULY
YEAR: 2023
LATITUDE: 40 13 N
LONGITUDE: 100 35 W
[TEMPERATURE DATA] [PRECIPITATION DATA] SYMBOLS USED IN COLUMN 16
AVERAGE MONTHLY: 76.1 TOTAL FOR MONTH: 0.61 1 = FOG OR MIST
DPTR FM NORMAL: -1.5 DPTR FM NORMAL: -2.71 2 = FOG REDUCING VISIBILITY
HIGHEST: 103 ON 26 GRTST 24HR 0.22 ON 14-14 TO 1/4 MILE OR LESS
LOWEST: 51 ON 9 3 = THUNDER
SNOW, ICE PELLETS, HAIL 4 = ICE PELLETS
TOTAL MONTH: M 5 = HAIL
GRTST 24HR M ON M 6 = FREEZING RAIN OR DRIZZLE
GRTST DEPTH: M ON M 7 = DUSTSTORM OR SANDSTORM:
VSBY 1/2 MILE OR LESS
8 = SMOKE OR HAZE
[NO. OF DAYS WITH] [WEATHER - DAYS WITH] 9 = BLOWING SNOW
X = TORNADO
MAX 32 OR BELOW: 0 0.01 INCH OR MORE: 6
MAX 90 OR ABOVE: 17 0.10 INCH OR MORE: 3
MIN 32 OR BELOW: 0 0.50 INCH OR MORE: 0
MIN 0 OR BELOW: 0 1.00 INCH OR MORE: 0
[HDD (BASE 65) ]
TOTAL THIS MO. 2 CLEAR (SCALE 0-3) 24
DPTR FM NORMAL 0 PTCLDY (SCALE 4-7) 5
TOTAL FM JUL 1 2 CLOUDY (SCALE 8-10) 2
DPTR FM NORMAL 2
[CDD (BASE 65) ]
TOTAL THIS MO. 354
DPTR FM NORMAL -38 [PRESSURE DATA]
TOTAL FM JAN 1 590 HIGHEST SLP M ON M
DPTR FM NORMAL -101 LOWEST SLP 29.70 ON 12
[REMARKS]
#FINAL-07-23#