000
CXUS53 KGLD 010800
CF6MCK
PRELIMINARY LOCAL CLIMATOLOGICAL DATA (WS FORM: F-6)
STATION: MCCOOK NE
MONTH: MARCH
YEAR: 2023
LATITUDE: 40 13 N
LONGITUDE: 100 35 W
TEMPERATURE IN F: :PCPN: SNOW: WIND :SUNSHINE: SKY :PK WND
================================================================================
1 2 3 4 5 6A 6B 7 8 9 10 11 12 13 14 15 16 17 18
12Z AVG MX 2MIN
DY MAX MIN AVG DEP HDD CDD WTR SNW DPTH SPD SPD DIR MIN PSBL S-S WX SPD DR
================================================================================
1 45 29 37 1 28 0 0.00 M M 8.6 32 320 M M 3 40 330
2 48 25 37 1 28 0 0.00 M M 5.3 14 80 M M 3 18 80
3 55 27 41 4 24 0 T M M 9.6 21 340 M M 2 26 360
4 47 31 39 2 26 0 0.00 M M 9.7 24 340 M M 2 29 340
5 59 29 44 6 21 0 0.00 M M 6.7 20 120 M M 0 26 120
6 43 28 36 -2 29 0 0.00 M M 11.1 22 20 M M 5 27 360
7 30 27 29 -9 36 0 0.00 M M 8.4 17 70 M M 10 1 20 70
8 31 27 29 -10 36 0 T M M 10.0 15 60 M M 10 16 19 70
9 43 24 34 -5 31 0 0.00 M M 7.8 21 340 M M 7 1 25 330
10 43 20 32 -8 33 0 0.00 M M 11.9 24 130 M M 4 1 33 140
11 54 30 42 2 23 0 0.00 M M 10.8 21 340 M M 3 18 29 10
12 41 24 33 -7 32 0 0.00 M M 12.7 23 350 M M 3 29 340
13 42 20 31 -10 34 0 0.00 M M 7.9 18 130 M M 5 23 150
14 64 23 44 3 21 0 0.00 M M 12.1 23 190 M M 0 31 190
15 75 33 54 12 11 0 0.00 M M 9.0 22 140 M M 1 32 150
16 55 25 40 -2 25 0 0.07 M M 24.2 39 350 M M 7 1 52 360
17 45 22 34 -8 31 0 0.00 M M 16.4 37 320 M M 2 46 330
18 35 16 26 -17 39 0 0.00 M M 10.1 25 340 M M 1 38 330
19 59 15 37 -6 28 0 0.00 M M 14.5 29 200 M M 0 38 200
20 60 26 43 -1 22 0 0.00 M M 9.5 17 70 M M 0 26 80
21 56 30 43 -1 22 0 0.00 M M 6.5 17 360 M M 4 1 24 360
22 54 27 41 -3 24 0 0.00 M M 14.0 28 40 M M 2 1 36 30
23 53 24 39 -6 26 0 0.00 M M 7.6 21 30 M M 1 8 25 40
24 47 32 40 -5 25 0 0.01 M M 5.2 13 340 M M 6 18 16 10
25 43 22 33 -12 32 0 0.11 M M 11.6 29 360 M M 6 12 34 360
26 36 27 32 -14 33 0 T M M 7.6 16 360 M M 8 1 21 340
27 30 17 24 -22 41 0 0.06 M M 7.1 15 40 M M 8 128 19 30
28 48 18 33 -13 32 0 0.00 M M 9.5 20 220 M M 4 12 25 220
29 40 23 32 -14 33 0 0.00 M M 13.6 25 60 M M 0 32 60
30 68 26 47 0 18 0 0.00 M M 8.4 26 250 M M 1 18 37 260
31 54 31 43 -4 22 0 0.00 M M 21.9 44 310 M M 3 18 57 310
================================================================================
SM 1503 778 866 0 0.25 M 329.3 M 111
================================================================================
AV 48.5 25.1 10.6 FASTST M M 4 MAX(MPH)
MISC ----> 44 310 57 310
================================================================================
NOTES:
# LAST OF SEVERAL OCCURRENCES
COLUMN 17 PEAK WIND IN M.P.H.
PRELIMINARY LOCAL CLIMATOLOGICAL DATA (WS FORM: F-6) , PAGE 2
STATION: MCCOOK NE
MONTH: MARCH
YEAR: 2023
LATITUDE: 40 13 N
LONGITUDE: 100 35 W
[TEMPERATURE DATA] [PRECIPITATION DATA] SYMBOLS USED IN COLUMN 16
AVERAGE MONTHLY: 36.8 TOTAL FOR MONTH: 0.25 1 = FOG OR MIST
DPTR FM NORMAL: -5.0 DPTR FM NORMAL: -0.65 2 = FOG REDUCING VISIBILITY
HIGHEST: 75 ON 15 GRTST 24HR 0.11 ON 25-25 TO 1/4 MILE OR LESS
LOWEST: 15 ON 19 3 = THUNDER
SNOW, ICE PELLETS, HAIL 4 = ICE PELLETS
TOTAL MONTH: M 5 = HAIL
GRTST 24HR M ON M 6 = FREEZING RAIN OR DRIZZLE
GRTST DEPTH: M ON M 7 = DUSTSTORM OR SANDSTORM:
VSBY 1/2 MILE OR LESS
8 = SMOKE OR HAZE
[NO. OF DAYS WITH] [WEATHER - DAYS WITH] 9 = BLOWING SNOW
X = TORNADO
MAX 32 OR BELOW: 3 0.01 INCH OR MORE: 4
MAX 90 OR ABOVE: 0 0.10 INCH OR MORE: 1
MIN 32 OR BELOW: 30 0.50 INCH OR MORE: 0
MIN 0 OR BELOW: 0 1.00 INCH OR MORE: 0
[HDD (BASE 65) ]
TOTAL THIS MO. 866 CLEAR (SCALE 0-3) 17
DPTR FM NORMAL 146 PTCLDY (SCALE 4-7) 11
TOTAL FM JUL 1 5264 CLOUDY (SCALE 8-10) 3
DPTR FM NORMAL 121
[CDD (BASE 65) ]
TOTAL THIS MO. 0
DPTR FM NORMAL 0 [PRESSURE DATA]
TOTAL FM JAN 1 0 HIGHEST SLP M ON M
DPTR FM NORMAL 0 LOWEST SLP 29.31 ON 30
[REMARKS]
#FINAL-03-23#