000
CXUS52 KFFC 171010
CF6MCN
PRELIMINARY LOCAL CLIMATOLOGICAL DATA (WS FORM: F-6)
STATION: MACON
MONTH: APRIL
YEAR: 2024
LATITUDE: 32 42 N
LONGITUDE: 83 39 W
TEMPERATURE IN F: :PCPN: SNOW: WIND :SUNSHINE: SKY :PK WND
================================================================================
1 2 3 4 5 6A 6B 7 8 9 10 11 12 13 14 15 16 17 18
12Z AVG MX 2MIN
DY MAX MIN AVG DEP HDD CDD WTR SNW DPTH SPD SPD DIR MIN PSBL S-S WX SPD DR
================================================================================
1 80 61 71 10 0 6 0.00 0.0 M 7.4 16 230 M M 6 22 200
2 80 65 73 12 0 8 0.01 0.0 M 9.9 20 220 M M 6 27 210
3 72 52 62 0 3 0 0.78 0.0 M 13.1 25 270 M M 4 13 38 270
4 68 45 57 -5 8 0 0.00 0.0 M 11.3 26 270 M M 0 36 280
5 70 38 54 -8 11 0 0.00 0.0 M 8.2 20 310 M M 0 30 240
6 67 37 52 -10 13 0 0.00 0.0 M 3.8 13 350 M M 0 19 360
7 76 36 56 -6 9 0 0.00 0.0 M 2.3 12 200 M M 0 8 23 170
8 77 47 62 -1 3 0 0.00 0.0 M 5.5 15 150 M M 1 8 22 160
9 73 59 66 3 0 1 0.00 0.0 M 5.1 12 120 M M 4 16 190
10 78 59 69 6 0 4 2.01 0.0 M 7.9 21 110 M M 6 1 28 120
11 78 55 67 4 0 2 0.17 0.0 M 14.4 30 250 M M 8 1 42 230
12 74 48 61 -3 4 0 T M M 13.1 28 270 M M 0 41 270
13 79 42 61 -3 4 0 0.00 0.0 M 7.3 21 280 M M 0 29 290
14 85 45 65 1 0 0 0.00 0.0 M 4.5 15 270 M M 0 22 250
15 85 53 69 5 0 4 0.00 0.0 M 5.3 15 260 M M 0 21 210
16 83 53 68 4 0 3 0.00 0.0 M 2.6 12 250 M M 0 16 250
================================================================================
SM 1225 795 55 28 2.97 0.0 121.7 M 35
================================================================================
AV 76.6 49.7 7.6 FASTST M M 2 MAX(MPH)
MISC ----> 30 250 42 230
================================================================================
NOTES:
# LAST OF SEVERAL OCCURRENCES
COLUMN 17 PEAK WIND IN M.P.H.
PRELIMINARY LOCAL CLIMATOLOGICAL DATA (WS FORM: F-6) , PAGE 2
STATION: MACON
MONTH: APRIL
YEAR: 2024
LATITUDE: 32 42 N
LONGITUDE: 83 39 W
[TEMPERATURE DATA] [PRECIPITATION DATA] SYMBOLS USED IN COLUMN 16
AVERAGE MONTHLY: 63.1 TOTAL FOR MONTH: 2.97 1 = FOG OR MIST
DPTR FM NORMAL: 0.4 DPTR FM NORMAL: 0.87 2 = FOG REDUCING VISIBILITY
HIGHEST: 85 ON 15,14 GRTST 24HR 2.18 ON 10-11 TO 1/4 MILE OR LESS
LOWEST: 36 ON 7 3 = THUNDER
SNOW, ICE PELLETS, HAIL 4 = ICE PELLETS
TOTAL MONTH: 0.0 INCH 5 = HAIL
GRTST 24HR 0.0 6 = FREEZING RAIN OR DRIZZLE
GRTST DEPTH: M ON M 7 = DUSTSTORM OR SANDSTORM:
VSBY 1/2 MILE OR LESS
8 = SMOKE OR HAZE
[NO. OF DAYS WITH] [WEATHER - DAYS WITH] 9 = BLOWING SNOW
X = TORNADO
MAX 32 OR BELOW: 0 0.01 INCH OR MORE: 4
MAX 90 OR ABOVE: 0 0.10 INCH OR MORE: 3
MIN 32 OR BELOW: 0 0.50 INCH OR MORE: 2
MIN 0 OR BELOW: 0 1.00 INCH OR MORE: 1
[HDD (BASE 65) ]
TOTAL THIS MO. 55 CLEAR (SCALE 0-3) 10
DPTR FM NORMAL -11 PTCLDY (SCALE 4-7) 5
TOTAL FM JUL 1 1920 CLOUDY (SCALE 8-10) 1
DPTR FM NORMAL -187
[CDD (BASE 65) ]
TOTAL THIS MO. 28
DPTR FM NORMAL -2 [PRESSURE DATA]
TOTAL FM JAN 1 40 HIGHEST SLP M ON M
DPTR FM NORMAL -21 LOWEST SLP 29.46 ON 3
[REMARKS]