926
CXUS54 KMAF 011110
CF6MDD
PRELIMINARY LOCAL CLIMATOLOGICAL DATA (WS FORM: F-6)
STATION: MIDLAND AIRPARK
MONTH: JUNE
YEAR: 2020
LATITUDE: 32 2 N
LONGITUDE: 102 6 W
TEMPERATURE IN F: :PCPN: SNOW: WIND :SUNSHINE: SKY :PK WND
================================================================================
1 2 3 4 5 6A 6B 7 8 9 10 11 12 13 14 15 16 17 18
12Z AVG MX 2MIN
DY MAX MIN AVG DEP HDD CDD WTR SNW DPTH SPD SPD DIR MIN PSBL S-S WX SPD DR
================================================================================
1 85 67 76 M 0 11 M M M 10.8 20 130 M M 2 23 140
2 91 65 78 M 0 13 M M M 10.5 15 150 M M 3 20 140
3 94 68 81 M 0 16 M M M 8.6 13 130 M M 1 20 170
4 100 72 86 M 0 21 M M M 11.5 17 150 M M 0 22 170
5 100 73 87 M 0 22 M M M 12.4 21 160 M M 0 31 130
6 97 71 84 M 0 19 M M M 13.6 21 150 M M 0 29 150
7 99 71 85 M 0 20 M M M 12.5 17 190 M M 0 8 26 170
8 106 73 90 M 0 25 M M M 9.5 13 250 M M 0 22 140
9 91 69 80 M 0 15 M M M 15.8 26 320 M M 0 8 33 320
10 93 56 75 M 0 10 M M M 9.4 13 110 M M 0 8 22 140
11 96 70 83 M 0 18 M M M 14.8 21 150 M M 0 29 160
12 96 66 81 M 0 16 M M M 11.4 17 130 M M 0 25 160
13 95 66 81 M 0 16 M M M 13.2 18 180 M M 0 25 160
14 93 69 81 M 0 16 M M M 12.4 18 130 M M 0 26 130
15 92 68 80 M 0 15 M M M 13.1 17 150 M M 1 23 150
16 93 70 82 M 0 17 M M M 13.3 18 180 M M 1 26 160
17 98 72 85 M 0 20 M M M 16.2 23 170 M M 1 8 35 180
18 103 73 88 M 0 23 M M M 12.7 21 120 M M 0 8 29 120
19 99 72 86 M 0 21 M M M 16.4 24 140 M M 0 29 140
20 96 68 82 M 0 17 M M M 12.3 18 170 M M 3 29 160
21 105 74 90 M 0 25 M M M 12.1 20 180 M M 0 26 240
22 106 71 89 M 0 24 0.14 M M 13.2 26 210 M M 0 3 38 210
23 91 68 80 M 0 15 0.01 M M 10.8 28 30 M M 1 8 35 30
24 94 71 83 M 0 18 M M M 8.0 13 120 M M 0 20 100
25 97 69 83 M 0 18 M M M 9.2 13 110 M M 1 22 160
26 98 74 86 M 0 21 M M M 12.6 18 150 M M 0 28 150
27 97 72 85 M 0 20 M M M 13.3 22 160 M M 2 26 170
28 100 76 88 M 0 23 M M M 14.1 21 180 M M 0 8 31 190
29 103 77 90 M 0 25 M M M 15.7 24 220 M M 0 30 220
30 104 76 90 M 0 25 M M M 11.7 17 190 M M 0 28 190
================================================================================
SM 2912 2107 0 565 0.15 M 371.0 M 16
================================================================================
AV 97.1 70.2 12.4 FASTST M M 1 MAX(MPH)
MISC ----> 28 30 38 210
================================================================================
NOTES:
# LAST OF SEVERAL OCCURRENCES
COLUMN 17 PEAK WIND IN M.P.H.
PRELIMINARY LOCAL CLIMATOLOGICAL DATA (WS FORM: F-6) , PAGE 2
STATION: MIDLAND AIRPARK
MONTH: JUNE
YEAR: 2020
LATITUDE: 32 2 N
LONGITUDE: 102 6 W
[TEMPERATURE DATA] [PRECIPITATION DATA] SYMBOLS USED IN COLUMN 16
AVERAGE MONTHLY: 83.6 TOTAL FOR MONTH: 0.15 1 = FOG OR MIST
DPTR FM NORMAL: 0.0 DPTR FM NORMAL: M 2 = FOG REDUCING VISIBILITY
HIGHEST: 106 ON 22, 8 GRTST 24HR 0.14 ON 22-22 TO 1/4 MILE OR LESS
LOWEST: 56 ON 10 3 = THUNDER
SNOW, ICE PELLETS, HAIL 4 = ICE PELLETS
TOTAL MONTH: M 5 = HAIL
GRTST 24HR M ON M 6 = FREEZING RAIN OR DRIZZLE
GRTST DEPTH: M ON M 7 = DUSTSTORM OR SANDSTORM:
VSBY 1/2 MILE OR LESS
8 = SMOKE OR HAZE
[NO. OF DAYS WITH] [WEATHER - DAYS WITH] 9 = BLOWING SNOW
X = TORNADO
MAX 32 OR BELOW: 0 0.01 INCH OR MORE: 2
MAX 90 OR ABOVE: 29 0.10 INCH OR MORE: 1
MIN 32 OR BELOW: 0 0.50 INCH OR MORE: 0
MIN 0 OR BELOW: 0 1.00 INCH OR MORE: 0
[HDD (BASE 65) ]
TOTAL THIS MO. 0 CLEAR (SCALE 0-3) 29
DPTR FM NORMAL M PTCLDY (SCALE 4-7) 1
TOTAL FM JUL 1 2314 CLOUDY (SCALE 8-10) 0
DPTR FM NORMAL M
[CDD (BASE 65) ]
TOTAL THIS MO. 565
DPTR FM NORMAL M [PRESSURE DATA]
TOTAL FM JAN 1 1139 HIGHEST SLP M ON M
DPTR FM NORMAL M LOWEST SLP M ON M
[REMARKS]
#FINAL-06-20#