095
CXUS55 KPAH 021155
CF6MDH
PRELIMINARY LOCAL CLIMATOLOGICAL DATA (WS FORM: F-6)
STATION: CARBONDALE IL
MONTH: JANUARY
YEAR: 2021
LATITUDE: 37 46 N
LONGITUDE: 89 15 W
TEMPERATURE IN F: :PCPN: SNOW: WIND :SUNSHINE: SKY :PK WND
================================================================================
1 2 3 4 5 6A 6B 7 8 9 10 11 12 13 14 15 16 17 18
12Z AVG MX 2MIN
DY MAX MIN AVG DEP HDD CDD WTR SNW DPTH SPD SPD DIR MIN PSBL S-S WX SPD DR
================================================================================
1 45 31 38 5 27 0 0.58 M M 9.1 21 230 M M 10 16 29 220
2 38 33 36 3 29 0 T M M 2.6 8 350 M M 10 18 12 280
3 46 28 37 4 28 0 0.00 M M 6.1 13 210 M M 4 1 17 260
4 51 25 38 5 27 0 0.00 M M 2.8 20 330 M M 3 12 29 330
5 51 28 40 7 25 0 0.00 M M 5.4 20 330 M M 3 18 29 330
6 45 27 36 3 29 0 0.00 M M 6.6 15 110 M M 0 18 18 110
7 39 32 36 3 29 0 0.00 M M 8.9 16 30 M M 6 24 50
8 36 33 35 2 30 0 0.00 M M 10.0 15 340 M M 10 22 340
9 35 30 33 0 32 0 0.00 M M 7.3 14 350 M M 10 17 350
10 31 29 30 -3 35 0 0.00 M M 4.6 10 350 M M 10 8 13 340
11 30 19 25 -8 40 0 0.00 M M 4.6 10 10 M M 8 18 13 340
12 46 20 33 0 32 0 0.00 M M 8.8 17 200 M M 0 18 22 200
13 50 26 38 5 27 0 0.00 M M 11.5 20 190 M M 0 1 28 190
14 54 35 45 12 20 0 0.01 M M 11.7 23 240 M M 3 32 240
15 42 33 38 5 27 0 T M M 12.3 23 240 M M 7 18 31 230
16 40 34 37 4 28 0 0.00 M M 8.5 17 280 M M 10 25 290
17 42 30 36 3 29 0 T M M 7.2 18 250 M M 9 1 26 250
18 49 29 39 6 26 0 0.00 M M 6.1 13 240 M M 7 18 220
19 48 28 38 5 27 0 0.00 M M 6.5 15 310 M M 3 12 22 310
20 45 23 34 1 31 0 T M M 8.4 21 200 M M 2 30 190
21 52 28 40 7 25 0 0.00 M M 4.8 17 210 M M 1 22 220
22 40 24 32 -1 33 0 0.00 M M 8.5 17 350 M M 0 25 350
23 42 20 31 -2 34 0 0.00 M M 7.0 16 120 M M 3 21 120
24 44 34 39 6 26 0 0.04 M M 4.5 9 130 M M 10 1 13 130
25 40 36 38 5 27 0 1.04 M M 7.5 21 80 M M 10 13 33 70
26 46 33 40 7 25 0 0.00 M M 8.8 17 310 M M 10 1 25 310
27 34 26 30 -3 35 0 0.13 M M 9.5 21 350 M M 10 128 27 350
28 31 16 24 -9 41 0 0.00 M M 4.0 14 360 M M 1 20 340
29 43 18 31 -2 34 0 0.00 M M 5.1 13 170 M M 0 17 150
30 47 32 40 6 25 0 0.62 M M 10.1 20 140 M M 8 18 28 140
31 52 34 43 9 22 0 0.03 M M 14.7 23 310 M M 10 18 37 310
================================================================================
SM 1334 874 905 0 2.45 M 233.5 M 178
================================================================================
AV 43.0 28.2 7.5 FASTST M M 6 MAX(MPH)
MISC ----> # 23 240 37 310
================================================================================
NOTES:
# LAST OF SEVERAL OCCURRENCES
COLUMN 17 PEAK WIND IN M.P.H.
PRELIMINARY LOCAL CLIMATOLOGICAL DATA (WS FORM: F-6) , PAGE 2
STATION: CARBONDALE IL
MONTH: JANUARY
YEAR: 2021
LATITUDE: 37 46 N
LONGITUDE: 89 15 W
[TEMPERATURE DATA] [PRECIPITATION DATA] SYMBOLS USED IN COLUMN 16
AVERAGE MONTHLY: 35.6 TOTAL FOR MONTH: 2.45 1 = FOG OR MIST
DPTR FM NORMAL: 2.7 DPTR FM NORMAL: -0.48 2 = FOG REDUCING VISIBILITY
HIGHEST: 54 ON 14 GRTST 24HR 1.53 ON 25-25 TO 1/4 MILE OR LESS
LOWEST: 16 ON 28 3 = THUNDER
SNOW, ICE PELLETS, HAIL 4 = ICE PELLETS
TOTAL MONTH: M 5 = HAIL
GRTST 24HR M ON M 6 = FREEZING RAIN OR DRIZZLE
GRTST DEPTH: M ON M 7 = DUSTSTORM OR SANDSTORM:
VSBY 1/2 MILE OR LESS
8 = SMOKE OR HAZE
[NO. OF DAYS WITH] [WEATHER - DAYS WITH] 9 = BLOWING SNOW
X = TORNADO
MAX 32 OR BELOW: 3 0.01 INCH OR MORE: 7
MAX 90 OR ABOVE: 0 0.10 INCH OR MORE: 4
MIN 32 OR BELOW: 22 0.50 INCH OR MORE: 3
MIN 0 OR BELOW: 0 1.00 INCH OR MORE: 1
[HDD (BASE 65) ]
TOTAL THIS MO. 905 CLEAR (SCALE 0-3) 9
DPTR FM NORMAL -88 PTCLDY (SCALE 4-7) 9
TOTAL FM JUL 1 2530 CLOUDY (SCALE 8-10) 13
DPTR FM NORMAL -224
[CDD (BASE 65) ]
TOTAL THIS MO. 0
DPTR FM NORMAL 0 [PRESSURE DATA]
TOTAL FM JAN 1 0 HIGHEST SLP 30.75 ON 28
DPTR FM NORMAL 0 LOWEST SLP 29.55 ON 15
[REMARKS]
#FINAL-01-21#