000
CXUS54 KMEG 010900
CF6MEG
PRELIMINARY LOCAL CLIMATOLOGICAL DATA (WS FORM: F-6)
STATION: MEMPHIS/GERMANTOWN WFO
MONTH: MARCH
YEAR: 2023
LATITUDE: 35 7 N
LONGITUDE: 89 48 W
TEMPERATURE IN F: :PCPN: SNOW: WIND :SUNSHINE: SKY :PK WND
================================================================================
1 2 3 4 5 6A 6B 7 8 9 10 11 12 13 14 15 16 17 18
12Z AVG MX 2MIN
DY MAX MIN AVG DEP HDD CDD WTR SNW DPTH SPD SPD DIR MIN PSBL S-S WX SPD DR
================================================================================
1 73 57 65 18 0 0 M 0.0 0 M M M M M M 13 M M
2 69 59 64 17 1 0 M 0.0 0 M M M M M M 13 M M
3 69 50 60 12 5 0 M 0.0 0 M M M M M M 13 M M
4 64 46 55 7 10 0 M 0.0 0 M M M M M M M M
5 75 41 58 10 7 0 0.00 0.0 0 M M M M M M M M
6 77 56 67 18 0 2 0.00 0.0 0 M M M M M M M M
7 67 55 61 12 4 0 0.00 0.0 0 M M M M M M M M
8 56 44 50 1 15 0 M 0.0 0 M M M M M M 1 M M
9 59 45 52 2 13 0 M 0.0 0 M M M M M M 1 M M
10 58 41 50 0 15 0 M 0.0 0 M M M M M M M M
11 54 38 46 -4 19 0 0.16 0.0 0 M M M M M M 13 M M
12 51 42 47 -3 18 0 0.12 0.0 0 M M M M M M 13 M M
13 47 34 41 -10 24 0 0.00 0.0 0 M M M M M M M M
14 48 27 38 -13 27 0 0.00 0.0 0 M M M M M M M M
15 59 28 44 -7 21 0 0.00 0.0 0 M M M M M M M M
16 68 46 57 5 8 0 1.25 0.0 0 M M M M M M 1 M M
17 59 37 48 -4 17 0 0.12 0.0 0 M M M M M M 1 M M
18 49 29 39 -13 26 0 0.00 0.0 0 M M M M M M M M
19 42 25 34 -18 31 0 0.00 0.0 0 M M M M M M M M
20 53 25 39 -14 26 0 0.00 0.0 0 M M M M M M M M
21 54 43 49 -4 16 0 0.36 0.0 0 M M M M M M 14 M M
22 72 49 61 8 4 0 0.61 0.0 0 M M M M M M 1 M M
23 79 66 73 19 0 8 0.00 0.0 0 M M M M M M M M
24 78 58 68 14 0 3 1.45 0.0 0 M M M M M M 13 M M
25 70 54 62 8 3 0 0.00 0.0 0 M M M M M M M M
26 82 46 64 9 1 0 0.00 0.0 0 M M M M M M M M
27 68 51 60 5 5 0 0.00 0.0 0 M M M M M M M M
28 62 44 53 -2 12 0 0.01 0.0 0 M M M M M M M M
29 67 38 53 -3 12 0 0.00 0.0 0 M M M M M M M M
30 78 43 61 5 4 0 T M M M M M M M M M M
31 77 64 71 15 0 6 0.13 0.0 0 M M M M M M 3 M M
================================================================================
SM 1984 1381 344 19 4.21 0.0 M M M
================================================================================
AV 64.0 44.5 M FASTST M M M MAX(MPH)
MISC ----> M M M M
================================================================================
NOTES:
# LAST OF SEVERAL OCCURRENCES
COLUMN 17 PEAK WIND IN M.P.H.
PRELIMINARY LOCAL CLIMATOLOGICAL DATA (WS FORM: F-6) , PAGE 2
STATION: MEMPHIS/GERMANTOWN WFO
MONTH: MARCH
YEAR: 2023
LATITUDE: 35 7 N
LONGITUDE: 89 48 W
[TEMPERATURE DATA] [PRECIPITATION DATA] SYMBOLS USED IN COLUMN 16
AVERAGE MONTHLY: 54.3 TOTAL FOR MONTH: 4.21 1 = FOG OR MIST
DPTR FM NORMAL: 2.7 DPTR FM NORMAL: -1.53 2 = FOG REDUCING VISIBILITY
HIGHEST: 82 ON 26 GRTST 24HR 1.45 ON 24-24 TO 1/4 MILE OR LESS
LOWEST: 25 ON 20,19 3 = THUNDER
SNOW, ICE PELLETS, HAIL 4 = ICE PELLETS
TOTAL MONTH: 0.0 INCH 5 = HAIL
GRTST 24HR 0.0 6 = FREEZING RAIN OR DRIZZLE
GRTST DEPTH: 0 7 = DUSTSTORM OR SANDSTORM:
VSBY 1/2 MILE OR LESS
8 = SMOKE OR HAZE
[NO. OF DAYS WITH] [WEATHER - DAYS WITH] 9 = BLOWING SNOW
X = TORNADO
MAX 32 OR BELOW: 0 0.01 INCH OR MORE: 9
MAX 90 OR ABOVE: 0 0.10 INCH OR MORE: 8
MIN 32 OR BELOW: 5 0.50 INCH OR MORE: 3
MIN 0 OR BELOW: 0 1.00 INCH OR MORE: 2
[HDD (BASE 65) ]
TOTAL THIS MO. 344 CLEAR (SCALE 0-3) 0
DPTR FM NORMAL -83 PTCLDY (SCALE 4-7) 0
TOTAL FM JUL 1 2504 CLOUDY (SCALE 8-10) 31
DPTR FM NORMAL -627
[CDD (BASE 65) ]
TOTAL THIS MO. 19
DPTR FM NORMAL 7 [PRESSURE DATA]
TOTAL FM JAN 1 28 HIGHEST SLP M ON M
DPTR FM NORMAL 15 LOWEST SLP M ON M
[REMARKS]
#FINAL-03-23#