000
CXUS54 KJAN 012049
CF6MEI
PRELIMINARY LOCAL CLIMATOLOGICAL DATA (WS FORM: F-6)
STATION: MERIDIAN
MONTH: MARCH
YEAR: 2022
LATITUDE: 32 19 N
LONGITUDE: 88 45 W
TEMPERATURE IN F: :PCPN: SNOW: WIND :SUNSHINE: SKY :PK WND
================================================================================
1 2 3 4 5 6A 6B 7 8 9 10 11 12 13 14 15 16 17 18
12Z AVG MX 2MIN
DY MAX MIN AVG DEP HDD CDD WTR SNW DPTH SPD SPD DIR MIN PSBL S-S WX SPD DR
================================================================================
1 73 32 53 -2 12 0 0.00 0.0 0 1.1 8 300 M M 0 13 320
2 78 33 56 1 9 0 0.00 0.0 0 1.3 8 220 M M 0 12 170
3 81 37 59 3 6 0 0.00 0.0 0 1.5 9 330 M M 0 16 330
4 84 39 62 6 3 0 0.00 0.0 0 3.5 16 210 M M 0 8 23 220
5 82 48 65 9 0 0 0.00 0.0 0 8.9 23 170 M M 6 33 180
6 82 56 69 13 0 4 0.00 0.0 0 9.3 21 170 M M 5 1 31 180
7 82 49 66 10 0 1 0.06 0.0 0 10.5 30 310 M M 7 43 220
8 53 47 50 -7 15 0 0.33 0.0 0 9.1 17 20 M M 10 138 21 20
9 57 44 51 -6 14 0 0.20 0.0 0 7.4 14 10 M M 7 13 20 340
10 72 40 56 -1 9 0 0.00 0.0 0 3.3 10 60 M M 1 17 20
11 77 38 58 0 7 0 0.13 0.0 0 5.2 28 350 M M 5 39 330
12 47 28 38 -20 27 0 0.14 T 0 14.2 28 360 M M 3 1 38 340
13 61 25 43 -15 22 0 0.00 0.0 0 2.8 12 200 M M 0 15 190
14 70 31 51 -7 14 0 0.00 0.0 0 4.5 17 180 M M 3 8 30 170
15 65 52 59 1 6 0 1.15 0.0 0 5.5 14 320 M M 10 1 24 100
16 68 50 59 0 6 0 0.00 0.0 0 4.4 10 190 M M 9 15 280
17 76 43 60 1 5 0 0.00 0.0 0 5.1 16 170 M M 4 12 26 170
18 83 53 68 9 0 3 1.17 0.0 0 9.1 23 290 M M 5 13 31 300
19 66 41 54 -5 11 0 0.00 0.0 0 4.9 17 320 M M 0 23 320
20 78 36 57 -3 8 0 0.00 0.0 0 1.5 12 60 M M 0 17 40
21 79 41 60 0 5 0 0.00 0.0 0 9.0 20 140 M M 0 18 31 160
22 77 60 69 9 0 4 2.94 0.0 0 9.4 32 160 M M 10 13 49 150
23 66 46 56 -4 9 0 0.00 0.0 0 7.4 20 230 M M 4 29 250
24 71 41 56 -4 9 0 0.00 0.0 0 4.4 20 220 M M 4 128 27 240
25 72 40 56 -5 9 0 0.00 0.0 0 6.5 20 320 M M 0 28 310
26 73 43 58 -3 7 0 0.00 0.0 0 4.7 20 270 M M 0 27 280
27 81 41 61 0 4 0 0.00 0.0 0 3.3 17 40 M M 0 21 40
28 81 44 63 2 2 0 0.00 0.0 0 5.3 17 250 M M 0 25 210
29 83 60 72 11 0 7 0.00 0.0 0 12.3 24 180 M M 3 35 180
30 83 58 71 9 0 6 1.39 0.0 0 16.6 35 170 M M 7 13 47 180
31 70 46 58 -4 7 0 0.00 0.0 0 6.0 15 270 M M 2 23 300
================================================================================
SM 2271 1342 226 25 7.51 T 198.0 M 105
================================================================================
AV 73.3 43.3 6.4 FASTST M M 3 MAX(MPH)
MISC ----> 35 170 49 150
================================================================================
NOTES:
# LAST OF SEVERAL OCCURRENCES
COLUMN 17 PEAK WIND IN M.P.H.
PRELIMINARY LOCAL CLIMATOLOGICAL DATA (WS FORM: F-6) , PAGE 2
STATION: MERIDIAN
MONTH: MARCH
YEAR: 2022
LATITUDE: 32 19 N
LONGITUDE: 88 45 W
[TEMPERATURE DATA] [PRECIPITATION DATA] SYMBOLS USED IN COLUMN 16
AVERAGE MONTHLY: 58.3 TOTAL FOR MONTH: 7.51 1 = FOG OR MIST
DPTR FM NORMAL: -0.2 DPTR FM NORMAL: 1.85 2 = FOG REDUCING VISIBILITY
HIGHEST: 84 ON 4 GRTST 24HR 2.94 ON 22-22 TO 1/4 MILE OR LESS
LOWEST: 25 ON 13 3 = THUNDER
SNOW, ICE PELLETS, HAIL 4 = ICE PELLETS
TOTAL MONTH: T 5 = HAIL
GRTST 24HR T ON 12-12 6 = FREEZING RAIN OR DRIZZLE
GRTST DEPTH: 0 7 = DUSTSTORM OR SANDSTORM:
VSBY 1/2 MILE OR LESS
8 = SMOKE OR HAZE
[NO. OF DAYS WITH] [WEATHER - DAYS WITH] 9 = BLOWING SNOW
X = TORNADO
MAX 32 OR BELOW: 0 0.01 INCH OR MORE: 9
MAX 90 OR ABOVE: 0 0.10 INCH OR MORE: 8
MIN 32 OR BELOW: 4 0.50 INCH OR MORE: 4
MIN 0 OR BELOW: 0 1.00 INCH OR MORE: 4
[HDD (BASE 65) ]
TOTAL THIS MO. 226 CLEAR (SCALE 0-3) 17
DPTR FM NORMAL -11 PTCLDY (SCALE 4-7) 10
TOTAL FM JUL 1 1802 CLOUDY (SCALE 8-10) 4
DPTR FM NORMAL -218
[CDD (BASE 65) ]
TOTAL THIS MO. 25
DPTR FM NORMAL -12 [PRESSURE DATA]
TOTAL FM JAN 1 54 HIGHEST SLP 30.49 ON 13
DPTR FM NORMAL 1 LOWEST SLP 29.53 ON 30
[REMARKS]
#FINAL-03-22#