000
CXUS54 KMEG 011000
CF6MEM
PRELIMINARY LOCAL CLIMATOLOGICAL DATA (WS FORM: F-6)
STATION: MEMPHIS
MONTH: NOVEMBER
YEAR: 2023
LATITUDE: 35 3 N
LONGITUDE: 89 59 W
TEMPERATURE IN F: :PCPN: SNOW: WIND :SUNSHINE: SKY :PK WND
================================================================================
1 2 3 4 5 6A 6B 7 8 9 10 11 12 13 14 15 16 17 18
12Z AVG MX 2MIN
DY MAX MIN AVG DEP HDD CDD WTR SNW DPTH SPD SPD DIR MIN PSBL S-S WX SPD DR
================================================================================
1 53 30 42 -16 23 0 0.00 0.0 0 3.9 13 50 M M 0 8 17 10
2 62 33 48 -10 17 0 0.00 0.0 0 4.6 13 180 M M 1 19 260
3 69 39 54 -3 11 0 0.00 0.0 0 7.6 18 190 M M 0 M M
4 75 45 60 3 5 0 0.00 0.0 0 3.9 12 240 M M 2 19 230
5 79 48 64 8 1 0 0.00 0.0 0 2.3 8 200 M M 2 12 210
6 81 54 68 12 0 3 0.00 0.0 0 8.3 20 210 M M 4 33 200
7 83 64 74 18 0 9 0.00 0.0 0 9.0 17 190 M M 4 28 180
8 84 65 75 20 0 10 0.00 0.0 0 11.5 26 200 M M 1 40 210
9 71 50 61 6 4 0 0.90 0.0 0 9.2 18 20 M M 9 1 25 60
10 65 48 57 3 8 0 0.04 0.0 0 9.8 20 40 M M 8 25 50
11 67 47 57 3 8 0 0.00 0.0 0 9.1 16 50 M M 4 21 60
12 71 46 59 5 6 0 0.00 0.0 0 4.1 12 30 M M 7 14 20
13 71 43 57 4 8 0 0.00 0.0 0 3.7 13 40 M M 8 19 60
14 70 53 62 9 3 0 0.00 0.0 0 5.1 13 80 M M 8 22 80
15 67 57 62 9 3 0 T 0.0 0 7.8 13 120 M M 9 8 19 130
16 71 54 63 11 2 0 T 0.0 0 5.8 12 180 M M 6 8 27 260
17 66 57 62 10 3 0 0.02 0.0 0 3.9 12 20 M M 9 1 17 260
18 63 43 53 1 12 0 0.00 0.0 0 6.2 16 30 M M 1 20 30
19 67 38 53 2 12 0 T 0.0 0 3.2 12 100 M M 3 15 100
20 63 52 58 7 7 0 1.54 0.0 0 7.1 18 340 M M 9 13 26 340
21 56 47 52 1 13 0 T 0.0 0 8.7 16 320 M M 10 1 23 350
22 53 39 46 -4 19 0 0.00 0.0 0 5.6 12 10 M M 5 15 330
23 59 35 47 -3 18 0 0.00 0.0 0 3.2 12 200 M M 3 23 250
24 61 44 53 3 12 0 0.00 0.0 0 6.2 15 350 M M 7 19 330
25 58 37 48 -2 17 0 0.00 0.0 0 4.7 9 40 M M 3 20 80
26 55 34 45 -4 20 0 0.05 0.0 0 7.1 21 300 M M 7 1 28 310
27 49 29 39 -10 26 0 0.00 0.0 0 5.0 15 310 M M 1 22 310
28 51 32 42 -7 23 0 0.00 0.0 0 4.8 14 290 M M 1 19 310
29 63 33 48 0 17 0 0.00 0.0 0 8.7 18 250 M M 3 29 260
30 58 41 50 2 15 0 0.47 0.0 0 9.4 20 190 M M 7 1 28 230
================================================================================
SM 1961 1337 313 22 3.02 0.0 189.5 M 142
================================================================================
AV 65.4 44.6 6.3 FASTST M M 5 MAX(MPH)
MISC ----> 26 200 40 210
================================================================================
NOTES:
# LAST OF SEVERAL OCCURRENCES
COLUMN 17 PEAK WIND IN M.P.H.
PRELIMINARY LOCAL CLIMATOLOGICAL DATA (WS FORM: F-6) , PAGE 2
STATION: MEMPHIS
MONTH: NOVEMBER
YEAR: 2023
LATITUDE: 35 3 N
LONGITUDE: 89 59 W
[TEMPERATURE DATA] [PRECIPITATION DATA] SYMBOLS USED IN COLUMN 16
AVERAGE MONTHLY: 55.0 TOTAL FOR MONTH: 3.02 1 = FOG OR MIST
DPTR FM NORMAL: 2.3 DPTR FM NORMAL: -1.67 2 = FOG REDUCING VISIBILITY
HIGHEST: 84 ON 8 GRTST 24HR 1.54 ON 19-20 TO 1/4 MILE OR LESS
LOWEST: 29 ON 27 3 = THUNDER
SNOW, ICE PELLETS, HAIL 4 = ICE PELLETS
TOTAL MONTH: 0.0 INCH 5 = HAIL
GRTST 24HR 0.0 6 = FREEZING RAIN OR DRIZZLE
GRTST DEPTH: 0 7 = DUSTSTORM OR SANDSTORM:
VSBY 1/2 MILE OR LESS
8 = SMOKE OR HAZE
[NO. OF DAYS WITH] [WEATHER - DAYS WITH] 9 = BLOWING SNOW
X = TORNADO
MAX 32 OR BELOW: 0 0.01 INCH OR MORE: 6
MAX 90 OR ABOVE: 0 0.10 INCH OR MORE: 3
MIN 32 OR BELOW: 3 0.50 INCH OR MORE: 2
MIN 0 OR BELOW: 0 1.00 INCH OR MORE: 1
[HDD (BASE 65) ]
TOTAL THIS MO. 313 CLEAR (SCALE 0-3) 10
DPTR FM NORMAL -66 PTCLDY (SCALE 4-7) 14
TOTAL FM JUL 1 401 CLOUDY (SCALE 8-10) 6
DPTR FM NORMAL -101
[CDD (BASE 65) ]
TOTAL THIS MO. 22
DPTR FM NORMAL 10 [PRESSURE DATA]
TOTAL FM JAN 1 2426 HIGHEST SLP 30.52 ON 1
DPTR FM NORMAL 115 LOWEST SLP 29.78 ON 20
[REMARKS]
#FINAL-11-23#