000
CXUS54 KLZK 011230
CF6MEZ
PRELIMINARY LOCAL CLIMATOLOGICAL DATA (WS FORM: F-6)
STATION: MENA AIRPORT
MONTH: JUNE
YEAR: 2023
LATITUDE: 34 9 N
LONGITUDE: 94 15 W
TEMPERATURE IN F: :PCPN: SNOW: WIND :SUNSHINE: SKY :PK WND
================================================================================
1 2 3 4 5 6A 6B 7 8 9 10 11 12 13 14 15 16 17 18
12Z AVG MX 2MIN
DY MAX MIN AVG DEP HDD CDD WTR SNW DPTH SPD SPD DIR MIN PSBL S-S WX SPD DR
================================================================================
1 87 57 72 1 0 7 0.00 M M 1.9 8 110 M M 0 1 M M
2 87 58 73 2 0 8 0.00 M M 1.6 7 100 M M 0 1 M M
3 83 61 72 0 0 7 0.01 M M 1.7 9 260 M M 0 13 M M
4 85 58 72 0 0 7 0.00 M M 2.4 8 100 M M 1 1 M M
5 87 60 74 2 0 9 0.07 M M 1.9 9 50 M M 1 1 M M
6 87 59 73 1 0 8 0.00 M M 1.7 8 90 M M 1 1 24 0
7 87 60 74 2 0 9 0.00 M M 2.0 7 60 M M 0 1 M M
8 90 60 75 2 0 10 0.00 M M 1.9 6 50 M M 1 M M
9 88 63 76 3 0 11 T M M 3.2 10 260 M M 1 18 M M
10 73 62 68 -5 0 3 0.01 M M 2.0 7 250 M M 1 1 20 310
11 90 60 75 1 0 10 0.00 M M 6.2 12 270 M M 0 17 270
12 70 61 66 -8 0 1 0.04 M M 3.3 7 10 M M 3 18 M M
13 78 61 70 -4 0 5 0.12 M M 2.2 6 99 M M 4 1 M M
14 85 66 76 2 0 11 T M M 2.3 6 100 M M 4 3 M M
15 89 62 76 2 0 11 T M M 2.8 10 300 M M 1 1 31 M
16 79 65 72 -3 0 7 0.07 M M 4.0 17 270 M M 2 1 31 300
17 87 62 75 0 0 10 0.05 M M 2.4 12 90 M M 1 12 M M
18 80 64 72 -3 0 7 0.02 M M 5.1 12 360 M M 2 13 30 330
19 89 58 74 -1 0 9 0.00 M M 1.1 6 310 M M 1 M M
20 90 67 79 3 0 14 0.00 M M 2.8 8 80 M M 1 M M
21 86 63 75 -1 0 10 0.00 M M 3.0 10 80 M M 1 1 M M
22 87 66 77 1 0 12 T M M 2.4 7 99 M M 0 1 M M
23 87 63 75 -1 0 10 0.12 M M 2.1 7 290 M M 1 1 45 M
24 90 63 77 1 0 12 0.00 M M 2.4 6 99 M M 0 1 M M
25 91 73 82 6 0 17 0.00 M M 2.5 7 260 M M 0 M M
26 87 72 80 3 0 15 T M M 1.7 6 100 M M 2 8 M M
27 86 72 79 2 0 14 0.15 M M 4.0 14 100 M M 2 1 18 350
28 93 69 81 4 0 16 0.00 M M 2.2 7 99 M M 0 1 M M
29 95 75 85 8 0 20 0.00 M M 3.7 10 280 M M 0 17 260
30 94 75 85 8 0 20 0.00 M M 2.9 9 250 M M 0 M M
================================================================================
SM 2587 1915 0 310 0.66 M 79.4 M 31
================================================================================
AV 86.2 63.8 2.6 FASTST M M 1 MAX(MPH)
MISC ----> 17 270 45 9999
================================================================================
NOTES:
# LAST OF SEVERAL OCCURRENCES
COLUMN 17 PEAK WIND IN M.P.H.
PRELIMINARY LOCAL CLIMATOLOGICAL DATA (WS FORM: F-6) , PAGE 2
STATION: MENA AIRPORT
MONTH: JUNE
YEAR: 2023
LATITUDE: 34 9 N
LONGITUDE: 94 15 W
[TEMPERATURE DATA] [PRECIPITATION DATA] SYMBOLS USED IN COLUMN 16
AVERAGE MONTHLY: 75.0 TOTAL FOR MONTH: 0.66 1 = FOG OR MIST
DPTR FM NORMAL: 0.6 DPTR FM NORMAL: -4.10 2 = FOG REDUCING VISIBILITY
HIGHEST: 95 ON 29 GRTST 24HR 0.15 ON 27-27 TO 1/4 MILE OR LESS
LOWEST: 57 ON 1 3 = THUNDER
SNOW, ICE PELLETS, HAIL 4 = ICE PELLETS
TOTAL MONTH: M 5 = HAIL
GRTST 24HR M ON M 6 = FREEZING RAIN OR DRIZZLE
GRTST DEPTH: M ON M 7 = DUSTSTORM OR SANDSTORM:
VSBY 1/2 MILE OR LESS
8 = SMOKE OR HAZE
[NO. OF DAYS WITH] [WEATHER - DAYS WITH] 9 = BLOWING SNOW
X = TORNADO
MAX 32 OR BELOW: 0 0.01 INCH OR MORE: 10
MAX 90 OR ABOVE: 8 0.10 INCH OR MORE: 3
MIN 32 OR BELOW: 0 0.50 INCH OR MORE: 0
MIN 0 OR BELOW: 0 1.00 INCH OR MORE: 0
[HDD (BASE 65) ]
TOTAL THIS MO. 0 CLEAR (SCALE 0-3) 27
DPTR FM NORMAL -4 PTCLDY (SCALE 4-7) 3
TOTAL FM JUL 1 3142 CLOUDY (SCALE 8-10) 0
DPTR FM NORMAL -490
[CDD (BASE 65) ]
TOTAL THIS MO. 310
DPTR FM NORMAL 25 [PRESSURE DATA]
TOTAL FM JAN 1 481 HIGHEST SLP M ON M
DPTR FM NORMAL 50 LOWEST SLP M ON M
[REMARKS]
#FINAL-06-23#